-- Table structure for table `categories`
--

CREATE TABLE `categories` (
  `id` int NOT NULL AUTO_INCREMENT,
  `parent` int NOT NULL,
  `active` enum('0','1') NOT NULL DEFAULT '1',
  `server_management_cost` decimal(10,2) DEFAULT NULL,
  `type` varchar(50) CHARACTER SET utf8mb3 COLLATE utf8mb3_general_ci NOT NULL,
  `date_added` datetime NOT NULL,
  PRIMARY KEY (`id`)
) ENGINE=MyISAM AUTO_INCREMENT=48 DEFAULT CHARSET=latin1;

--
-- Dumping data for table `categories`
--

INSERT INTO `categories` VALUES (17,0,'1',NULL,'project','2014-11-26 16:07:12'),(15,0,'1',NULL,'project','2014-11-26 16:05:59'),(16,0,'1',NULL,'project','2014-11-26 16:06:39'),(18,0,'1',NULL,'posts','2015-02-02 15:38:16'),(19,0,'1',NULL,'posts','2015-02-02 15:47:00'),(20,0,'1',NULL,'posts','2015-02-04 13:59:39'),(32,0,'1',0.00,'hosting','2015-03-01 13:08:55'),(33,0,'1',0.00,'hosting','2015-03-01 13:10:13'),(34,0,'1',NULL,'project','2016-04-13 06:26:25'),(35,0,'1',35.00,'hosting','2018-12-23 07:26:17'),(36,0,'1',NULL,'products','2019-11-21 05:41:42'),(37,0,'1',NULL,'operating_systems','2021-01-26 06:23:05'),(38,0,'1',NULL,'operating_systems','2021-01-26 06:23:37'),(40,0,'1',NULL,'control_panels','2021-01-26 06:26:06'),(41,0,'1',NULL,'control_panels','2021-01-26 06:26:28'),(42,0,'1',NULL,'products','2022-08-18 03:55:25'),(43,0,'1',NULL,'products','2022-11-22 01:52:58'),(44,0,'1',0.00,'hosting','2024-05-27 16:54:36'),(46,0,'1',NULL,'products','2025-02-03 12:08:17'),(47,0,'1',NULL,'products','2025-02-04 11:01:17');

--
-- Table structure for table `categories_groups`
--

CREATE TABLE `categories_groups` (
  `id` int NOT NULL AUTO_INCREMENT,
  `cat_id` int NOT NULL,
  `name` varchar(250) CHARACTER SET utf8mb3 COLLATE utf8mb3_general_ci NOT NULL,
  `desc` varchar(250) CHARACTER SET utf8mb3 COLLATE utf8mb3_general_ci NOT NULL,
  `file` varchar(150) CHARACTER SET utf8mb3 COLLATE utf8mb3_general_ci NOT NULL,
  `language` varchar(150) NOT NULL,
  PRIMARY KEY (`id`)
) ENGINE=MyISAM AUTO_INCREMENT=96 DEFAULT CHARSET=latin1;

--
-- Dumping data for table `categories_groups`
--

INSERT INTO `categories_groups` VALUES (36,18,'rtrt','rtrtr','9323657d4f.jpg','english'),(37,19,'fghfdh','ddgd','6a60096b42.jpg','arabic'),(38,19,'gfhdggf','hgfhgfhgf','70626b2c3d.jpg','english'),(34,17,'SEO Management','','ea692afdd9.jpg','english'),(35,18,'rtrtrtrt','rtrtrtr','511a839482.jpg','arabic'),(29,15,'Web Design','','d7ac4a9cc0.jpg','arabic'),(30,15,'Web Design','','c3fabe2694.jpg','english'),(31,16,'مواقع إلكترونية','','6d3640c7ce.jpg','arabic'),(32,16,'Web Development','','14eb1572d9.jpg','english'),(33,17,'SEO Management','','74e9cdf75f.jpg','arabic'),(39,20,'تجربة','تجربة','0833a53c9b.jpg','arabic'),(40,20,'test','test','de66b6befd.jpg','english'),(41,20,'te','te','d95563111c.jpg','test'),(67,33,'Linux Shared hosting','','','english'),(64,32,'السيرفرات الخاصة','','','arabic'),(65,32,'Dedicated server','','','english'),(66,33,'إستضافة مشتركة لينكس','','','arabic'),(68,34,'تطبيقات جوال','','','arabic'),(69,34,'Mobile Applications','','','english'),(70,35,'السيرفرات الكلاود','','','arabic'),(71,35,'Cloud servers','','','english'),(72,36,'الاعلانات الممولة على الفيسبوك','الاعلانات الممولة على الفيسبوك','','arabic'),(73,36,'facebook ads','facebook ads','','english'),(74,37,'مع لوحة تحكم','مع لوحة تحكم','','arabic'),(75,37,'With Control Panel','With Control Panel','','english'),(76,38,'بدون لوحة تحكم','بدون لوحة تحكم','','arabic'),(77,38,'No Control Panel','No Control Panel','','english'),(80,40,'cPanel','cPanel','','arabic'),(81,40,'cPanel','cPanel','','english'),(82,41,'Plesk','Plesk','','arabic'),(83,41,'Plesk','Plesk','','english'),(84,42,'خدمات عامة','خدمات عامة','','arabic'),(85,42,'services','services','','english'),(86,43,'ايميل شركتك','','','arabic'),(87,43,'company email ','','','english'),(88,44,'ASP استضافة مشتركة','ASP استضافة مشتركة','','arabic'),(89,44,'ASP Shared Hosting','ASP Hosting','','english'),(92,46,'aawwee','','','arabic'),(93,46,'aawwee','','','english'),(94,47,'aawwee','','','arabic'),(95,47,'aawwee','','','english');

--
-- Table structure for table `control_panels`
--

CREATE TABLE `control_panels` (
  `id` int NOT NULL AUTO_INCREMENT,
  `price` decimal(10,2) NOT NULL,
  `cat_id` int NOT NULL,
  `hosting_cat_id` int NOT NULL,
  `active` enum('0','1') CHARACTER SET utf8mb3 COLLATE utf8mb3_general_ci NOT NULL,
  `sort` int NOT NULL,
  `date_added` timestamp NOT NULL DEFAULT CURRENT_TIMESTAMP ON UPDATE CURRENT_TIMESTAMP,
  PRIMARY KEY (`id`),
  UNIQUE KEY `id` (`id`)
) ENGINE=MyISAM AUTO_INCREMENT=9 DEFAULT CHARSET=latin1;

--
-- Dumping data for table `control_panels`
--

INSERT INTO `control_panels` VALUES (2,30.00,40,32,'1',0,'2021-07-07 08:33:53'),(3,14.00,40,35,'1',0,'2021-07-07 08:34:39'),(4,45.00,41,32,'1',0,'2021-07-07 08:33:44'),(5,25.00,41,35,'1',0,'2021-07-07 08:34:30'),(7,10.00,41,35,'1',0,'2021-07-07 08:34:21'),(8,10.00,41,32,'1',0,'2021-07-07 08:33:31');

--
-- Table structure for table `control_panels_groups`
--

CREATE TABLE `control_panels_groups` (
  `id` int NOT NULL AUTO_INCREMENT,
  `control_panel_id` int NOT NULL,
  `name` varchar(250) CHARACTER SET utf8mb3 COLLATE utf8mb3_general_ci NOT NULL,
  `description` varchar(500) CHARACTER SET utf8mb3 COLLATE utf8mb3_general_ci NOT NULL,
  `file` varchar(50) CHARACTER SET utf8mb3 COLLATE utf8mb3_general_ci NOT NULL,
  `language` varchar(100) CHARACTER SET utf8mb3 COLLATE utf8mb3_general_ci NOT NULL,
  PRIMARY KEY (`id`)
) ENGINE=MyISAM AUTO_INCREMENT=75 DEFAULT CHARSET=latin1;

--
-- Dumping data for table `control_panels_groups`
--

INSERT INTO `control_panels_groups` VALUES (68,2,'cPanel/WHM for Dedicated Server','<p>Unlimited Accounts</p>\r\n','b137762d31.png','english'),(67,2,'cPanel/WHM for Dedicated Server','<p>Unlimited Accounts</p>\r\n','9ddf45452f.png','arabic'),(74,3,'cPanel/WHM for VPS','<p>Unlimited Accounts</p>\r\n','115f9a047a.png','english'),(73,3,'cPanel/WHM for VPS','<p>Unlimited Accounts</p>\r\n','2cd786d3d2.png','arabic'),(66,4,'Plesk Web Host for Dedicated Server','<p>Web Host Edition</p>\r\n','13e87e95c8.jpg','english'),(72,5,'Plesk Web Host for VPS','<p>Web Host Edition</p>\r\n','cb2d9541cf.jpg','english'),(71,5,'Plesk Web Host for VPS','<p>Web Host Edition</p>\r\n','f30d7e08b1.jpg','arabic'),(65,4,'Plesk Web Host for Dedicated Server','<p>Web Host Edition</p>\r\n','6084a7adb6.jpg','arabic'),(70,7,'Plesk Web Admin for VPS','<p>Web Admin&nbsp;</p>\r\n','1947325bad.jpg','english'),(69,7,'Plesk Web Admin for VPS','<p>Web Admin&nbsp;</p>\r\n','54e632fc0e.jpg','arabic'),(64,8,'Plesk Web Admin for Dedicated Server ','<p>Web Admin&nbsp;</p>\r\n','39a4577740.jpg','english'),(63,8,'Plesk Web Admin for Dedicated Server ','<p>Web Admin&nbsp;</p>\r\n','3f8eb8047d.jpg','arabic');

--
-- Table structure for table `countries`
--

CREATE TABLE `countries` (
  `country_id` int NOT NULL AUTO_INCREMENT,
  `iso2` char(2) NOT NULL,
  `name_en` varchar(80) NOT NULL,
  `nicename` varchar(80) NOT NULL,
  `iso3` char(3) DEFAULT NULL,
  `numcode` smallint DEFAULT NULL,
  `phonecode` int NOT NULL,
  PRIMARY KEY (`country_id`)
) ENGINE=MyISAM AUTO_INCREMENT=240 DEFAULT CHARSET=latin1;

--
-- Dumping data for table `countries`
--

INSERT INTO `countries` VALUES (1,'AF','AFGHANISTAN','Afghanistan','AFG',4,93),(2,'AL','ALBANIA','Albania','ALB',8,355),(3,'DZ','ALGERIA','Algeria','DZA',12,213),(4,'AS','AMERICAN SAMOA','American Samoa','ASM',16,1684),(5,'AD','ANDORRA','Andorra','AND',20,376),(6,'AO','ANGOLA','Angola','AGO',24,244),(7,'AI','ANGUILLA','Anguilla','AIA',660,1264),(8,'AQ','ANTARCTICA','Antarctica',NULL,NULL,0),(9,'AG','ANTIGUA AND BARBUDA','Antigua and Barbuda','ATG',28,1268),(10,'AR','ARGENTINA','Argentina','ARG',32,54),(11,'AM','ARMENIA','Armenia','ARM',51,374),(12,'AW','ARUBA','Aruba','ABW',533,297),(13,'AU','AUSTRALIA','Australia','AUS',36,61),(14,'AT','AUSTRIA','Austria','AUT',40,43),(15,'AZ','AZERBAIJAN','Azerbaijan','AZE',31,994),(16,'BS','BAHAMAS','Bahamas','BHS',44,1242),(17,'BH','BAHRAIN','Bahrain','BHR',48,973),(18,'BD','BANGLADESH','Bangladesh','BGD',50,880),(19,'BB','BARBADOS','Barbados','BRB',52,1246),(20,'BY','BELARUS','Belarus','BLR',112,375),(21,'BE','BELGIUM','Belgium','BEL',56,32),(22,'BZ','BELIZE','Belize','BLZ',84,501),(23,'BJ','BENIN','Benin','BEN',204,229),(24,'BM','BERMUDA','Bermuda','BMU',60,1441),(25,'BT','BHUTAN','Bhutan','BTN',64,975),(26,'BO','BOLIVIA','Bolivia','BOL',68,591),(27,'BA','BOSNIA AND HERZEGOVINA','Bosnia and Herzegovina','BIH',70,387),(28,'BW','BOTSWANA','Botswana','BWA',72,267),(29,'BV','BOUVET ISLAND','Bouvet Island',NULL,NULL,0),(30,'BR','BRAZIL','Brazil','BRA',76,55),(31,'IO','BRITISH INDIAN OCEAN TERRITORY','British Indian Ocean Territory',NULL,NULL,246),(32,'BN','BRUNEI DARUSSALAM','Brunei Darussalam','BRN',96,673),(33,'BG','BULGARIA','Bulgaria','BGR',100,359),(34,'BF','BURKINA FASO','Burkina Faso','BFA',854,226),(35,'BI','BURUNDI','Burundi','BDI',108,257),(36,'KH','CAMBODIA','Cambodia','KHM',116,855),(37,'CM','CAMEROON','Cameroon','CMR',120,237),(38,'CA','CANADA','Canada','CAN',124,1),(39,'CV','CAPE VERDE','Cape Verde','CPV',132,238),(40,'KY','CAYMAN ISLANDS','Cayman Islands','CYM',136,1345),(41,'CF','CENTRAL AFRICAN REPUBLIC','Central African Republic','CAF',140,236),(42,'TD','CHAD','Chad','TCD',148,235),(43,'CL','CHILE','Chile','CHL',152,56),(44,'CN','CHINA','China','CHN',156,86),(45,'CX','CHRISTMAS ISLAND','Christmas Island',NULL,NULL,61),(46,'CC','COCOS (KEELING) ISLANDS','Cocos (Keeling) Islands',NULL,NULL,672),(47,'CO','COLOMBIA','Colombia','COL',170,57),(48,'KM','COMOROS','Comoros','COM',174,269),(49,'CG','CONGO','Congo','COG',178,242),(50,'CD','CONGO, THE DEMOCRATIC REPUBLIC OF THE','Congo, the Democratic Republic of the','COD',180,242),(51,'CK','COOK ISLANDS','Cook Islands','COK',184,682),(52,'CR','COSTA RICA','Costa Rica','CRI',188,506),(53,'CI','COTE D\'IVOIRE','Cote D\'Ivoire','CIV',384,225),(54,'HR','CROATIA','Croatia','HRV',191,385),(55,'CU','CUBA','Cuba','CUB',192,53),(56,'CY','CYPRUS','Cyprus','CYP',196,357),(57,'CZ','CZECH REPUBLIC','Czech Republic','CZE',203,420),(58,'DK','DENMARK','Denmark','DNK',208,45),(59,'DJ','DJIBOUTI','Djibouti','DJI',262,253),(60,'DM','DOMINICA','Dominica','DMA',212,1767),(61,'DO','DOMINICAN REPUBLIC','Dominican Republic','DOM',214,1809),(62,'EC','ECUADOR','Ecuador','ECU',218,593),(63,'EG','EGYPT','Egypt','EGY',818,20),(64,'SV','EL SALVADOR','El Salvador','SLV',222,503),(65,'GQ','EQUATORIAL GUINEA','Equatorial Guinea','GNQ',226,240),(66,'ER','ERITREA','Eritrea','ERI',232,291),(67,'EE','ESTONIA','Estonia','EST',233,372),(68,'ET','ETHIOPIA','Ethiopia','ETH',231,251),(69,'FK','FALKLAND ISLANDS (MALVINAS)','Falkland Islands (Malvinas)','FLK',238,500),(70,'FO','FAROE ISLANDS','Faroe Islands','FRO',234,298),(71,'FJ','FIJI','Fiji','FJI',242,679),(72,'FI','FINLAND','Finland','FIN',246,358),(73,'FR','FRANCE','France','FRA',250,33),(74,'GF','FRENCH GUIANA','French Guiana','GUF',254,594),(75,'PF','FRENCH POLYNESIA','French Polynesia','PYF',258,689),(76,'TF','FRENCH SOUTHERN TERRITORIES','French Southern Territories',NULL,NULL,0),(77,'GA','GABON','Gabon','GAB',266,241),(78,'GM','GAMBIA','Gambia','GMB',270,220),(79,'GE','GEORGIA','Georgia','GEO',268,995),(80,'DE','GERMANY','Germany','DEU',276,49),(81,'GH','GHANA','Ghana','GHA',288,233),(82,'GI','GIBRALTAR','Gibraltar','GIB',292,350),(83,'GR','GREECE','Greece','GRC',300,30),(84,'GL','GREENLAND','Greenland','GRL',304,299),(85,'GD','GRENADA','Grenada','GRD',308,1473),(86,'GP','GUADELOUPE','Guadeloupe','GLP',312,590),(87,'GU','GUAM','Guam','GUM',316,1671),(88,'GT','GUATEMALA','Guatemala','GTM',320,502),(89,'GN','GUINEA','Guinea','GIN',324,224),(90,'GW','GUINEA-BISSAU','Guinea-Bissau','GNB',624,245),(91,'GY','GUYANA','Guyana','GUY',328,592),(92,'HT','HAITI','Haiti','HTI',332,509),(93,'HM','HEARD ISLAND AND MCDONALD ISLANDS','Heard Island and Mcdonald Islands',NULL,NULL,0),(94,'VA','HOLY SEE (VATICAN CITY STATE)','Holy See (Vatican City State)','VAT',336,39),(95,'HN','HONDURAS','Honduras','HND',340,504),(96,'HK','HONG KONG','Hong Kong','HKG',344,852),(97,'HU','HUNGARY','Hungary','HUN',348,36),(98,'IS','ICELAND','Iceland','ISL',352,354),(99,'IN','INDIA','India','IND',356,91),(100,'ID','INDONESIA','Indonesia','IDN',360,62),(101,'IR','IRAN, ISLAMIC REPUBLIC OF','Iran, Islamic Republic of','IRN',364,98),(102,'IQ','IRAQ','Iraq','IRQ',368,964),(103,'IE','IRELAND','Ireland','IRL',372,353),(104,'IL','ISRAEL','Israel','ISR',376,972),(105,'IT','ITALY','Italy','ITA',380,39),(106,'JM','JAMAICA','Jamaica','JAM',388,1876),(107,'JP','JAPAN','Japan','JPN',392,81),(108,'JO','JORDAN','Jordan','JOR',400,962),(109,'KZ','KAZAKHSTAN','Kazakhstan','KAZ',398,7),(110,'KE','KENYA','Kenya','KEN',404,254),(111,'KI','KIRIBATI','Kiribati','KIR',296,686),(112,'KP','KOREA, DEMOCRATIC PEOPLE\'S REPUBLIC OF','Korea, Democratic People\'s Republic of','PRK',408,850),(113,'KR','KOREA, REPUBLIC OF','Korea, Republic of','KOR',410,82),(114,'KW','KUWAIT','Kuwait','KWT',414,965),(115,'KG','KYRGYZSTAN','Kyrgyzstan','KGZ',417,996),(116,'LA','LAO PEOPLE\'S DEMOCRATIC REPUBLIC','Lao People\'s Democratic Republic','LAO',418,856),(117,'LV','LATVIA','Latvia','LVA',428,371),(118,'LB','LEBANON','Lebanon','LBN',422,961),(119,'LS','LESOTHO','Lesotho','LSO',426,266),(120,'LR','LIBERIA','Liberia','LBR',430,231),(121,'LY','LIBYAN ARAB JAMAHIRIYA','Libyan Arab Jamahiriya','LBY',434,218),(122,'LI','LIECHTENSTEIN','Liechtenstein','LIE',438,423),(123,'LT','LITHUANIA','Lithuania','LTU',440,370),(124,'LU','LUXEMBOURG','Luxembourg','LUX',442,352),(125,'MO','MACAO','Macao','MAC',446,853),(126,'MK','MACEDONIA, THE FORMER YUGOSLAV REPUBLIC OF','Macedonia, the Former Yugoslav Republic of','MKD',807,389),(127,'MG','MADAGASCAR','Madagascar','MDG',450,261),(128,'MW','MALAWI','Malawi','MWI',454,265),(129,'MY','MALAYSIA','Malaysia','MYS',458,60),(130,'MV','MALDIVES','Maldives','MDV',462,960),(131,'ML','MALI','Mali','MLI',466,223),(132,'MT','MALTA','Malta','MLT',470,356),(133,'MH','MARSHALL ISLANDS','Marshall Islands','MHL',584,692),(134,'MQ','MARTINIQUE','Martinique','MTQ',474,596),(135,'MR','MAURITANIA','Mauritania','MRT',478,222),(136,'MU','MAURITIUS','Mauritius','MUS',480,230),(137,'YT','MAYOTTE','Mayotte',NULL,NULL,269),(138,'MX','MEXICO','Mexico','MEX',484,52),(139,'FM','MICRONESIA, FEDERATED STATES OF','Micronesia, Federated States of','FSM',583,691),(140,'MD','MOLDOVA, REPUBLIC OF','Moldova, Republic of','MDA',498,373),(141,'MC','MONACO','Monaco','MCO',492,377),(142,'MN','MONGOLIA','Mongolia','MNG',496,976),(143,'MS','MONTSERRAT','Montserrat','MSR',500,1664),(144,'MA','MOROCCO','Morocco','MAR',504,212),(145,'MZ','MOZAMBIQUE','Mozambique','MOZ',508,258),(146,'MM','MYANMAR','Myanmar','MMR',104,95),(147,'NA','NAMIBIA','Namibia','NAM',516,264),(148,'NR','NAURU','Nauru','NRU',520,674),(149,'NP','NEPAL','Nepal','NPL',524,977),(150,'NL','NETHERLANDS','Netherlands','NLD',528,31),(151,'AN','NETHERLANDS ANTILLES','Netherlands Antilles','ANT',530,599),(152,'NC','NEW CALEDONIA','New Caledonia','NCL',540,687),(153,'NZ','NEW ZEALAND','New Zealand','NZL',554,64),(154,'NI','NICARAGUA','Nicaragua','NIC',558,505),(155,'NE','NIGER','Niger','NER',562,227),(156,'NG','NIGERIA','Nigeria','NGA',566,234),(157,'NU','NIUE','Niue','NIU',570,683),(158,'NF','NORFOLK ISLAND','Norfolk Island','NFK',574,672),(159,'MP','NORTHERN MARIANA ISLANDS','Northern Mariana Islands','MNP',580,1670),(160,'NO','NORWAY','Norway','NOR',578,47),(161,'OM','OMAN','Oman','OMN',512,968),(162,'PK','PAKISTAN','Pakistan','PAK',586,92),(163,'PW','PALAU','Palau','PLW',585,680),(165,'PA','PANAMA','Panama','PAN',591,507),(166,'PG','PAPUA NEW GUINEA','Papua New Guinea','PNG',598,675),(167,'PY','PARAGUAY','Paraguay','PRY',600,595),(168,'PE','PERU','Peru','PER',604,51),(169,'PH','PHILIPPINES','Philippines','PHL',608,63),(170,'PN','PITCAIRN','Pitcairn','PCN',612,0),(171,'PL','POLAND','Poland','POL',616,48),(172,'PT','PORTUGAL','Portugal','PRT',620,351),(173,'PR','PUERTO RICO','Puerto Rico','PRI',630,1787),(174,'QA','QATAR','Qatar','QAT',634,974),(175,'RE','REUNION','Reunion','REU',638,262),(176,'RO','ROMANIA','Romania','ROM',642,40),(177,'RU','RUSSIAN FEDERATION','Russian Federation','RUS',643,70),(178,'RW','RWANDA','Rwanda','RWA',646,250),(179,'SH','SAINT HELENA','Saint Helena','SHN',654,290),(180,'KN','SAINT KITTS AND NEVIS','Saint Kitts and Nevis','KNA',659,1869),(181,'LC','SAINT LUCIA','Saint Lucia','LCA',662,1758),(182,'PM','SAINT PIERRE AND MIQUELON','Saint Pierre and Miquelon','SPM',666,508),(183,'VC','SAINT VINCENT AND THE GRENADINES','Saint Vincent and the Grenadines','VCT',670,1784),(184,'WS','SAMOA','Samoa','WSM',882,684),(185,'SM','SAN MARINO','San Marino','SMR',674,378),(186,'ST','SAO TOME AND PRINCIPE','Sao Tome and Principe','STP',678,239),(187,'SA','SAUDI ARABIA','Saudi Arabia','SAU',682,966),(188,'SN','SENEGAL','Senegal','SEN',686,221),(189,'CS','SERBIA AND MONTENEGRO','Serbia and Montenegro',NULL,NULL,381),(190,'SC','SEYCHELLES','Seychelles','SYC',690,248),(191,'SL','SIERRA LEONE','Sierra Leone','SLE',694,232),(192,'SG','SINGAPORE','Singapore','SGP',702,65),(193,'SK','SLOVAKIA','Slovakia','SVK',703,421),(194,'SI','SLOVENIA','Slovenia','SVN',705,386),(195,'SB','SOLOMON ISLANDS','Solomon Islands','SLB',90,677),(196,'SO','SOMALIA','Somalia','SOM',706,252),(197,'ZA','SOUTH AFRICA','South Africa','ZAF',710,27),(198,'GS','SOUTH GEORGIA AND THE SOUTH SANDWICH ISLANDS','South Georgia and the South Sandwich Islands',NULL,NULL,0),(199,'ES','SPAIN','Spain','ESP',724,34),(200,'LK','SRI LANKA','Sri Lanka','LKA',144,94),(201,'SD','SUDAN','Sudan','SDN',736,249),(202,'SR','SURINAME','Suriname','SUR',740,597),(203,'SJ','SVALBARD AND JAN MAYEN','Svalbard and Jan Mayen','SJM',744,47),(204,'SZ','SWAZILAND','Swaziland','SWZ',748,268),(205,'SE','SWEDEN','Sweden','SWE',752,46),(206,'CH','SWITZERLAND','Switzerland','CHE',756,41),(207,'SY','SYRIAN ARAB REPUBLIC','Syrian Arab Republic','SYR',760,963),(208,'TW','TAIWAN, PROVINCE OF CHINA','Taiwan, Province of China','TWN',158,886),(209,'TJ','TAJIKISTAN','Tajikistan','TJK',762,992),(210,'TZ','TANZANIA, UNITED REPUBLIC OF','Tanzania, United Republic of','TZA',834,255),(211,'TH','THAILAND','Thailand','THA',764,66),(212,'TL','TIMOR-LESTE','Timor-Leste',NULL,NULL,670),(213,'TG','TOGO','Togo','TGO',768,228),(214,'TK','TOKELAU','Tokelau','TKL',772,690),(215,'TO','TONGA','Tonga','TON',776,676),(216,'TT','TRINIDAD AND TOBAGO','Trinidad and Tobago','TTO',780,1868),(217,'TN','TUNISIA','Tunisia','TUN',788,216),(218,'TR','TURKEY','Turkey','TUR',792,90),(219,'TM','TURKMENISTAN','Turkmenistan','TKM',795,7370),(220,'TC','TURKS AND CAICOS ISLANDS','Turks and Caicos Islands','TCA',796,1649),(221,'TV','TUVALU','Tuvalu','TUV',798,688),(222,'UG','UGANDA','Uganda','UGA',800,256),(223,'UA','UKRAINE','Ukraine','UKR',804,380),(224,'AE','UNITED ARAB EMIRATES','United Arab Emirates','ARE',784,971),(225,'GB','UNITED KINGDOM','United Kingdom','GBR',826,44),(226,'US','UNITED STATES','United States','USA',840,1),(227,'UM','UNITED STATES MINOR OUTLYING ISLANDS','United States Minor Outlying Islands',NULL,NULL,1),(228,'UY','URUGUAY','Uruguay','URY',858,598),(229,'UZ','UZBEKISTAN','Uzbekistan','UZB',860,998),(230,'VU','VANUATU','Vanuatu','VUT',548,678),(231,'VE','VENEZUELA','Venezuela','VEN',862,58),(232,'VN','VIET NAM','Viet Nam','VNM',704,84),(233,'VG','VIRGIN ISLANDS, BRITISH','Virgin Islands, British','VGB',92,1284),(234,'VI','VIRGIN ISLANDS, U.S.','Virgin Islands, U.s.','VIR',850,1340),(235,'WF','WALLIS AND FUTUNA','Wallis and Futuna','WLF',876,681),(236,'EH','WESTERN SAHARA','Western Sahara','ESH',732,212),(237,'YE','YEMEN','Yemen','YEM',887,967),(238,'ZM','ZAMBIA','Zambia','ZMB',894,260),(239,'ZW','ZIMBABWE','Zimbabwe','ZWE',716,263);

--
-- Table structure for table `currencies`
--

CREATE TABLE `currencies` (
  `id` int NOT NULL AUTO_INCREMENT,
  `currency_name` varchar(20) NOT NULL,
  `rates` double NOT NULL,
  `date_last_updated` date NOT NULL,
  PRIMARY KEY (`id`)
) ENGINE=InnoDB AUTO_INCREMENT=20 DEFAULT CHARSET=utf8mb3;

--
-- Dumping data for table `currencies`
--

INSERT INTO `currencies` VALUES (1,'USD',1,'2020-01-12'),(2,'SAR',3.751461,'2020-01-12'),(3,'AED',3.673204,'2020-01-12'),(4,'KWD',0.303504,'2020-01-12'),(5,'QAR',3.641038,'2020-01-12'),(6,'EGP',50,'2020-01-12'),(7,'SYP',515.000338,'2020-01-12'),(8,'ILS',3.46475,'2020-01-12'),(9,'JOD',0.70904,'2020-01-12'),(10,'BHD',0.377068,'2020-01-12'),(11,'OMR',0.385054,'2020-01-12'),(12,'YER',250.350364,'2020-01-12'),(13,'IQD',1190.9262,'2020-01-12'),(14,'DZD',119.55126,'2020-01-12'),(15,'TND',2.813038,'2020-01-12'),(16,'LYD',1.396043,'2020-01-12'),(17,'MAD',9.581295,'2020-01-12'),(18,'SDG',45.150372,'2020-01-12'),(19,'EUR',0.899281,'2020-01-12');

--
-- Table structure for table `domains`
--

CREATE TABLE `domains` (
  `id` int NOT NULL AUTO_INCREMENT,
  `tld_id` int DEFAULT NULL,
  `domain_name` varchar(255) CHARACTER SET utf8mb4 COLLATE utf8mb4_unicode_ci DEFAULT NULL,
  `order_id` int DEFAULT NULL,
  `user_id` int DEFAULT NULL,
  `registration_date` datetime DEFAULT NULL,
  `expiry_date` datetime DEFAULT NULL,
  `auto_renew` enum('0','1') NOT NULL DEFAULT '0',
  `status` enum('active','expired','transferred','cancelled') NOT NULL DEFAULT 'active',
  `date_added` datetime NOT NULL,
  PRIMARY KEY (`id`),
  KEY `domains_user_id_index` (`user_id`),
  KEY `domains_tld_id_index` (`tld_id`),
  KEY `domains_order_id_index` (`order_id`),
  KEY `domains_status_index` (`status`),
  KEY `domains_expiry_date_index` (`expiry_date`)
) ENGINE=MyISAM AUTO_INCREMENT=165 DEFAULT CHARSET=latin1;

--
-- Dumping data for table `domains`
--

INSERT INTO `domains` VALUES (44,NULL,'hdjshjkhfdgdfjgdfgdfgdfg.com',NULL,118,NULL,NULL,'0','active','2025-11-09 11:38:10'),(45,NULL,'hdjshjkhfdgdfjgdfgdfgdfg.net',NULL,118,NULL,NULL,'0','active','2025-11-09 11:38:10'),(46,NULL,'hdjshjkhfdgdfjgdfgdfgdfg.org',NULL,118,NULL,NULL,'0','active','2025-11-09 11:38:10'),(47,NULL,'hdjshjkhfdgdfjgdfgdfgdfg.co',NULL,118,NULL,NULL,'0','active','2025-11-09 11:38:10'),(48,NULL,'ashraf7amdy.com',NULL,2,NULL,NULL,'0','transferred','2025-11-09 11:38:10'),(49,NULL,'ashraf7amdy.com',NULL,1,NULL,NULL,'0','transferred','2025-11-09 11:38:10'),(50,NULL,'ali123.org',NULL,118,NULL,NULL,'0','cancelled','2025-11-09 11:38:10'),(51,NULL,'ali12325854.com',NULL,118,NULL,NULL,'0','cancelled','2025-11-09 11:38:10'),(52,NULL,'sdjkfhjsdkh424545.com',NULL,118,NULL,NULL,'0','cancelled','2025-11-09 11:38:10'),(53,NULL,'fgfdgdfgdf.com',NULL,118,NULL,NULL,'0','cancelled','2025-11-09 11:38:10'),(54,NULL,'shazaHatem.com',NULL,189,NULL,NULL,'0','active','2025-11-09 11:38:10'),(55,NULL,'ali7amdy.com',NULL,140,NULL,NULL,'0','cancelled','2025-11-09 11:38:10'),(56,NULL,'husseinmahmoud.com',NULL,140,NULL,NULL,'0','cancelled','2025-11-09 11:38:10'),(57,NULL,'husseinmahmoud.com',NULL,140,NULL,NULL,'0','cancelled','2025-11-09 11:38:10'),(58,NULL,'husseinmahmoud.net',NULL,140,NULL,NULL,'0','cancelled','2025-11-09 11:38:10'),(59,NULL,'husseinmahmoud.org',NULL,140,NULL,NULL,'0','cancelled','2025-11-09 11:38:10'),(60,NULL,'husseinmahmoud.com',NULL,140,NULL,NULL,'0','cancelled','2025-11-09 11:38:10'),(61,NULL,'husseinma.com',NULL,140,NULL,NULL,'0','cancelled','2025-11-09 11:38:10'),(62,NULL,'husseinma.net',NULL,140,NULL,NULL,'0','cancelled','2025-11-09 11:38:10'),(63,NULL,'ashraf7amdy.com',NULL,2,NULL,NULL,'0','transferred','2025-11-09 11:38:10'),(64,NULL,'husseinma.com',NULL,140,NULL,NULL,'0','cancelled','2025-11-09 11:38:10'),(65,NULL,'husseinma.net',NULL,140,NULL,NULL,'0','cancelled','2025-11-09 11:38:10'),(66,NULL,'husseinma.org',NULL,140,NULL,NULL,'0','cancelled','2025-11-09 11:38:10'),(67,NULL,'husseinmahmoud.com',NULL,140,NULL,NULL,'0','cancelled','2025-11-09 11:38:10'),(68,NULL,'husseinmahmoud.net',NULL,140,NULL,NULL,'0','cancelled','2025-11-09 11:38:10'),(69,NULL,'ali123.org',NULL,140,NULL,NULL,'0','cancelled','2025-11-09 11:38:10'),(70,NULL,'husseinma.com',NULL,140,NULL,NULL,'0','cancelled','2025-11-09 11:38:10'),(71,NULL,'husseinma.net',NULL,140,NULL,NULL,'0','cancelled','2025-11-09 11:38:10'),(72,NULL,'sadsadsadsadsadsa.com',NULL,140,NULL,NULL,'0','cancelled','2025-11-09 11:38:10'),(73,NULL,'sadsadsadsadsadsa.net',NULL,140,NULL,NULL,'0','cancelled','2025-11-09 11:38:10'),(74,NULL,'husseinmahmoud.com',NULL,140,NULL,NULL,'0','cancelled','2025-11-09 11:38:10'),(75,NULL,'husseinmahmoud.net',NULL,140,NULL,NULL,'0','cancelled','2025-11-09 11:38:10'),(76,NULL,'husseinma.com',NULL,140,NULL,NULL,'0','cancelled','2025-11-09 11:38:10'),(77,NULL,'husseinma.net',NULL,140,NULL,NULL,'0','cancelled','2025-11-09 11:38:10'),(78,NULL,'ali12325854.com',NULL,140,NULL,NULL,'0','cancelled','2025-11-09 11:38:10'),(79,NULL,'sdjkfhjsdkh424545.com',NULL,140,NULL,NULL,'0','cancelled','2025-11-09 11:38:10'),(80,NULL,'fgfdgdfgdf.com',NULL,140,NULL,NULL,'0','cancelled','2025-11-09 11:38:10'),(81,NULL,'husseinmahmoud.com',NULL,140,NULL,NULL,'0','cancelled','2025-11-09 11:38:10'),(82,NULL,'husseinmahmoud.net',NULL,140,NULL,NULL,'0','cancelled','2025-11-09 11:38:10'),(83,NULL,'husseinma.com',NULL,140,NULL,NULL,'0','cancelled','2025-11-09 11:38:10'),(84,NULL,'dfsdsdfsdf.com',NULL,189,NULL,NULL,'0','active','2025-11-09 11:38:10'),(85,NULL,' shazaHatem.com',NULL,189,NULL,NULL,'0','active','2025-11-09 11:38:10'),(86,NULL,'snaHatem.com',NULL,189,NULL,NULL,'0','active','2025-11-09 11:38:10'),(87,NULL,'dderwerqw.com',NULL,189,NULL,NULL,'0','cancelled','2025-11-09 11:38:10'),(88,NULL,'ashraf7amdy.com',NULL,2,NULL,NULL,'0','transferred','2025-11-09 11:38:10'),(89,NULL,' shazaHatem.com',NULL,189,NULL,NULL,'0','cancelled','2025-11-09 11:38:10'),(90,NULL,' sanaHatem.com',NULL,189,NULL,NULL,'0','cancelled','2025-11-09 11:38:10'),(91,NULL,' shazaHatem.com',NULL,189,NULL,NULL,'0','cancelled','2025-11-09 11:38:10'),(92,NULL,'sanaHatem.com',NULL,189,NULL,NULL,'0','cancelled','2025-11-09 11:38:10'),(93,NULL,' shazaHatem.com',NULL,189,NULL,NULL,'0','cancelled','2025-11-09 11:38:10'),(94,NULL,'sanaHatem.com',NULL,189,NULL,NULL,'0','cancelled','2025-11-09 11:38:10'),(95,NULL,' shazaHatem.com',NULL,189,NULL,NULL,'0','cancelled','2025-11-09 11:38:10'),(96,NULL,'sanHatem.com',NULL,189,NULL,NULL,'0','cancelled','2025-11-09 11:38:10'),(97,NULL,' shazaHatem.com',NULL,189,NULL,NULL,'0','cancelled','2025-11-09 11:38:10'),(98,NULL,'sanaHatem.com',NULL,189,NULL,NULL,'0','cancelled','2025-11-09 11:38:10'),(99,NULL,'sanaHatem.com',NULL,189,NULL,NULL,'0','cancelled','2025-11-09 11:38:10'),(100,NULL,' shazaHatem.com',NULL,189,NULL,NULL,'0','cancelled','2025-11-09 11:38:10'),(101,NULL,' shazaHatem.com',NULL,189,NULL,NULL,'0','active','2025-11-09 11:38:10'),(102,NULL,'sanaHatem.com',NULL,189,NULL,NULL,'0','active','2025-11-09 11:38:10'),(103,NULL,' shazaHatem.com',NULL,189,NULL,NULL,'0','active','2025-11-09 11:38:10'),(104,NULL,'husseinmahmoud.com',NULL,140,NULL,NULL,'0','cancelled','2025-11-09 11:38:10'),(105,NULL,'last-news-live.com',NULL,140,NULL,NULL,'0','cancelled','2025-11-09 11:38:10'),(106,NULL,'ali123.org',NULL,140,NULL,NULL,'0','cancelled','2025-11-09 11:38:10'),(107,NULL,'ali7amdy123456.com',NULL,140,NULL,NULL,'0','cancelled','2025-11-09 11:38:10'),(108,NULL,'ali5895.com',NULL,140,NULL,NULL,'0','cancelled','2025-11-09 11:38:10'),(109,NULL,'ali78787878.com',NULL,140,NULL,NULL,'0','cancelled','2025-11-09 11:38:10'),(110,NULL,'ali78787878.net',NULL,140,NULL,NULL,'0','cancelled','2025-11-09 11:38:10'),(111,NULL,'ali78787878.org',NULL,140,NULL,NULL,'0','cancelled','2025-11-09 11:38:10'),(112,NULL,'ali7amdy675756756.com',NULL,140,NULL,NULL,'0','cancelled','2025-11-09 11:38:10'),(113,NULL,'ali7amdy675756756.net',NULL,140,NULL,NULL,'0','cancelled','2025-11-09 11:38:10'),(114,NULL,'ali7amdy675756756.org',NULL,140,NULL,NULL,'0','cancelled','2025-11-09 11:38:10'),(115,NULL,'ali7amdy3333333.com',NULL,140,NULL,NULL,'0','active','2025-11-09 11:38:10'),(116,NULL,'ali7amdy3333333.net',NULL,140,NULL,NULL,'0','cancelled','2025-11-09 11:38:10'),(117,NULL,'ali7amdy12111212.com',NULL,140,NULL,NULL,'0','cancelled','2025-11-09 11:38:10'),(118,NULL,'ali7amdy12111212.net',NULL,140,NULL,NULL,'0','cancelled','2025-11-09 11:38:10'),(119,NULL,'ashraf7amdy.com',NULL,2,NULL,NULL,'0','transferred','2025-11-09 11:38:10'),(120,NULL,'ashraf7amdy.net',NULL,2,NULL,NULL,'0','transferred','2025-11-09 11:38:10'),(121,NULL,'ashraf7amdy.org',NULL,2,NULL,NULL,'0','transferred','2025-11-09 11:38:10'),(122,NULL,'ashraf7amdy.com',NULL,2,NULL,NULL,'0','transferred','2025-11-09 11:38:10'),(123,NULL,'ashraf7amdy.net',NULL,2,NULL,NULL,'0','transferred','2025-11-09 11:38:10'),(124,NULL,'ashraf7amdy.org',NULL,2,NULL,NULL,'0','transferred','2025-11-09 11:38:10'),(125,NULL,'ashraf7amdy.com',NULL,2,NULL,NULL,'0','cancelled','2025-11-09 11:38:10'),(126,NULL,'ashraf7amdy.com',NULL,2,NULL,NULL,'0','cancelled','2025-11-09 11:38:10'),(127,NULL,'ashraf7amdy.com',NULL,2,NULL,NULL,'0','cancelled','2025-11-09 11:38:10'),(128,NULL,'ashraf7amdy.com',NULL,2,NULL,NULL,'0','cancelled','2025-11-09 11:38:10'),(129,NULL,'ali7amdy.com',NULL,140,NULL,NULL,'0','cancelled','2025-11-09 11:38:10'),(130,NULL,'ali7amdy.com',NULL,140,NULL,NULL,'0','cancelled','2025-11-09 11:38:10'),(131,NULL,'ali7amdy.net',NULL,140,NULL,NULL,'0','cancelled','2025-11-09 11:38:10'),(132,NULL,'66666666666.org',NULL,140,NULL,NULL,'0','cancelled','2025-11-09 11:38:10'),(133,NULL,'last-news-live.com',NULL,140,NULL,NULL,'0','cancelled','2025-11-09 11:38:10'),(134,NULL,'last-news-live.net',NULL,140,NULL,NULL,'0','cancelled','2025-11-09 11:38:10'),(135,NULL,'last-news-live.org',NULL,140,NULL,NULL,'0','cancelled','2025-11-09 11:38:10'),(136,NULL,'ali7amdy.com',NULL,118,NULL,NULL,'0','cancelled','2025-11-09 11:38:10'),(137,NULL,'ali7amdy2021.com',NULL,118,NULL,NULL,'0','cancelled','2025-11-09 11:38:10'),(138,NULL,'ali7amdy.com',NULL,118,NULL,NULL,'0','cancelled','2025-11-09 11:38:10'),(139,NULL,'ali7amdy.com',NULL,140,NULL,NULL,'0','cancelled','2025-11-09 11:38:10'),(140,NULL,'omarelkhatibeee.com',NULL,270,NULL,NULL,'0','cancelled','2025-11-09 11:38:10'),(141,NULL,'Elshafeay .com',NULL,289,NULL,NULL,'0','cancelled','2025-11-09 11:38:10'),(142,NULL,'Elshafeay .com',NULL,289,NULL,NULL,'0','cancelled','2025-11-09 11:38:10'),(143,NULL,'rateell.net',NULL,2,NULL,NULL,'0','cancelled','2025-11-09 11:38:10'),(144,NULL,'rateell.cc',NULL,2,NULL,NULL,'0','cancelled','2025-11-09 11:38:10'),(145,NULL,'asssssss.net',NULL,368,NULL,NULL,'0','cancelled','2025-11-09 11:38:10'),(146,NULL,'ali7amdy2024.com',NULL,140,NULL,NULL,'0','cancelled','2025-11-09 11:38:10'),(147,NULL,'abdullahkhaled.com',NULL,306,NULL,NULL,'0','cancelled','2025-11-09 11:38:10'),(148,NULL,'sweft.net',NULL,2795,NULL,NULL,'0','cancelled','2025-11-09 11:38:10'),(149,NULL,'food-in.net',NULL,2797,NULL,NULL,'0','cancelled','2025-11-09 11:38:10'),(150,NULL,'it-plus.cc',NULL,1,NULL,NULL,'0','cancelled','2025-11-09 11:38:10'),(151,NULL,'it-plus.cc',NULL,1,NULL,NULL,'0','cancelled','2025-11-09 11:38:10'),(152,NULL,'it-plus.cc',NULL,1,NULL,NULL,'0','cancelled','2025-11-09 11:38:10'),(154,NULL,'badrannn.com',NULL,4611,NULL,NULL,'0','cancelled','2025-11-09 11:38:10'),(155,NULL,'sdfsda.com',NULL,4611,NULL,NULL,'0','cancelled','2025-11-09 11:38:10'),(156,NULL,'sdfsda.net',NULL,4611,NULL,NULL,'0','cancelled','2025-11-09 11:38:10'),(157,NULL,'sdfsda.cc',NULL,4611,NULL,NULL,'0','cancelled','2025-11-09 11:38:10'),(158,NULL,'sdfsda.com',NULL,4611,NULL,NULL,'0','cancelled','2025-11-09 11:38:10'),(159,NULL,'sdfsda.net',NULL,4611,NULL,NULL,'0','cancelled','2025-11-09 11:38:10'),(160,NULL,'sdfsda.cc',NULL,4611,NULL,NULL,'0','cancelled','2025-11-09 11:38:10'),(161,NULL,'sdfsda.com',NULL,4611,NULL,NULL,'0','cancelled','2025-11-09 11:38:10'),(162,NULL,'sdfsda.net',NULL,4611,NULL,NULL,'0','cancelled','2025-11-09 11:38:10'),(163,NULL,'sdfsda.cc',NULL,4611,NULL,NULL,'0','cancelled','2025-11-09 11:38:10'),(164,NULL,'ونغواونو.com',NULL,4611,NULL,NULL,'0','cancelled','2025-11-09 11:38:10');

--
-- Table structure for table `emails`
--

CREATE TABLE `emails` (
  `id` int NOT NULL AUTO_INCREMENT,
  `key` varchar(255) NOT NULL DEFAULT '',
  `name` varchar(30) NOT NULL DEFAULT '',
  `group` enum('admin','member','general') NOT NULL DEFAULT 'admin',
  `description` varchar(150) NOT NULL DEFAULT '',
  PRIMARY KEY (`id`)
) ENGINE=MyISAM AUTO_INCREMENT=33 DEFAULT CHARSET=utf8mb3;

--
-- Dumping data for table `emails`
--

INSERT INTO `emails` VALUES (24,'activate_account','activate account','member','use to send activation mail '),(25,'Create_new_ticket','Create new ticket','member','use to send Create new ticket'),(26,'ticket_reply','ticket reply','member','use to send ticket reply mail '),(27,'Customer_invoice ','Customer invoice ','member','use to send Customer invoice '),(28,'new_password ','new password ','member','use to send  new password '),(29,'Confirmation_pay_the_bill ','Confirmation pay the bill ','member',' use to send Confirmation pay the bill '),(30,'member_new_account','member new account','admin','use to send The member new account'),(31,'ticket_reply_cat','ticket reply cat','admin','use to send ticket reply mail '),(32,'admin_order','admin order','admin','use to send admin order');

--
-- Table structure for table `emails_groups`
--

CREATE TABLE `emails_groups` (
  `id` int NOT NULL AUTO_INCREMENT,
  `email_id` int NOT NULL,
  `subject` varchar(250) CHARACTER SET utf8mb3 COLLATE utf8mb3_general_ci NOT NULL,
  `body` text CHARACTER SET utf8mb3 COLLATE utf8mb3_general_ci NOT NULL,
  `language` varchar(150) NOT NULL,
  PRIMARY KEY (`id`)
) ENGINE=MyISAM AUTO_INCREMENT=60 DEFAULT CHARSET=latin1;

--
-- Dumping data for table `emails_groups`
--

INSERT INTO `emails_groups` VALUES (56,30,'new member account in {your_sitename}','<p><span style=\"font-size:16px\">The membership of the new record in&nbsp; &nbsp;</span><a href=\"{your_siteurl}\" target=\"_blank\"><span style=\"font-size:16px\">{your_sitename}</span></a><span style=\"font-size:16px\">&nbsp;</span></p>\r\n\r\n<p>&nbsp;</p>\r\n\r\n<p><span style=\"font-size:16px\">name : {your_firstname} &nbsp;{your_lastname}</span></p>\r\n\r\n<p><span style=\"font-size:16px\">email : &nbsp;{your_user_mail}</span></p>\r\n\r\n<p><span style=\"font-size:16px\">You can find out the rest of the membership details through this link.</span></p>\r\n\r\n<p><a href=\"{your_link_user}\" target=\"_blank\"><span style=\"font-size:16px\">{your_link_user}</span></a></p>\r\n\r\n<p>&nbsp;</p>\r\n','english'),(32,24,'تقعيل الحساب الخاص بك على {your_sitename}','<p style=\"text-align:center\"><span style=\"font-size:16px\">&nbsp; مرحبا بكم في.<span style=\"font-family:comic sans ms,cursive\"> <span style=\"font-size:14px\"><a href=\"{your_siteurl}\">{your_sitename}</a></span></span></span></p>\r\n\r\n<p style=\"text-align:center\">&nbsp;</p>\r\n\r\n<p style=\"text-align:center\"><span style=\"font-size:16px\">الرجاء النقر على الرابط التالي للتحقق من صحة عنوان بريدك الإلكتروني:</span></p>\r\n\r\n<p style=\"text-align:center\">&nbsp;</p>\r\n\r\n<p style=\"text-align:center\"><span style=\"font-family:comic sans ms,cursive\"><span style=\"font-size:14px\"><a href=\"{activation_link}\">{activation_link}</a></span></span></p>\r\n\r\n<p style=\"text-align:center\">&nbsp;</p>\r\n\r\n<p style=\"text-align:center\"><span style=\"font-size:16px\">إذا لم تتمكن من الضغط على الرابط، ببساطة قم بنسخ الرابط ولصقه في شريط عنوان متصفح الويب الخاص بك.</span></p>\r\n\r\n<p style=\"text-align:center\">&nbsp;</p>\r\n\r\n<p style=\"text-align:center\"><span style=\"font-size:16px\">تسجيل الدخول</span></p>\r\n\r\n<p style=\"text-align:center\">&nbsp;</p>\r\n\r\n<p style=\"text-align:center\"><span style=\"font-size:16px\">اسم المستخدم: </span>{username}</p>\r\n\r\n<p style=\"text-align:center\">&nbsp;</p>\r\n\r\n<p style=\"text-align:center\"><span style=\"font-size:16px\">كلمة السر: </span>{userpass}<span style=\"font-size:16px\">&nbsp;</span></p>\r\n\r\n<p style=\"text-align:center\">&nbsp;</p>\r\n\r\n<p style=\"text-align:center\"><span style=\"font-size:16px\">مع أطيب التحيات،</span></p>\r\n\r\n<p style=\"text-align:center\">&nbsp;</p>\r\n\r\n<p style=\"text-align:center\"><span style=\"font-family:comic sans ms,cursive\"><span style=\"font-size:14px\"><a href=\"{your_siteurl}\">{your_sitename}</a></span></span></p>\r\n\r\n<p style=\"text-align:center\">&nbsp;</p>\r\n','arabic'),(33,24,'activate your account on {your_sitename}','<p style=\"text-align:center\"><span style=\"font-size:16px\"><span style=\"font-family:georgia,serif\">Welcome to. <span style=\"font-family:comic sans ms,cursive\"><span style=\"font-size:14px\"><a href=\"{your_siteurl}\">{your_sitename}</a></span></span></span></span></p>\r\n\r\n<p style=\"text-align:center\">&nbsp;</p>\r\n\r\n<p style=\"text-align:center\"><span style=\"font-size:16px\"><span style=\"font-family:georgia,serif\">Please click on the following link to validate your email address:</span></span></p>\r\n\r\n<p style=\"text-align:center\">&nbsp;</p>\r\n\r\n<p style=\"text-align:center\"><span style=\"font-family:comic sans ms,cursive\"><span style=\"font-size:14px\"><a href=\"{activation_link}\">{activation_link}</a></span></span></p>\r\n\r\n<p style=\"text-align:center\">&nbsp;</p>\r\n\r\n<p style=\"text-align:center\"><span style=\"font-size:16px\"><span style=\"font-family:georgia,serif\">If you can not click on the link, simply copy and paste it into the address bar of your web browser.</span></span></p>\r\n\r\n<p style=\"text-align:center\">&nbsp;</p>\r\n\r\n<p style=\"text-align:center\"><span style=\"font-size:16px\"><span style=\"font-family:georgia,serif\">Your login</span></span></p>\r\n\r\n<p style=\"text-align:center\">&nbsp;</p>\r\n\r\n<p style=\"text-align:center\"><span style=\"font-size:16px\"><span style=\"font-family:georgia,serif\">Username: </span></span>{username}</p>\r\n\r\n<p style=\"text-align:center\">&nbsp;</p>\r\n\r\n<p style=\"text-align:center\"><span style=\"font-size:16px\"><span style=\"font-family:georgia,serif\">Password: </span></span>{userpass}<span style=\"font-size:16px\">&nbsp;<span style=\"font-family:georgia,serif\">&nbsp;</span></span></p>\r\n\r\n<p style=\"text-align:center\">&nbsp;</p>\r\n\r\n<p style=\"text-align:center\"><span style=\"font-size:16px\"><span style=\"font-family:georgia,serif\">Best Regards,</span></span></p>\r\n\r\n<p style=\"text-align:center\">&nbsp;</p>\r\n\r\n<p style=\"text-align:center\"><span style=\"font-family:comic sans ms,cursive\"><span style=\"font-size:14px\"><a href=\"{your_siteurl}\">{your_sitename}</a></span></span></p>\r\n\r\n<p>&nbsp;</p>\r\n','english'),(55,30,'تم تسجل عضوية جديدة فى  {your_sitename}','<p dir=\"rtl\"><span style=\"font-size:16px\">تم تسجيل عضوية جديدة فى &nbsp;<a href=\"{your_siteurl}\" target=\"_blank\">{your_sitename}</a>&nbsp;</span></p>\r\n\r\n<p dir=\"rtl\">&nbsp;</p>\r\n\r\n<p dir=\"rtl\"><span style=\"font-size:16px\">الاسم : {your_firstname} &nbsp;{your_lastname}</span></p>\r\n\r\n<p dir=\"rtl\"><span style=\"font-size:16px\">البريد الالكترونى : &nbsp;{your_user_mail}</span></p>\r\n\r\n<p dir=\"rtl\"><span style=\"font-size:16px\">يمكنك معرفة باقى تفاصيل العضوية من خلال هذا الرابط</span></p>\r\n\r\n<p dir=\"rtl\"><a href=\"{your_link_user}\" target=\"_blank\"><span style=\"font-size:16px\">{your_link_user}</span></a></p>\r\n\r\n<p dir=\"rtl\">&nbsp;</p>\r\n\r\n<p dir=\"rtl\">&nbsp;</p>\r\n','arabic'),(37,26,'تم اضافة رد جديد على التذكرة   [ ID : {tid} ] {subject}','<p dir=\"rtl\"><span style=\"font-size:16px\"><span style=\"font-family:arial,helvetica,sans-serif\">مرحبا : {your_user_nam}</span></span></p>\r\n\r\n<p dir=\"rtl\"><span style=\"font-size:16px\"><span style=\"font-family:arial,helvetica,sans-serif\">شكراً على الاتصال بفريق {your_sitename} .</span></span></p>\r\n\r\n<p dir=\"rtl\"><span style=\"font-size:16px\"><span style=\"font-family:arial,helvetica,sans-serif\">&nbsp;</span></span><strong><span style=\"font-size:16px\">تم اضافة رد جديد على التذكرة</span></strong></p>\r\n\r\n<p dir=\"rtl\"><span style=\"font-size:16px\"><span style=\"font-family:arial,helvetica,sans-serif\">يمكنك الرد على &nbsp;التذكرة في أي وقت على الرابط التالي</span></span></p>\r\n\r\n<p dir=\"rtl\"><span style=\"font-size:16px\"><span style=\"font-family:arial,helvetica,sans-serif\"><a href=\"{ticket_show_url}\">{ticket_show_url}</a></span></span></p>\r\n','arabic'),(34,25,'إنشاء تذكرة جديدة   [ ID : {tid} ] {subject}','<p dir=\"rtl\"><strong><span style=\"font-size:16px\"><span style=\"font-family:georgia,serif\">أضاف العميل&nbsp;:&nbsp; <span style=\"font-size:14px\">{your_user_nam}</span></span></span></strong></p>\r\n\r\n<p dir=\"rtl\"><strong><span style=\"font-size:16px\"><span style=\"font-family:georgia,serif\">تذكرة جديده فى قسم : &nbsp;</span></span><span style=\"font-size:14px\">{cat_name}</span></strong></p>\r\n\r\n<p dir=\"rtl\"><strong><span style=\"font-size:16px\"><span style=\"font-family:georgia,serif\">موضوع التذكرة : <span style=\"font-size:14px\"><a href=\"http://{ticket_show_url}\">{subject}</a></span></span></span></strong></p>\r\n\r\n<p dir=\"rtl\"><strong><span style=\"font-size:16px\"><span style=\"font-family:georgia,serif\">الأهمية : <span style=\"font-size:14px\">{priority}</span></span></span></strong></p>\r\n\r\n<p dir=\"rtl\"><strong><span style=\"font-size:16px\"><span style=\"font-family:georgia,serif\">الحالة : <span style=\"font-size:14px\">{status}</span></span></span></strong></p>\r\n\r\n<p dir=\"rtl\"><strong><span style=\"font-size:16px\"><span style=\"font-family:georgia,serif\">يمكنك عرض التذكرة &nbsp;على الرابط التالي </span></span></strong></p>\r\n\r\n<p dir=\"rtl\"><span style=\"font-size:14px\"><strong><span style=\"font-family:georgia,serif\"><a href=\"{ticket_show_url}\">{ticket_show_url}</a></span></strong></span></p>\r\n\r\n<p style=\"text-align:right\">&nbsp;</p>\r\n\r\n<p style=\"text-align:right\">&nbsp;</p>\r\n\r\n<p style=\"text-align:right\">&nbsp;</p>\r\n','arabic'),(58,32,' طلب جديد {your_sitename} {subject}','<p dir=\"rtl\"><span style=\"font-size:16px\"><span style=\"font-size:14px\"><strong>طلب جديد من العميل :</strong></span> {your_firstname} {your_lastname}</span></p>\r\n\r\n<p dir=\"rtl\"><span style=\"font-size:16px\"><span style=\"font-size:14px\"><strong>بتاريخ &nbsp;:</strong></span>&nbsp;{your_date_added}</span></p>\r\n\r\n<p dir=\"rtl\"><span style=\"font-size:16px\"><strong><span style=\"font-size:14px\">&nbsp;وسيلة الدفع هي :</span></strong> {your_payment}</span></p>\r\n\r\n<p dir=\"rtl\"><span style=\"font-size:16px\"><span style=\"font-size:14px\"><strong>رقم الطلب &nbsp;: </strong></span>#{ordernum}</span></p>\r\n\r\n<p dir=\"rtl\">&nbsp;</p>\r\n\r\n<p>&nbsp;</p>\r\n\r\n<p dir=\"rtl\"><span style=\"font-size:16px\"><strong>المنتجات المطلوبة</strong></span></p>\r\n\r\n<p dir=\"rtl\"><span style=\"font-size:14px\"><strong>{your_domains}</strong></span></p>\r\n\r\n<p dir=\"rtl\"><span style=\"font-size:14px\"><strong>{your_hosting}</strong></span></p>\r\n\r\n<p dir=\"rtl\"><span style=\"font-size:14px\"><strong>{your_products}</strong></span></p>\r\n\r\n<p dir=\"rtl\"><span style=\"font-size:14px\"><strong>{your_scripts}</strong></span></p>\r\n\r\n<p dir=\"rtl\"><span style=\"font-size:14px\"><strong>&nbsp;</strong></span><span style=\"font-size:14px\"><strong>&nbsp;</strong></span><strong style=\"font-size:16px\"><span style=\"font-size:14px\">المجموع الكلي :</span></strong><span style=\"font-size:16px\">&nbsp;{your_total}$</span></p>\r\n\r\n<p>&nbsp;</p>\r\n\r\n<p dir=\"rtl\"><span style=\"font-size:16px\">-------------------------------------</span></p>\r\n\r\n<p>&nbsp;</p>\r\n\r\n<p dir=\"rtl\"><span style=\"font-size:14px\"><strong>ويمكنك فتح الطلب من خلال هذا الرابط</strong></span></p>\r\n\r\n<p dir=\"rtl\"><span style=\"font-size:16px\"><a href=\"{your_show_url}\">{your_show_url} </a></span></p>\r\n\r\n<p dir=\"rtl\">&nbsp;</p>\r\n\r\n<p dir=\"rtl\">&nbsp;</p>\r\n\r\n<p dir=\"rtl\">&nbsp;</p>\r\n\r\n<p dir=\"rtl\">&nbsp;</p>\r\n','arabic'),(35,25,'Create new ticket  [ ID : {tid} ] {subject}','<p><strong>The client added​<span style=\"font-size:14px\"><span style=\"font-family:lucida sans unicode,lucida grande,sans-serif\">&nbsp;:&nbsp;&nbsp;</span></span><span style=\"font-family:georgia,serif\"><span style=\"font-size:16px\"><span style=\"font-size:14px\">{your_user_nam}</span></span></span></strong></p>\r\n\r\n<p><strong>New ticket in the section : <span style=\"font-size:14px\">{cat_name}</span></strong></p>\r\n\r\n<p><strong>The subject of the ticket<span style=\"font-size:14px\"><span style=\"font-family:lucida sans unicode,lucida grande,sans-serif\"><span style=\"font-family:times new roman,times,serif\"> :<span style=\"font-size:16px\">&nbsp;</span></span></span></span><span style=\"font-family:times new roman,times,serif\"><a href=\"http://{ticket_show_url}\"><span style=\"font-size:16px\">{subject}</span></a></span></strong></p>\r\n\r\n<p><strong>Importance​<span style=\"font-family:times new roman,times,serif\"><span style=\"font-size:14px\"> :&nbsp;<span style=\"font-size:16px\">{priority}</span></span></span></strong></p>\r\n\r\n<p><strong><span style=\"font-family:times new roman,times,serif\"><span style=\"font-size:16px\">status&nbsp;</span><span style=\"font-size:14px\">:&nbsp;</span><span style=\"font-size:16px\">{status}</span></span></strong></p>\r\n\r\n<p><strong>You can view the ticket on the following link</strong></p>\r\n\r\n<p><span style=\"font-size:12px\"><strong><a href=\"{ticket_show_url}\"><span style=\"font-family:lucida sans unicode,lucida grande,sans-serif\">{ticket_show_url}</span></a></strong></span></p>\r\n\r\n<p style=\"text-align:right\">&nbsp;</p>\r\n\r\n<p style=\"text-align:right\">&nbsp;</p>\r\n\r\n<p style=\"text-align:right\">&nbsp;</p>\r\n','english'),(36,31,'تم اضافة رد جديد على التذكرة   [ ID : {tid} ] {subject}','<p dir=\"rtl\"><strong>أضاف العميل&nbsp;<span style=\"font-size:16px\"><span style=\"font-family:arial,helvetica,sans-serif\">:</span></span></strong><span style=\"font-size:16px\"><span style=\"font-family:arial,helvetica,sans-serif\"> {your_user_nam}</span></span></p>\r\n\r\n<p dir=\"rtl\"><strong><span style=\"font-size:16px\">رد جديد على التذكرة</span></strong></p>\r\n\r\n<p dir=\"rtl\"><span style=\"font-size:16px\">{tid}</span></p>\r\n\r\n<p dir=\"rtl\"><strong>ويمكنك فتح التذكره من خلال هذا الرابط</strong></p>\r\n\r\n<p dir=\"rtl\"><span style=\"font-size:16px\"><span style=\"font-family:arial,helvetica,sans-serif\"><a href=\"{ticket_show_url}\">{ticket_show_url}</a></span></span></p>\r\n','arabic'),(38,26,'Add new reply on the ticket   [ ID : {tid} ] {subject}','<p><span style=\"font-size:16px\">welcome<span style=\"font-family:arial,helvetica,sans-serif\"> : {your_user_nam}</span></span></p>\r\n\r\n<p><span style=\"font-size:16px\">Thanks to contact our<span style=\"font-family:arial,helvetica,sans-serif\"> </span><span style=\"font-family:arial,helvetica,sans-serif\">{your_sitename} .</span></span></p>\r\n\r\n<p><strong><span style=\"font-size:16px\">Has been added to your reply to the ticket</span></strong></p>\r\n\r\n<p><span style=\"font-size:16px\">You can reply on the ticket at any time on the following link</span></p>\r\n\r\n<p><span style=\"font-size:16px\"><span style=\"font-family:arial,helvetica,sans-serif\"><a href=\"{ticket_show_url}\">{ticket_show_url}</a></span></span></p>\r\n','english'),(40,27,'Customer invoice {your_sitename} {subject}','<p><span style=\"font-size:16px\">My dear : {your_firstname} {your_lastname} </span></p>\r\n\r\n<p><span style=\"font-size:16px\">This notice that he was created in the invoice {your_date_added} .</span></p>\r\n\r\n<p><span style=\"font-size:16px\">Means your payment is : {your_payment} </span></p>\r\n\r\n<p><span style=\"font-size:16px\">Invoice&nbsp; #{your_Invoice_id} </span></p>\r\n\r\n<p><span style=\"font-size:16px\">Number service required<strong> </strong>: #{ordernum}</span></p>\r\n\r\n<p>&nbsp;</p>\r\n\r\n<p>&nbsp;</p>\r\n\r\n<p><span style=\"font-size:16px\">Required products </span></p>\r\n\r\n<p><span style=\"font-size:16px\">{your_domains}</span></p>\r\n\r\n<p><span style=\"font-size:16px\">{your_hosting}</span></p>\r\n\r\n<p><span style=\"font-size:16px\">{your_products}</span></p>\r\n\r\n<p><span style=\"font-size:16px\">{your_scripts}</span></p>\r\n\r\n<p><span style=\"font-size:16px\">Total : {your_total}$</span></p>\r\n\r\n<p>&nbsp;</p>\r\n\r\n<p><span style=\"font-size:16px\">-------------------------------------</span></p>\r\n\r\n<p>&nbsp;</p>\r\n\r\n<p><span style=\"font-size:16px\">You can log on to the customer area to view and pay your bill </span></p>\r\n\r\n<p><span style=\"font-size:16px\">on the following link <a href=\"{your_show_url}\">{your_show_url} </a></span></p>\r\n\r\n<p>&nbsp;</p>\r\n\r\n<p><span style=\"font-size:16px\">Important Information!</span></p>\r\n\r\n<p><span style=\"font-size:16px\">- Please open a new ticket for confirmation of bank deposits once the deposit section dedicated to serve the required amount in order to be confirmed conversion immediately and then activate the service.</span></p>\r\n\r\n<p><span style=\"font-size:16px\">- When you open a new ticket for confirmation of bank deposits section please put all the data required to confirm the receipt of data transfer once and preferably Dima to attach a copy of the delivery of the conversion or Aladaa.</span></p>\r\n\r\n<p><span style=\"font-size:16px\">- Please put the required service number and content of the ticket together open from you in order to be recognized on the service type of the requested as soon as possible.</span></p>\r\n','english'),(53,29,'تأكيد دفع الفاتورة فى  {your_sitename}','<p dir=\"rtl\"><span style=\"font-size:16px\"><span style=\"font-size:18px\">&nbsp;مرحبا&nbsp; </span></span><span style=\"font-size:18px\">{your_firstname} {your_lastname}</span></p>\r\n\r\n<p dir=\"rtl\"><span style=\"font-size:18px\">لقد تم دفع الفاتورة رقم : # {invoices_num}&nbsp;</span> <span style=\"font-size:18px\">بنجاح .</span></p>\r\n\r\n<p dir=\"rtl\"><span style=\"font-size:18px\">يمكنك مراجعة الفاتورة من خلال الرابط التالى</span></p>\r\n\r\n<p style=\"text-align:right\"><a href=\"{invoices_link}\"><span style=\"font-size:18px\">{invoices_link}</span></a></p>\r\n\r\n<p style=\"text-align:right\">&nbsp;</p>\r\n\r\n<p dir=\"rtl\"><span style=\"font-size:18px\">مع أطيب التحيات،</span></p>\r\n\r\n<p style=\"text-align:right\"><span style=\"font-size:18px\"><span style=\"font-family:comic sans ms,cursive\"><a href=\"http://{your_siteurl}\">{your_sitename}</a></span></span></p>\r\n\r\n<p style=\"text-align:center\">&nbsp;</p>\r\n','arabic'),(39,27,'فاتورة العميل {your_sitename} {subject}','<p dir=\"rtl\"><span style=\"font-size:16px\">عزيزى : {your_firstname} {your_lastname}</span></p>\r\n\r\n<p dir=\"rtl\"><span style=\"font-size:16px\">هذا إشعار بأنه تم إنشاء فاتورة في&nbsp;{your_date_added} </span></p>\r\n\r\n<p dir=\"rtl\"><span style=\"font-size:16px\">&nbsp;وسيلة الدفع الخاصة بك هي : {your_payment}</span></p>\r\n\r\n<p dir=\"rtl\"><span style=\"font-size:16px\">رقم الفاتورة #{your_Invoice_id} </span></p>\r\n\r\n<p dir=\"rtl\"><span style=\"font-size:16px\">رقم الخدمة المطلوبة <strong>: </strong>#{ordernum}</span></p>\r\n\r\n<p dir=\"rtl\">&nbsp;</p>\r\n\r\n<p>&nbsp;</p>\r\n\r\n<p dir=\"rtl\"><span style=\"font-size:16px\"><strong>المنتجات المطلوبة</strong></span></p>\r\n\r\n<p dir=\"rtl\"><span style=\"font-size:16px\">{your_domains}</span></p>\r\n\r\n<p dir=\"rtl\"><span style=\"font-size:16px\">{your_hosting}</span></p>\r\n\r\n<p dir=\"rtl\"><span style=\"font-size:16px\">{your_products}</span></p>\r\n\r\n<p dir=\"rtl\"><span style=\"font-size:16px\">{your_scripts}</span></p>\r\n\r\n<p dir=\"rtl\"><span style=\"font-size:16px\">المجموع الكلي : {your_total}$</span></p>\r\n\r\n<p>&nbsp;</p>\r\n\r\n<p dir=\"rtl\"><span style=\"font-size:16px\">-------------------------------------</span></p>\r\n\r\n<p>&nbsp;</p>\r\n\r\n<p dir=\"rtl\"><span style=\"font-size:16px\">يمكنك تسجيل الدخول إلى منطقة العملاء لعرض ودفع الفاتورة على الرابط التالي <a href=\"{your_show_url}\">{your_show_url} </a></span></p>\r\n\r\n<p dir=\"rtl\">&nbsp;</p>\r\n\r\n<p dir=\"rtl\">&nbsp;</p>\r\n\r\n<p dir=\"rtl\"><span style=\"font-size:16px\">معلومات هامه ! </span></p>\r\n\r\n<p dir=\"rtl\"><span style=\"font-size:16px\">يرجى فتح تذكره جديده بـ قسم تأكيد الإيداعات البنكيه بمجرد ايداعك المبلغ المخصص للخدمه المطلوبه لكى يتم تأكيد التحويل على الفور وتفعيل خدمتك حينها .</span></p>\r\n\r\n<p dir=\"rtl\"><span style=\"font-size:16px\">&nbsp;-عندما تقوم بفتح تذكره جديده بـ قسم تأكيد الإيداعات البنكيه يرجى وضع جميع البيانات المطلوبه لتأكيد التحويل بمجرد استلام البيانات ويفضل دئمآ ان يرفق صوره من ايصال التحويل او الإداع.</span></p>\r\n\r\n<p dir=\"rtl\"><span style=\"font-size:16px\">.يرجى وضع رقم الخدمه المطلوبه ومحتواها معا التذكره المفتوحة من قبلك لكى يتم التعرف على نوع الخدمه المطلوبه فى اسرع وقت ممكن -</span></p>\r\n\r\n<p dir=\"rtl\">&nbsp;</p>\r\n','arabic'),(51,28,'كلمة المرور الجديدة لحسابك فى   {your_sitename} {subject}','<p dir=\"rtl\"><span style=\"font-size:16px\">مرحبا بك فى {your_sitename}&nbsp;</span></p>\r\n\r\n<p dir=\"rtl\"><span style=\"font-size:16px\">يمكنك تسجل الدخول&nbsp; بكلمة المرور الجديدة</span></p>\r\n\r\n<p dir=\"rtl\"><span style=\"font-size:16px\">اسم المستخدم&nbsp; : {your_user_name}</span></p>\r\n\r\n<p dir=\"rtl\"><span style=\"font-size:16px\">كلمة المرور : {your_pass} </span></p>\r\n\r\n<p>&nbsp;</p>\r\n\r\n<p dir=\"rtl\">&nbsp;</p>\r\n\r\n<p>&nbsp;</p>\r\n','arabic'),(52,28,'Your new password for  {your_sitename} {subject}','<p>Hello in your&nbsp; <span style=\"font-size:16px\">{your_sitename}&nbsp;</span></p>\r\n\r\n<p><span style=\"font-size:16px\">You can log new password</span></p>\r\n\r\n<p><span style=\"font-size:16px\">user name&nbsp; : {your_user_name}</span></p>\r\n\r\n<p><span style=\"font-size:16px\">password : {your_pass} </span></p>\r\n\r\n<p>&nbsp;</p>\r\n\r\n<p dir=\"rtl\">&nbsp;</p>\r\n\r\n<p dir=\"rtl\">&nbsp;</p>\r\n','english'),(54,29,'Confirmation pay the bill in {your_sitename}','<p><span style=\"font-size:18px\">&nbsp;Welcome</span>&nbsp;<span style=\"font-size:18px\"> &nbsp;<span style=\"font-family:comic sans ms,cursive\"> </span>{your_firstname} {your_lastname}</span></p>\r\n\r\n<p><span style=\"font-size:18px\">I have been to pay the bill no : # {invoices_num}&nbsp;</span> <span style=\"font-size:18px\">Successfully.</span></p>\r\n\r\n<p><span style=\"font-size:18px\">You can review the bill through the following link</span></p>\r\n\r\n<p dir=\"rtl\" style=\"text-align:left\"><a href=\"{invoices_link}\"><span style=\"font-size:18px\">{invoices_link}</span></a></p>\r\n\r\n<p style=\"text-align:right\">&nbsp;</p>\r\n\r\n<p><span style=\"font-size:18px\">Best regards,</span></p>\r\n\r\n<p dir=\"rtl\" style=\"text-align:left\"><span style=\"font-size:18px\"><span style=\"font-family:comic sans ms,cursive\"><a href=\"http://{your_siteurl}\">{your_sitename}</a></span></span></p>\r\n\r\n<p style=\"text-align:center\">&nbsp;</p>\r\n','english'),(57,31,'Add new reply on the ticket   [ ID : {tid} ] {subject}','<p><strong>Added the client<span style=\"font-size:16px\"><span style=\"font-family:arial,helvetica,sans-serif\">:</span></span></strong><span style=\"font-size:16px\"><span style=\"font-family:arial,helvetica,sans-serif\"> {your_user_nam}</span></span></p>\r\n\r\n<p><strong>New reply to the ticket</strong></p>\r\n\r\n<p>You can open the ticket through this link</p>\r\n\r\n<p><span style=\"font-size:16px\"><span style=\"font-family:arial,helvetica,sans-serif\"><a href=\"{ticket_show_url}\">{ticket_show_url}</a></span></span></p>\r\n','english'),(59,32,'New request  {your_sitename} {subject}','<p><span style=\"font-size:14px\"><strong>New order from customer</strong></span><span style=\"font-size:16px\"><span style=\"font-size:14px\"><strong> :</strong></span>&nbsp;{your_firstname} {your_lastname}</span></p>\r\n\r\n<p><span style=\"font-size:14px\"><strong>&nbsp;Date&nbsp;</strong></span><span style=\"font-size:16px\"><span style=\"font-size:14px\"><strong>:</strong></span>&nbsp;{your_date_added}</span></p>\r\n\r\n<p><strong><span style=\"font-size:14px\">The payment method is&nbsp;</span></strong><span style=\"font-size:16px\"><strong><span style=\"font-size:14px\">:</span></strong>&nbsp;{your_payment}</span></p>\r\n\r\n<p><strong><span style=\"font-size:14px\">Order number</span></strong><span style=\"font-size:16px\"><strong><span style=\"font-size:14px\">&nbsp;:</span>&nbsp;</strong>#{ordernum}</span></p>\r\n\r\n<p>&nbsp;</p>\r\n\r\n<p>&nbsp;</p>\r\n\r\n<p><strong><span style=\"font-size:16px\">Products required</span></strong></p>\r\n\r\n<p><strong><span style=\"font-size:14px\">{your_domains}</span></strong></p>\r\n\r\n<p><strong><span style=\"font-size:14px\">{your_hosting}</span></strong></p>\r\n\r\n<p><strong><span style=\"font-size:14px\">{your_products}</span></strong></p>\r\n\r\n<p><strong><span style=\"font-size:14px\">{your_scripts}</span></strong></p>\r\n\r\n<p><strong><span style=\"font-size:14px\">total summation&nbsp;</span><span style=\"font-size:16px\"><span style=\"font-size:14px\">:&nbsp;</span></span></strong><span style=\"font-size:16px\">{your_total}$</span></p>\r\n\r\n<p>&nbsp;</p>\r\n\r\n<p><span style=\"font-size:16px\">-------------------------------------</span></p>\r\n\r\n<p>&nbsp;</p>\r\n\r\n<p><strong><span style=\"font-size:14px\">You can open the order through this link</span></strong></p>\r\n\r\n<p><span style=\"font-size:16px\"><a href=\"{your_show_url}\">{your_show_url}</a></span></p>\r\n\r\n<p>&nbsp;</p>\r\n\r\n<p>&nbsp;</p>\r\n\r\n<p dir=\"rtl\">&nbsp;</p>\r\n','english');

--
-- Table structure for table `failed_jobs`
--

CREATE TABLE `failed_jobs` (
  `id` bigint unsigned NOT NULL AUTO_INCREMENT,
  `uuid` varchar(255) COLLATE utf8mb4_unicode_ci NOT NULL,
  `connection` text COLLATE utf8mb4_unicode_ci NOT NULL,
  `queue` text COLLATE utf8mb4_unicode_ci NOT NULL,
  `payload` longtext COLLATE utf8mb4_unicode_ci NOT NULL,
  `exception` longtext COLLATE utf8mb4_unicode_ci NOT NULL,
  `failed_at` timestamp NOT NULL DEFAULT CURRENT_TIMESTAMP,
  PRIMARY KEY (`id`),
  UNIQUE KEY `failed_jobs_uuid_unique` (`uuid`)
) ENGINE=InnoDB DEFAULT CHARSET=utf8mb4 COLLATE=utf8mb4_unicode_ci;

--
-- Dumping data for table `failed_jobs`
--


--
-- Table structure for table `hosting`
--

CREATE TABLE `hosting` (
  `id` int NOT NULL AUTO_INCREMENT,
  `price` decimal(10,2) NOT NULL,
  `discount_percentage` int NOT NULL DEFAULT '0',
  `setup_price` decimal(10,2) DEFAULT NULL,
  `cat_id` int NOT NULL,
  `domain_free` enum('0','1') CHARACTER SET utf8mb3 COLLATE utf8mb3_general_ci NOT NULL DEFAULT '1',
  `active` enum('0','1') CHARACTER SET utf8mb3 COLLATE utf8mb3_general_ci NOT NULL,
  `sort` int NOT NULL,
  `best` enum('0','1') CHARACTER SET utf8mb3 COLLATE utf8mb3_general_ci NOT NULL DEFAULT '0',
  `date_added` timestamp NOT NULL DEFAULT CURRENT_TIMESTAMP ON UPDATE CURRENT_TIMESTAMP,
  PRIMARY KEY (`id`)
) ENGINE=MyISAM AUTO_INCREMENT=54 DEFAULT CHARSET=latin1;

--
-- Dumping data for table `hosting`
--

INSERT INTO `hosting` VALUES (2,200.00,0,NULL,31,'1','1',3,'1','2015-03-04 11:45:31'),(4,80.00,0,NULL,31,'0','1',1,'0','2015-03-04 12:39:10'),(5,130.00,0,NULL,31,'0','1',2,'0','2015-03-02 08:01:51'),(6,320.00,0,NULL,31,'0','1',4,'0','2015-03-02 08:04:43'),(7,9.50,0,NULL,31,'0','1',5,'0','2015-03-02 09:00:35'),(8,7.50,0,0.00,33,'1','1',14,'1','2025-08-07 10:10:05'),(9,14.00,50,0.00,35,'0','1',0,'1','2024-09-25 09:05:33'),(10,90.00,0,NULL,0,'1','1',1,'1','2016-05-16 07:39:19'),(11,16.00,50,0.00,35,'1','1',1,'1','2024-09-25 09:09:11'),(12,30.00,50,0.00,35,'1','1',2,'0','2024-09-25 09:13:52'),(13,56.00,50,0.00,35,'1','1',3,'1','2024-09-25 09:19:20'),(14,100.00,50,0.00,35,'1','1',4,'1','2024-09-25 09:22:02'),(15,140.00,0,NULL,32,'1','0',5,'0','2019-12-31 10:30:28'),(16,150.00,0,NULL,32,'1','0',6,'1','2019-12-31 11:15:36'),(17,170.00,0,NULL,32,'1','0',7,'1','2019-12-31 10:30:42'),(18,190.00,0,NULL,32,'1','0',8,'1','2019-12-31 10:30:48'),(19,200.00,0,NULL,32,'1','0',9,'1','2019-12-31 10:30:56'),(20,240.00,0,NULL,32,'1','0',10,'1','2019-12-31 10:31:10'),(21,270.00,0,NULL,32,'1','0',11,'1','2019-12-31 10:31:25'),(22,5.83,0,0.00,33,'1','1',13,'1','2022-11-22 08:33:28'),(23,10.83,0,NULL,33,'1','1',15,'1','2019-12-01 10:49:53'),(24,260.00,50,39.00,32,'1','1',16,'1','2024-10-29 11:50:06'),(25,340.00,50,59.00,32,'1','0',17,'1','2024-10-30 13:51:46'),(26,380.00,50,79.00,32,'1','0',18,'1','2024-10-30 13:52:13'),(27,250.00,0,NULL,0,'1','1',19,'1','2019-12-31 12:20:42'),(28,620.00,50,119.00,32,'1','0',19,'1','2024-10-30 13:55:02'),(29,380.00,50,99.00,32,'1','0',20,'1','2024-10-30 13:53:40'),(30,800.00,50,299.00,32,'1','0',21,'1','2024-10-30 13:53:16'),(31,260.00,50,39.00,32,'1','1',22,'1','2024-10-29 09:34:56'),(32,800.00,50,119.00,32,'1','0',23,'1','2024-10-30 13:52:57'),(33,1.33,0,0.00,33,'1','1',1,'1','2023-02-07 12:28:07'),(34,2.50,0,0.00,33,'1','1',2,'1','2023-02-07 12:37:42'),(35,4.17,0,0.00,33,'1','1',3,'1','2023-02-07 12:40:57'),(36,6.00,0,0.00,44,'1','1',0,'1','2024-05-28 07:52:43'),(37,10.00,0,0.00,44,'1','1',0,'1','2024-05-28 07:58:42'),(38,16.00,0,0.00,44,'1','1',0,'1','2024-05-28 08:02:40'),(39,220.00,50,0.00,35,'1','1',6,'1','2024-09-25 09:39:34'),(41,300.00,50,39.00,32,'1','1',0,'1','2024-10-29 09:48:11'),(42,360.00,50,39.00,32,'1','1',0,'1','2024-10-29 11:07:03'),(43,580.00,50,69.00,32,'1','1',0,'1','2024-10-29 11:23:30'),(44,500.00,50,69.00,32,'1','1',0,'1','2024-10-29 12:01:20'),(45,740.00,50,69.00,32,'1','1',0,'1','2024-10-29 12:12:07'),(46,740.00,50,69.00,32,'1','1',0,'1','2024-10-29 12:20:31'),(47,980.00,50,69.00,32,'1','1',0,'1','2024-10-29 12:26:28'),(48,4060.00,50,69.00,32,'1','1',0,'1','2024-10-30 10:43:27'),(49,900.00,50,69.00,32,'1','1',0,'1','2024-10-30 10:51:40'),(50,1140.00,50,69.00,32,'1','1',0,'1','2024-10-30 11:05:48'),(51,580.00,50,69.00,32,'1','1',0,'1','2024-10-30 11:18:34'),(52,1060.00,50,69.00,32,'1','1',0,'1','2024-10-30 12:12:55'),(53,1580.00,50,69.00,32,'1','1',0,'1','2024-10-30 12:20:24');

--
-- Table structure for table `hosting_groups`
--

CREATE TABLE `hosting_groups` (
  `id` int NOT NULL AUTO_INCREMENT,
  `h_id` int NOT NULL,
  `name` varchar(250) CHARACTER SET utf8mb3 COLLATE utf8mb3_general_ci NOT NULL,
  `space` varchar(250) CHARACTER SET utf8mb3 COLLATE utf8mb3_general_ci NOT NULL,
  `trafic` varchar(250) CHARACTER SET utf8mb3 COLLATE utf8mb3_general_ci NOT NULL,
  `domain_number` varchar(250) CHARACTER SET utf8mb3 COLLATE utf8mb3_general_ci NOT NULL,
  `mysql_number` varchar(250) CHARACTER SET utf8mb3 COLLATE utf8mb3_general_ci NOT NULL,
  `emails_number` varchar(250) CHARACTER SET utf8mb3 COLLATE utf8mb3_general_ci NOT NULL,
  `speed_line` varchar(250) CHARACTER SET utf8mb3 COLLATE utf8mb3_general_ci NOT NULL,
  `backups` varchar(250) CHARACTER SET utf8mb3 COLLATE utf8mb3_general_ci NOT NULL,
  `backups_space` varchar(250) CHARACTER SET utf8mb3 COLLATE utf8mb3_general_ci NOT NULL,
  `file` varchar(50) CHARACTER SET utf8mb3 COLLATE utf8mb3_general_ci NOT NULL,
  `language` varchar(100) CHARACTER SET utf8mb3 COLLATE utf8mb3_general_ci NOT NULL,
  PRIMARY KEY (`id`)
) ENGINE=MyISAM AUTO_INCREMENT=107 DEFAULT CHARSET=latin1;

--
-- Dumping data for table `hosting_groups`
--

INSERT INTO `hosting_groups` VALUES (8,4,'30GB','30GB','300GB','10','10','5','20','454','545','b6d77d1935.jpg','english'),(3,2,'100GB',' 2048 ميجا','900 جيجا','6','212','20','43','45','4543','2c10c133b6.jpg','arabic'),(4,2,'100GB',' 2048 MB','900 GB','6','35','20','34','34','43','eae33bde08.jpg','english'),(7,4,'30GB','30 جيجا','300 جيجا','10','20','34','43','445','545','64e29e8231.jpg','arabic'),(9,5,'60GB','60 جيجا','600جيجا ','10','5','20','444','47','575','a9bbaa646b.jpg','arabic'),(10,5,'60GB','60GB','600GB','10','5','20','55','77','656','f6db3013bd.jpg','english'),(11,6,'150GB','150 جيجا','1 تيرا','20','50','545','54','5656','5635263','a93c6a7932.jpg','arabic'),(12,6,'150GB','150 GB','1 Terra','10','50','30','32132','23','212','97bdf05210.jpg','english'),(13,7,'Basic Plan','5 GB Diskspace','10 GB Bandwidth','65','55','10 Email Address','545','Base package','454','db4b830906.jpg','arabic'),(14,7,'Basic Plan','5 GB Diskspace','10 GB Bandwidth','56','98','10 Email Address','77','Base package','88','7a23139eaf.jpg','english'),(15,8,'shared (s2)','30 جيحا SSD','ترافيك غير محدود','دومين مجانى','5 قواعد بيانات','30 بريد الكترونى','','نسخ احتياطى مجانى','','3ab098974d.png','arabic'),(16,8,'shared (s2)','30 GB SSD','Unlimited Trafic','Free Domain','5 databases','30 mail account','','Free backup','','24719b2a56.png','english'),(17,9,'cx22','40 GB مساحة تخزينية ','ترافيك : 20 تيرا بايت شهريا ','الرام :4 جيجا','المعالج 2 vCore ','الإتصال 1 Gbit/s NIC ','','','','73eb189475.png','arabic'),(18,9,'cx22','40GB Space','20 TB Trafic / month','4 GB Ram','processor2 vCore ','Speed 1 Gbit/s NIC ','','','','3386e628fd.png','english'),(19,10,'vx20','50 GB مساحة تخزينية ','ترافيك : 5 تيرا بايت شهريا ','الرام : 2 جيجا ','المعالج 2 vCores ','الإتصال 1 Gbit/s NIC ','','','','057bc1954e.png','arabic'),(20,10,'vx20','50 GB Space','5 TB Trafic / month','2 GB Ram','processor 2 vCore','Speed 1 Gbit/s NIC','','','','65922fa262.png','english'),(21,11,'cpx11','40 GB مساحة تخزينية','ترافيك : 20 تيرا بايت شهريا','الرام : 2 جيجا','المعالج 2 vCores','الإتصال 1 Gbit/s NIC','','','','c62833d291.png','arabic'),(22,11,'cpx11','40 GB Space','20 TB Trafic / month','2 GB Ram','processor 2 vCore','Speed 1 Gbit/s NIC','','','','f309dba6a4.png','english'),(23,12,'cpx21','80 GB مساحة تخزينية','ترافيك :  20 تيرا بايت شهريا','الرام : 4 جيجا','المعالج 3 vCores','الإتصال 1 Gbit/s NIC','','','','676973c22a.png','arabic'),(24,12,'cpx21','80 GB Space','20 TB Trafic / month','4GB Ram','processor 3 vCore','Speed 1 Gbit/s NIC','','','','7a08726f70.png','english'),(25,13,'cpx31','160 GB مساحة تخزينية','ترافيك : 20 تيرا بايت شهريا','الرام : 8 جيجا','المعالج 4 vCores','الإتصال 1 Gbit/s NIC','','','','7954875375.png','arabic'),(26,13,'cpx31','160 GB Space','20 TB Trafic / month','8 GB Ram','processor 4 vCore','Speed 1 Gbit/s NIC','','','','ea81312c20.png','english'),(27,14,'cpx41','240 GB مساحة تخزينية','ترافيك : 20 تيرا بايت شهريا','الرام : 16 جيجا','المعالج 8 vCores','الإتصال 1 Gbit/s NIC','','','','1d79e44a5f.png','arabic'),(28,14,'cpx41','240 GB Space','20 TB Trafic / month','16 GB Ram','processor 8 vCore','Speed 1 Gbit/s NIC','','','','b0b66c005a.png','english'),(29,15,'vx60','600 GB مساحة تخزينية','ترافيك : 30 تيرا بايت شهريا','الرام : 32 جيجا','المعالج 8 vCores','الإتصال 1 Gbit/s NIC','','','','52ba1c1d5b.png','arabic'),(30,15,'vx60','600 GB Space','30 TB Trafic / month','32 GB Ram','processor 8 vCore','Speed 1 Gbit/s NIC','','','','bc663710d3.png','english'),(31,16,'SATA E40','4 TB مساحة تخزينية','ترافيك : 30 تيرا بايت شهريا ','الرام : 32 جيجا','المعالج Intel® Core™ i7-4770 Quad-Core Haswell','الإتصال 1 Gbit/s NIC','','','','8d010c9ba8.png','arabic'),(32,16,'SATA E40','4 TB Space','30 TB Trafic / month','32 GB Ram','processor Intel® Core™ i7-4770 Quad-Core Haswell','Speed 1 Gbit/s NIC','','','','1d32853fb0.png','english'),(33,17,'SATA E60','4 TB مساحة تخزينية','ترافيك : 30 تيرا بايت شهريا','الرام : 48 جيجا','المعالج Intel® Core™ i7-920 Quad-Core','Speed 1 Gbit/s NIC','','','','c2decd6926.png','arabic'),(34,17,'SATA E60','4 TB Space','30 TB Trafic / month','48 GB Ram','processor  Intel® Core™ i7-920 Quad-Core','Speed 1 Gbit/s NIC','','','','cb51573840.png','english'),(35,18,'SATA P60','4 TB مساحة تخزينية','ترافيك : 30 تيرا بايت شهريا','الرام : 32 جيجا','المعالج Intel® Xeon® E3-1270 v3 Quad-Core Haswell','Speed 1 Gbit/s NIC','','','','d4596aedc8.png','arabic'),(36,18,'SATA P60','4 TB Space','30 TB Trafic / month','32 GB Ram','processor Intel® Xeon® E3-1270 v3 Quad-Core Haswell','Speed 1 Gbit/s NIC','','','','fb79528113.png','english'),(37,19,'SATA P70','8 TB مساحة تخزينية','ترافيك : 30 تيرا بايت شهريا','الرام : 32 جيجا','المعالج Intel® Xeon® E3-1270 v3 Quad-Core Haswell ','Speed 1 Gbit/s NIC','','','','f953bd77d6.png','arabic'),(38,19,'SATA P70','8 TB Space','30 TB Trafic / month','32 GB Ram','processor Intel® Xeon® E3-1270 v3 Quad-Core Haswell','Speed 1 Gbit/s NIC','','','','b5b0910edf.png','english'),(39,20,'SATA P91','4 TB مساحة تخزينية','ترافيك : 50 تيرا بايت شهريا','الرام : 64 جيجا','المعالج Intel® Xeon® E5-1650 v3 Hexa-Core Haswell','الإتصال 1 Gbit/s NIC','','','','be14f941cc.png','arabic'),(40,20,'SATA P91','4 TB Space','50 TB Trafic / month','64 GB Ram','processor Intel® Xeon® E5-1650 v3 Hexa-Core Haswell','Speed 1 Gbit/s NIC','','','','e8b2f4b8a2.png','english'),(41,21,'SATA P121','8 TB مساحة تخزينية','ترافيك : 50 تيرا بايت شهريا','الرام : 128 جيجا','المعالج Intel® Xeon® E5-1650 v3 Hexa-Core Haswell ','الإتصال 1 Gbit/s NIC','','','','c8725648f7.png','arabic'),(42,21,'SATA P121','8 TB Space','50 TB Trafic / month','128 GB Ram','processor Intel® Xeon® E5-1650 v3 Hexa-Core Haswell','Speed 1 Gbit/s NIC','','','','050ea95ec8.png','english'),(43,22,'shared (s1)','20 جيحا SSD','ترافيك غير محدود','دومين مجانى','3 قواعد بيانات ','20 بريد الكترونى','','نسخ احتياطى مجانى','','15861528d0.png','arabic'),(44,22,'shared (s1)','20 GB SSD','Unlimited Traffic','Free Domain','3 databases','20 mail account','','Free backup','','2589a2fd63.png','english'),(45,23,'shared (s3)','50 جيحا SSD','ترافيك غير محدود','دومين مجانى','قواعد بيانات غير محدودة','عدد ايميلات غير محدود','','نسخ احتياطى مجانى','','2cf875bd0e.png','arabic'),(46,23,'shared (s3)','50 GB SSD','Unlimited Traffic','Free Domain','Unlimited Mysql','Unlimited Emails number','','Free backup','','41290b98b8.png','english'),(47,24,'E44','مساحة تخزينية: 	2 x 512 GB NVMe SSD (Gen4)',' ترافيك  :  غير محدود','الرام  : 64  جيجا','المعالج  :  Intel® Core™ i5-13500','الإتصال  :  ١ جيجا بت/ثانية','','','نسخ احتياطى  : 100 جيجا','','arabic'),(87,44,'E101','مساحة تخزينية : 	2 x 1.92 TB NVMe SSD Datacenter Edition (Gen 4)','ترافيك: غير محدود','الرام :64 GB DDR5 ECC','المعالج: Intel® Core™ i9-13900','الاتصال 1 GBIT/s port','','','نسخ احتياطى : 100 جيجا','','arabic'),(48,24,'E44','Space  :  2 x 512 GB NVMe SSD (Gen4)','Trafic :  Unlimited  ','Ram :  64 GB DDR4','Processor : Intel® Core™ i5-13500','Speed  : 1GBit/s port','','','Backups space  :  100 GB','','english'),(49,25,'E52',' مساحة تخزينية   : ٢  x ١ تيرا بايت NVMe SSD (software RAID 1) ','ترافيك : غير محدود','الرام : 128 جيجا','المعالج : Intel® Core™ i7-8700 Hexa-Core','الإتصال  :  ١ جيجا بت/ثانية','','','نسخ احتياطى  : 100 جيجا','','arabic'),(50,25,'E52','Space  :  2 x 1 TB NVMe SSD (software RAID 1)','Trafic :  Unlimited ','Ram :  128 GB DDR4','Processor : Intel® Core™ i7-8700 Hexa-Core','Speed  : 1GBit/s port','','','Backups space  :  100 GB','','english'),(51,26,'P62',' مساحة تخزينية   : ٢   x  ٩٦٠جيحا NVMe SSD Datacenter Edition (software RAID 1)',' ترافيك  :  غير محدود','الرام : 64 جيجا','المعالج : Intel® Xeon® E-2176G Hexa-Core','الإتصال  :  ١ جيجا بت/ثانية','','','نسخ احتياطى : 100جيجا','','arabic'),(52,26,'P62','Space :  2 x 960 GB NVMe SSD Datacenter Edition (software RAID 1)','Trafic :  Unlimited  ','Ram :  64 GB DDR4 ECC','Processor : Intel® Xeon® E-2176G Hexa-Core','Speed  : 1GBit/s port','','','Backups space  :  100 GB','','english'),(53,27,'P92',' مساحة تخزينية  :  optional (at additional cost)',' ترافيك  :  غير محدود','الرام : 128جيجا','المعالج : Intel® Xeon® W-2145 Octa-Core Skylake W','الإتصال  :  ١ جيجا بت/ثانية','','','نسخ احتياطى : 100جيجا','','arabic'),(54,27,'p92','Space : optional (at additional cost)','Trafic :  Unlimited','Ram :  64 GB DDR4 ECC','Processor :  Intel® Xeon® W-2145 Octa-Core Skylake W','Speed  : 1GBit/s port','','','Backups space  :  100 GB','','english'),(55,28,'P93',' مساحة تخزينية  :  optional (at additional cost) ',' ترافيك  :  غير محدود','الرام : 128 جيجا','المعالج : Intel® Xeon® W-2145 Octa-Core Skylake W','الإتصال  :  ١ جيجا بت/ثانية','','','نسخ احتياطى : 100جيجا','','arabic'),(56,28,'P92','Space :  optional (at additional cost)','Trafic :  Unlimited ','Ram :  128 GB DDR4 ECC','Processor : Intel® Xeon® W-2145 Octa-Core Skylake W','Speed  : 1GBit/s port','','','Backups space  :  100 GB','','english'),(57,29,'S64',' مساحة تخزينية   :  ٤ x ١٦ TB SATA 6 Gb/s Enterprise HDD; 7200 rpm (Software-RAID; Level optional)  ',' ترافيك  :  غير محدود','الرام : 64 جيجا','المعالج : AMD Ryzen 5 3600 Hexa-Core ','الإتصال  :  ١ جيجا بت/ثانية','','','نسخ احتياطى : 100جيجا','','arabic'),(58,29,'S64','Space : 4 x 16 TB SATA 6 Gb/s Enterprise HDD; 7200 rpm (Software-RAID; Level optional)','Trafic :  Unlimited ','Ram : 64 GB DDR4 ECC RAM','Processor :AMD Ryzen 5 3600 Hexa-Core ','Speed  : 1GBit/s port','','','Backups space  :  100 GB','','english'),(59,30,'S134',' مساحة تخزينية   :  ٢  x ٦٩٠جيجا بايت  NVMe SSD Datacenter Edition',' ترافيك  :  غير محدود','الرام : 128 جيجا','المعالج : AMD Ryzen 7 3700X Octa-Core ','الإتصال  :  ١ جيجا بت/ثانية','','','نسخ احتياطى : 100جيجا','','arabic'),(60,30,'S134','Space : 2 x 960 GB NVMe SSD Datacenter Edition','Trafic :  Unlimited','Ram :  128 GB DDR4 ECC','Processor : AMD Ryzen 7 3700X Octa-Core ','Speed  : 1GBit/s port','','','Backups space  :  100 GB','','english'),(61,31,'A41',' مساحة تخزينية   : ٥١٢  x ٢ تيرا بايت NVMe SSD (software RAID 1) ',' ترافيك  :  غير محدود','الرام : 64 جيجا','المعالج : AMD Ryzen 5 3600 Hexa-Core','الإتصال  :  ١ جيجا بت/ثانية','','','نسخ احتياطى : 100جيجا','','arabic'),(62,31,'A41','Space : 2 x 512 GB NVMe SSD (software-RAID 1)','Trafic :  Unlimited','Ram :  64 GB DDR4','Processor : AMD Ryzen 5 3600 Hexa-Core','connection : 1GBit/s port','','','Backups space  :  100 GB','','english'),(63,32,'A161',' مساحة تخزينية   : ٢   x  ٩٦٠جيحا NVMe Datacenter Edition (software-RAID 1)',' ترافيك  :  غير محدود','الرام : 128 جيجا','المعالج : AMD EPYC™ 7502P 32-Core ','الإتصال  :  ١ جيجا بت/ثانية','','','نسخ احتياطى : 100جيجا','','arabic'),(64,32,'A161','Space : 2 x 960 GB NVMe Datacenter Edition (software-RAID 1)','Trafic :  Unlimited','Ram :  128 GB DDR4 ECC','Processor : AMD EPYC™ 7502P 32-Core ','Speed  : 1GBit/s port','','','Backups space  :  100 GB','','english'),(65,33,'SHARED (E1)','3 جيحا SSD','5 جيجا ترافيك','مجانى SSL','عدد 1 قواعد بيانات ','عدد 1 بريد الكترونى','','نسخ احتياطى مجانى','','','arabic'),(66,33,'SHARED (E1)','3 GB SSD','3 GB Trafic','Free SSL','1 databases','One mail account','','Free backup','','','english'),(67,34,'SHARED (E2)','9 جيحا SSD','10 جيجا ترافيك','مجانى SSL','عدد 2 قواعد بيانات ','عدد 3 بريد الكترونى','','نسخ احتياطى مجانى','','','arabic'),(68,34,'SHARED (E2)','9 GB SSD','10 GB Trafic','Free SSL','2 databases','3 mail account','','Free backup','','','english'),(69,35,'SHARED (E3)','15 جيحا SSD','20 جيجا ترافيك','مجانى SSL','عدد 3 قواعد بيانات ','عدد 10 بريد الكترونى','','نسخ احتياطى مجانى','','','arabic'),(70,35,'SHARED (E3)','15 GB SSD','20 GB Trafic','Free SSL','3 databases','10 mail account','','Free backup','','','english'),(71,36,'Basic','مساحة غير محدودة','ترافيك غير محدود ','','1 Sql Server','عدد ٢٠ بريد الكترونى','شهادة SSL مجانية','نسخ احتياطى مجانى','Windows Server 2022','','arabic'),(72,36,'Basic','Unlimited Space','Unlimited Trafic','','1 Sql Server','20 Emails Accounts','Free SSL','Free Backup','Windows Server 2022','','english'),(73,37,'Advance','مساحة غير محدودة','ترافيك غير محدود ','','6 Sql Server','عدد ٤٠ بريد الكترونى','شهادة SSL مجانية','نسخ احتياطى مجانى','Windows Server 2022','','arabic'),(74,37,'Advance','Unlimited Space','Unlimited Trafic','','6 Sql Server','40 Emails Accounts','Free SSL','Free Backup','Windows Server 2022','','english'),(75,38,'Premium','مساحة غير محدودة','ترافيك غير محدود ','','عدد غير محدود من قواعد البيانات','عدد ٦٠ بريد الكترونى','شهادة SSL مجانية','نسخ احتياطى مجانى','Windows Server 2022','','arabic'),(76,38,'Premium','Unlimited Space','Unlimited Trafic','','Unlimited Sql Server','60 Emails Accounts','Free SSL','Free Backup','Windows Server 2022','','english'),(77,39,'cpx51','مساحة تخزينية : 360GB','ترافيك 20تيرا بايت شهريا ','الرام: 32GB','المعالج vCores16','الاتصال 1 GBIT/s NIC','','','','','arabic'),(78,39,'cpx51','360GB','20TB','32 GB RAM ','16 processor','','','','','','english'),(81,41,'A42','مساحة تخزينية:2*512 جيجا بايت NVME SSD','ترافيك: غير محدود','الرام: 64 جيجا بايت ','المعالج: AMD Ryzn 7pro 8700 GB','الاتصال 1: GBIT/s port','','','نسخ احتياطى : 100 جيجا','','arabic'),(82,41,'A42','space : 2 x 512 GB NVMe SSD ','Trafic:  unlimited','RAM: 64 ','processor: AMD Ryzen™ 7 PRO 8700GE','connection:  1 GBIT/s SPORT','','','backup: 100 GB','','english'),(83,42,'A52','مساحة تخزينية: 2 x 1 TB NVMe SSD (Gen4)','ترافيك: غير محدود','الرام: 64 جيجا بايت ','المعالج: AMD Ryzen™ 7 7700','الاتصال 1 GBIT/s port','','','نسخ احتياطى : 100 جيجا','','arabic'),(84,42,'A52','SPACE:	2 x 1 TB NVMe SSD (Gen4)',' Trafic: unlimited','RAM: 64 GB','processor: AMD Ryzen™ 7 7700','Connection:	1 GBit/s port','','','backup: 100 GB','','english'),(85,43,'A102','مساحة تخزينية :	2 x 1.92 TB NVMe SSD ','ترافيك: غير محدود','الرام:	128 GB DDR5 ECC','المعالج: AMD Ryzen™ 9 7950X3D','الاتصال 1: GBIT/s port','','','نسخ احتياطى : 100 جيجا','','arabic'),(86,43,'A102','space:	2 x 1.92 TB NVMe SSD Datacenter Edition (Gen4)','Traffic:	Unlimited ','RAM:	128 GB DDR5 ECC','processor: AMD Ryzen™ 9 7950X3D','Connection:	1 GBit/s port','','','backup: 100 GB','','english'),(88,44,'E101','space: 	2 x 1.92 TB NVMe SSD Datacenter Edition (Gen 4)',' Trafic: unlimited','RAM:	64 GB DDR5 ECC','processor: Intel® Core™ i9-13900','Connection:	1 GBit/s port','','','backup: 100 GB','','english'),(89,45,' E130-R','مساحة تخزينية: :	2 x 1.92 TB NVMe SSD Datacenter Edition (Gen 4)','ترافيك: غير محدود','الرام: 256 GB DDR5 ECC reg.','المعالج: Intel® Xeon® Gold 5412U','الاتصال 1: GBIT/s port','','','نسخ احتياطى : 100 جيجا','','arabic'),(90,45,' E130-R','space: 	2 x 1.92 TB NVMe SSD Datacenter Edition (Gen 4)',' Trafic: unlimited','RAM:	256 GB DDR5 ECC reg.','processor: Intel® Xeon® Gold 5412U','Connection:	1 GBit/s-Port','','','backup: 100 GB','','english'),(91,46,'E130-S','مساحة تخزينية : 2 x 3.84 TB NVMe SSD Datacenter Edition (Gen 4)','ترافيك: غير محدود','الرام : 128 GB DDR5 ECC reg.','المعالج: Intel® Xeon® Gold 5412U','الاتصال 1: GBIT/s port','','','نسخ احتياطى : 100 جيجا','','arabic'),(92,46,'EX130-S','space: 2 x 3.84 TB NVMe SSD Datacenter Edition (Gen 4)',' Trafic: unlimited','RAM:	128 GB DDR5 ECC reg.','processor: Intel® Xeon® Gold 5412U','Connection:	1 GBit/s-Port','','','backup: 100 GB','','english'),(93,47,'GE44','مساحة تخزينية : 	2 x 1.92 TB NVMe SSD (Gen3)','ترافيك: غير محدود','الرام: 	64 GB DDR4','المعالج: Intel® Core™ i5-13500','الاتصال 1: GBIT/s port','','','نسخ احتياطى: 100 جيجا','','arabic'),(94,47,'GE44','space: 2 x 1.92 TB NVMe SSD (Gen3)',' Trafic: unlimited','RAM:	64 GB DDR4','processor: Intel® Core™ i5-13500','Connection:	1 GBit/s-Port','','','backup: 100 GB','','english'),(95,48,'GE130','مساحة تخزينية: 	2 x 1.92 TB NVMe SSD Datacenter Edition','ترافيك: غير محدود','الرام : 128 GB DDR5 ECC reg','المعالج : Intel® Xeon® Gold 5412U','الاتصال 1: GBIT/s port','','','نسخ احتياطى: 100 جيجا','','arabic'),(96,48,'GE130','space: 	2 x 1.92 TB NVMe SSD Datacenter Edition',' Trafic: unlimitied','RAM:	128 GB DDR5 ECC reg','processor: Intel® Xeon® Gold 5412U','Connection:	1 GBit/s-Port','','','backup: 100 GB','','english'),(97,49,'R170','مساحة تخزينية: 2 x 960 GB Datacenter NVMe SSD','ترافيك: غير محدود','الرام: 128 GB DDR4 ECC','المعالج: Ampere® Altra® Q80-30','الاتصال 1: GBIT/s port','','','نسخ احتياطى: 100 جيجا','','arabic'),(98,49,'R170','space: 2 x 960 GB Datacenter NVMe SSD',' Trafic: unlimited','RAM:	128 GB DDR4 ECC','processor: Ampere® Altra® Q80-30','Connection:	1 GBit/s port','','','backup: 100 GB','','english'),(99,50,' R220','مساحة تخزينية: :	2 x 3,84 TB Datacenter NVMe SSD','ترافيك: غير محدود','الرام: 	256 GB DDR4 ECC','المعالج: Ampere® Altra® Q80-30','الاتصال 1: GBIT/s port','','','نسخ احتياطى: 100 جيجا','','arabic'),(100,50,' R220','space: 2 x 3,84 TB Datacenter NVMe SSD',' Trafic: unlimited','RAM:	256 GB DDR4 ECC','processor: Ampere® Altra® Q80-30','Connection:	1 GBit/s port','','','backup: 100 GB','','english'),(101,51,'S65','مساحة تخزينية: 	4 x 22 TB SATA HDD, 2x 1 TB (Gen3) SSD','ترافيك: غير محدود','الرام: 64 GB DDR4 ECC','المعالج: AMD Ryzen™ 7 3700X','الاتصال 1: GBIT/s port','','','نسخ احتياطى: 100 جيجا','','arabic'),(102,51,'S65','space: 4 x 22 TB SATA HDD, 2x 1 TB (Gen3) SSD',' Trafic: unlimited','RAM:	64 GB DDR4 ECC','processor: AMD Ryzen™ 7 3700X','Connection:	1 GBit/s port','','','backup: 100 GB','','english'),(103,52,'S135','مساحة تخزينية: 	8 x 22 TB SATA HDD, 2x 1.92 TB SSD Datacenter Edition (Gen3)','ترافيك: غير محدود','الرام: 256 GB DDR4 ECC reg.','المعالج: AMD Ryzen™ 9 3900','الاتصال 1: GBIT/s port','','','نسخ احتياطى: 100 جيجا','','arabic'),(104,52,'S135','space: 	8 x 22 TB SATA HDD, 2x 1.92 TB SSD Datacenter Edition (Gen3)','Trafic:  unlimited','RAM:	128 GB DDR4 ECC','processor: AMD Ryzen™ 9 3900','Connection:	1 GBit/s port','','','backup: 100 GB','','english'),(105,53,'S295','مساحة تخزينية: 14 x 22 TB SATA HDD, 2x 7.68 TB Datacenter Edition SSD (Gen4)','ترافيك: غير محدود','الرام: 	256 GB DDR4 ECC reg.','المعالج: AMD EPYC™ 7502P','الاتصال 1: GBIT/s port','','','نسخ احتياطى: 100 جيجا','','arabic'),(106,53,'S295','space: 	14 x 22 TB SATA HDD, 2x 7.68 TB Datacenter Edition SSD (Gen4)',' Trafic:  unlimited','RAM:	256 GB DDR4 ECC reg.','processor: AMD EPYC™ 7502P','Connection:	1 GBit/s port','','','backup : 100 GB','','english');

--
-- Table structure for table `hosting_order`
--

CREATE TABLE `hosting_order` (
  `id` int NOT NULL AUTO_INCREMENT,
  `userid` int NOT NULL,
  `hosting_id` int NOT NULL,
  `controlpanel_id` int DEFAULT NULL,
  `operating_id` int DEFAULT NULL,
  `host_name` varchar(250) CHARACTER SET utf8mb3 COLLATE utf8mb3_general_ci DEFAULT NULL,
  `server_management_cost` decimal(10,2) DEFAULT NULL,
  `domain` varchar(250) CHARACTER SET utf8mb3 COLLATE utf8mb3_general_ci NOT NULL,
  `type` enum('hosting','products','scripts') CHARACTER SET utf8mb3 COLLATE utf8mb3_general_ci NOT NULL DEFAULT 'hosting',
  `status` enum('0','1','2') CHARACTER SET utf8mb3 COLLATE utf8mb3_general_ci NOT NULL DEFAULT '0',
  `date_added` timestamp NOT NULL DEFAULT CURRENT_TIMESTAMP ON UPDATE CURRENT_TIMESTAMP,
  PRIMARY KEY (`id`)
) ENGINE=MyISAM AUTO_INCREMENT=173 DEFAULT CHARSET=latin1;

--
-- Dumping data for table `hosting_order`
--

INSERT INTO `hosting_order` VALUES (26,118,8,NULL,NULL,NULL,NULL,'hdjshjkhfdgdfjgdfgdfgdfg.com','hosting','1','2025-04-14 07:20:16'),(27,2,21,NULL,NULL,NULL,NULL,'ashraf7amdy.com','hosting','0','2017-05-24 07:59:10'),(28,156,16,NULL,NULL,NULL,NULL,'primo-servicecom','hosting','1','2017-08-09 10:27:30'),(29,2,20,NULL,NULL,NULL,NULL,'ashraf7amdy.com','hosting','0','2018-03-26 07:26:51'),(30,167,8,NULL,NULL,NULL,NULL,'LightingfixOrg','hosting','0','2018-05-26 06:41:12'),(31,172,8,NULL,NULL,NULL,NULL,'خدمه أهلا وسهلا للصيانه المنزلية القاهره','hosting','0','2018-09-11 17:24:01'),(32,2,20,NULL,NULL,NULL,NULL,'ashraf7amdy.com','hosting','0','2018-09-16 12:29:11'),(33,1,9,NULL,NULL,NULL,NULL,'ashraf7amdy.com','hosting','0','2019-01-17 14:07:47'),(34,118,21,NULL,NULL,NULL,NULL,'ali123.net','hosting','0','2019-11-11 11:14:10'),(35,118,20,NULL,NULL,NULL,NULL,'ali12325854.com','hosting','0','2019-11-11 11:15:07'),(36,118,20,NULL,NULL,NULL,NULL,'sdjkfhjsdkh424545.com','hosting','0','2019-11-11 11:18:37'),(37,118,20,NULL,NULL,NULL,NULL,'fgfdgdfgdf.com','hosting','0','2019-11-11 11:47:58'),(38,189,11,NULL,NULL,NULL,NULL,'F10','products','0','2019-12-10 08:24:23'),(39,2,13,NULL,NULL,NULL,NULL,'F30','products','0','2019-12-03 11:34:34'),(40,189,11,NULL,NULL,NULL,NULL,'shazaHatem.com','hosting','1','2020-01-16 14:54:38'),(41,189,18,NULL,NULL,NULL,NULL,'F80','products','0','2019-12-11 07:59:18'),(42,140,24,NULL,NULL,NULL,NULL,'husseinmahmoud.com','hosting','0','2020-01-02 07:51:33'),(43,140,25,NULL,NULL,NULL,NULL,'husseinma.com','hosting','0','2020-01-02 07:52:33'),(44,2,31,NULL,NULL,NULL,NULL,'ashraf7amdy.com','hosting','0','2020-01-02 07:53:11'),(45,140,28,NULL,NULL,NULL,NULL,'husseinma.com','hosting','0','2020-01-02 07:53:14'),(46,140,8,NULL,NULL,NULL,NULL,'husseinmahmoud.com','hosting','0','2020-01-02 07:55:20'),(47,140,11,NULL,NULL,NULL,NULL,'ali123.com','hosting','0','2020-01-02 08:34:50'),(48,140,24,NULL,NULL,NULL,NULL,'husseinma.com','hosting','0','2020-01-02 08:36:36'),(49,140,25,NULL,NULL,NULL,NULL,'sadsadsadsadsadsa.com','hosting','0','2020-01-02 08:37:16'),(50,140,28,NULL,NULL,NULL,NULL,'husseinmahmoud.com','hosting','0','2020-01-02 08:37:57'),(51,140,24,NULL,NULL,NULL,NULL,'husseinma.com','hosting','0','2020-01-02 08:39:07'),(52,140,23,NULL,NULL,NULL,NULL,'husseinma.net','hosting','0','2020-01-02 08:39:07'),(53,140,25,NULL,NULL,NULL,NULL,'ali12325854.com','hosting','0','2020-01-02 08:40:04'),(54,140,25,NULL,NULL,NULL,NULL,'ali12325854.com','hosting','0','2020-01-02 08:40:23'),(55,140,28,NULL,NULL,NULL,NULL,'sdjkfhjsdkh424545.com','hosting','0','2020-01-02 08:41:04'),(56,140,12,NULL,NULL,NULL,NULL,'fgfdgdfgdf.com','hosting','0','2020-01-02 08:43:01'),(57,140,28,NULL,NULL,NULL,NULL,'husseinmahmoud.com','hosting','0','2020-01-02 08:43:01'),(58,140,28,NULL,NULL,NULL,NULL,'husseinma.com','hosting','0','2020-01-02 08:43:54'),(59,189,9,NULL,NULL,NULL,NULL,'dfsdsdfsdf.com','hosting','1','2020-01-02 09:24:55'),(60,189,9,NULL,NULL,NULL,NULL,'snaHatem.com','hosting','1','2020-01-02 09:43:17'),(61,189,18,NULL,NULL,NULL,NULL,'F80','products','0','2020-01-08 12:38:01'),(62,189,98,NULL,NULL,NULL,NULL,'stores','scripts','0','2020-01-08 13:09:38'),(63,189,97,NULL,NULL,NULL,NULL,'stores 2','scripts','0','2020-01-08 13:30:47'),(64,189,98,NULL,NULL,NULL,NULL,'stores','scripts','0','2020-01-12 09:54:29'),(65,1,12,NULL,NULL,NULL,NULL,'F20','products','0','2020-01-12 11:09:28'),(66,1,12,NULL,NULL,NULL,NULL,'F20','products','0','2020-01-12 11:18:36'),(67,1,97,NULL,NULL,NULL,NULL,'سكربت متجر العرب','scripts','0','2020-01-12 11:18:36'),(68,189,98,NULL,NULL,NULL,NULL,'حساباتي','scripts','0','2020-01-12 14:09:14'),(69,189,97,NULL,NULL,NULL,NULL,'Arab store script','scripts','0','2020-01-13 08:37:45'),(70,189,98,NULL,NULL,NULL,NULL,'حساباتي','scripts','0','2020-01-16 11:11:29'),(71,189,9,NULL,NULL,NULL,NULL,' sanaHatem.com','hosting','0','2020-01-16 12:58:00'),(72,189,17,NULL,NULL,NULL,NULL,'F70','products','0','2020-01-16 12:58:00'),(73,189,98,NULL,NULL,NULL,NULL,'حساباتي','scripts','0','2020-01-16 12:58:00'),(74,189,9,NULL,NULL,NULL,NULL,'sanaHatem.com','hosting','0','2020-01-16 13:07:45'),(75,189,18,NULL,NULL,NULL,NULL,'F80','products','0','2020-01-16 13:07:45'),(76,189,98,NULL,NULL,NULL,NULL,'حساباتي','scripts','0','2020-01-16 13:07:45'),(77,189,9,NULL,NULL,NULL,NULL,'sanaHatem.com','hosting','0','2020-01-16 13:13:01'),(78,189,18,NULL,NULL,NULL,NULL,'F80','products','0','2020-01-16 13:13:01'),(79,189,98,NULL,NULL,NULL,NULL,'حساباتي','scripts','0','2020-01-16 13:13:01'),(80,189,13,NULL,NULL,NULL,NULL,'sanHatem.com','hosting','0','2020-01-16 13:21:51'),(81,189,15,NULL,NULL,NULL,NULL,'F50','products','0','2020-01-16 13:21:51'),(82,189,97,NULL,NULL,NULL,NULL,'Arab store script','scripts','0','2020-01-16 13:21:51'),(83,189,13,NULL,NULL,NULL,NULL,'sanaHatem.com','hosting','0','2020-01-16 13:32:50'),(84,189,15,NULL,NULL,NULL,NULL,'F50','products','0','2020-01-16 13:32:50'),(85,189,97,NULL,NULL,NULL,NULL,'Arab store script','scripts','0','2020-01-16 13:32:50'),(86,189,13,NULL,NULL,NULL,NULL,'sanaHatem.com','hosting','0','2020-01-16 14:01:53'),(87,189,15,NULL,NULL,NULL,NULL,'F50','products','0','2020-01-16 14:01:53'),(88,189,97,NULL,NULL,NULL,NULL,'Arab store script','scripts','0','2020-01-16 14:01:53'),(89,189,15,NULL,NULL,NULL,NULL,'F50','products','0','2020-01-16 14:12:11'),(90,189,97,NULL,NULL,NULL,NULL,'Arab store script','scripts','0','2020-01-16 14:12:11'),(91,189,18,NULL,NULL,NULL,NULL,'F80','products','0','2020-01-16 14:14:05'),(92,189,98,NULL,NULL,NULL,NULL,'حساباتي','scripts','0','2020-01-16 14:14:05'),(93,189,18,NULL,NULL,NULL,NULL,'F80','products','0','2020-01-16 14:17:07'),(94,189,97,NULL,NULL,NULL,NULL,'سكربت متجر العرب','scripts','0','2020-01-16 14:17:07'),(95,189,97,NULL,NULL,NULL,NULL,'سكربت متجر العرب','scripts','0','2020-01-16 14:19:34'),(96,189,18,NULL,NULL,NULL,NULL,'F80','products','0','2020-01-16 14:25:15'),(97,189,97,NULL,NULL,NULL,NULL,'سكربت متجر العرب','scripts','0','2020-01-16 14:25:15'),(98,189,18,NULL,NULL,NULL,NULL,'F80','products','0','2020-01-16 14:27:07'),(99,189,18,NULL,NULL,NULL,NULL,'F80','products','0','2020-01-16 14:27:07'),(100,189,97,NULL,NULL,NULL,NULL,'سكربت متجر العرب','scripts','0','2020-01-16 14:27:07'),(101,189,9,NULL,NULL,NULL,NULL,'sanaHatem.com','hosting','1','2020-01-16 15:09:45'),(102,189,18,NULL,NULL,NULL,NULL,'F80','products','0','2020-01-16 14:40:20'),(103,189,98,NULL,NULL,NULL,NULL,'حساباتي','scripts','0','2020-01-16 14:40:20'),(104,189,9,NULL,NULL,NULL,NULL,' shazaHatem.com','hosting','1','2020-01-16 15:07:46'),(105,189,18,NULL,NULL,NULL,NULL,'F80','products','0','2020-01-16 14:43:15'),(106,189,98,NULL,NULL,NULL,NULL,'حساباتي','scripts','0','2020-01-16 14:43:15'),(107,140,8,NULL,NULL,NULL,NULL,'husseinmahmoud.com','hosting','0','2020-06-18 09:22:27'),(108,2,9,NULL,NULL,NULL,NULL,'asdfsdfdf','hosting','0','2020-06-22 09:44:42'),(109,2,24,NULL,NULL,NULL,NULL,'asdfsdfdf','hosting','0','2020-09-13 09:31:50'),(110,140,24,NULL,NULL,NULL,NULL,'last-news-live.com','hosting','0','2021-01-12 08:10:27'),(111,118,9,NULL,6,NULL,NULL,'ali7amdy.com','hosting','0','2021-01-26 15:03:40'),(112,118,9,NULL,7,'hamza.ali7amdy.com',49.00,'ali7amdy2021.com','hosting','0','2021-01-26 15:06:38'),(113,118,9,NULL,5,'hamza.ali.com',49.00,'ali7amdy.com','hosting','0','2021-01-27 11:41:44'),(114,258,8,NULL,NULL,NULL,NULL,'hostongatcom','hosting','1','2022-01-10 11:09:12'),(115,140,9,NULL,11,NULL,NULL,'ali7amdy.com','hosting','0','2022-02-06 09:01:46'),(116,260,14,NULL,7,'server.tamiyoz.com',35.00,'tamiyozcom','hosting','0','2022-02-07 12:47:11'),(117,265,8,NULL,NULL,NULL,NULL,'tamiozcom','hosting','0','2022-04-19 09:31:39'),(118,2,25,NULL,NULL,NULL,NULL,'EU','products','0','2022-11-22 09:56:32'),(119,2,21,NULL,NULL,NULL,NULL,'E3','products','0','2022-11-22 09:56:32'),(120,2,13,NULL,NULL,NULL,NULL,'F30','products','0','2022-11-22 09:56:32'),(121,2,97,NULL,NULL,NULL,NULL,'سكربت متجر العرب','scripts','0','2022-11-22 09:56:32'),(122,2,20,NULL,NULL,NULL,NULL,'E1','products','0','2022-11-23 07:36:47'),(123,2,20,NULL,NULL,NULL,NULL,'E1','products','0','2022-11-23 07:36:47'),(124,289,8,NULL,NULL,NULL,NULL,'Elshafeay .com','hosting','0','2022-11-24 08:21:24'),(125,291,20,NULL,NULL,NULL,NULL,'E1','products','0','2023-01-30 10:51:37'),(126,306,33,NULL,NULL,NULL,NULL,'test,com','hosting','0','2023-02-12 12:55:02'),(127,2,11,NULL,11,NULL,NULL,'sfsdfcom','hosting','0','2023-02-20 07:56:01'),(128,2,11,NULL,11,NULL,NULL,'sfsdfcom','hosting','0','2023-02-20 07:56:01'),(129,2,22,NULL,NULL,NULL,NULL,'E10','products','0','2023-02-20 07:56:45'),(130,2,24,NULL,15,NULL,0.00,'tamiyozcom','hosting','0','2023-02-26 11:25:57'),(131,265,23,NULL,NULL,NULL,NULL,'tamiyozhcom','hosting','0','2024-02-17 11:58:36'),(132,358,23,NULL,NULL,NULL,NULL,'24deliverybh.com','hosting','1','2024-02-17 12:10:28'),(133,368,8,NULL,NULL,NULL,NULL,'asssssss.com','hosting','0','2024-03-30 23:11:23'),(134,140,24,NULL,11,NULL,NULL,'ali7amdy2024.com','hosting','0','2024-05-07 10:05:13'),(135,306,8,NULL,NULL,NULL,NULL,'abdullahkhaled.com','hosting','0','2024-08-14 19:36:48'),(136,140,20,NULL,NULL,NULL,NULL,'E1','products','0','2024-09-11 11:34:08'),(137,2795,36,NULL,NULL,NULL,NULL,'sweft.net','hosting','0','2024-10-21 13:02:49'),(138,2797,36,NULL,NULL,NULL,NULL,'food-in.net','hosting','0','2024-10-21 13:11:51'),(139,1,11,NULL,NULL,NULL,NULL,'F10','products','0','2024-12-23 08:13:19'),(140,1,36,NULL,NULL,NULL,NULL,'it-plus.cc','hosting','0','2024-12-23 09:29:52'),(141,1,36,NULL,NULL,NULL,NULL,'wrgwrgw.com','hosting','0','2024-12-23 12:39:29'),(142,1,36,NULL,NULL,NULL,NULL,'it-plus.com','hosting','1','2025-04-09 09:35:14'),(143,1,36,NULL,NULL,NULL,NULL,'it-plus.com','hosting','0','2024-12-26 08:11:36'),(144,1,36,NULL,NULL,NULL,NULL,'it-plus.cc','hosting','0','2024-12-26 08:11:36'),(146,2,22,NULL,NULL,NULL,NULL,'tamiyozcom','hosting','1','2025-04-14 06:59:31'),(147,2,52,NULL,NULL,NULL,NULL,'شسبيسبcom','hosting','1','2025-04-14 06:59:31'),(148,2,52,NULL,NULL,NULL,NULL,'ااااااcom','hosting','1','2025-04-14 06:59:31'),(149,2,114,NULL,NULL,NULL,NULL,'موقع التركماني','scripts','0','2025-04-07 08:46:31'),(150,2,114,NULL,NULL,NULL,NULL,'موقع التركماني','scripts','0','2025-04-07 08:46:31'),(151,2,114,NULL,NULL,NULL,NULL,'موقع التركماني','scripts','0','2025-04-07 08:46:31'),(152,2,114,NULL,NULL,NULL,NULL,'موقع التركماني','scripts','0','2025-04-07 08:46:31'),(153,2,97,NULL,NULL,NULL,NULL,'سكربت متجر العرب','scripts','0','2025-04-07 08:46:31'),(154,2,97,NULL,NULL,NULL,NULL,'سكربت متجر العرب','scripts','0','2025-04-07 08:46:31'),(155,2,98,NULL,NULL,NULL,NULL,'حساباتي','scripts','0','2025-04-07 08:46:31'),(156,2,0,NULL,NULL,NULL,NULL,'','scripts','0','2025-04-07 08:46:31'),(157,2,98,NULL,NULL,NULL,NULL,'حساباتي','scripts','0','2025-04-07 08:46:31'),(158,2,98,NULL,NULL,NULL,NULL,'حساباتي','scripts','0','2025-04-07 08:46:31'),(159,2,98,NULL,NULL,NULL,NULL,'حساباتي','scripts','0','2025-04-07 08:46:31'),(160,2,98,NULL,NULL,NULL,NULL,'حساباتي','scripts','0','2025-04-07 08:46:31'),(161,2,98,NULL,NULL,NULL,NULL,'حساباتي','scripts','0','2025-04-07 08:46:31'),(162,2,98,NULL,NULL,NULL,NULL,'حساباتي','scripts','0','2025-04-07 08:46:31'),(163,2,98,NULL,NULL,NULL,NULL,'حساباتي','scripts','0','2025-04-07 08:46:31'),(164,2,98,NULL,NULL,NULL,NULL,'حساباتي','scripts','0','2025-04-07 08:46:31'),(165,2,98,NULL,NULL,NULL,NULL,'حساباتي','scripts','0','2025-04-07 08:46:31'),(166,4611,36,NULL,NULL,NULL,NULL,'badrannn.com','hosting','0','2025-04-20 14:59:16'),(167,4611,36,NULL,NULL,NULL,NULL,'موميسبي','hosting','0','2025-04-20 14:59:16'),(168,4611,11,NULL,NULL,NULL,NULL,'F10','products','0','2025-04-20 14:59:16'),(169,4611,20,NULL,NULL,NULL,NULL,'E1','products','0','2025-04-20 14:59:16'),(170,4611,11,NULL,NULL,NULL,NULL,'F10','products','0','2025-04-20 14:59:16'),(171,4611,20,NULL,NULL,NULL,NULL,'E1','products','0','2025-04-20 14:59:16'),(172,4611,8,NULL,NULL,NULL,NULL,'ونغواونو.com','hosting','0','2025-04-20 15:01:27');

--
-- Table structure for table `invoices`
--

CREATE TABLE `invoices` (
  `id` int NOT NULL AUTO_INCREMENT,
  `invoices_num` bigint NOT NULL,
  `userid` int NOT NULL,
  `status` int NOT NULL,
  `total` decimal(10,2) NOT NULL,
  `currency_type` varchar(20) NOT NULL,
  `converter_price` decimal(10,2) NOT NULL,
  `paymentmethod` int NOT NULL,
  `paypal_id` varchar(250) DEFAULT NULL,
  `paypal_name` varchar(250) DEFAULT NULL,
  `duedate` datetime NOT NULL,
  `date_added` timestamp NOT NULL DEFAULT CURRENT_TIMESTAMP ON UPDATE CURRENT_TIMESTAMP,
  PRIMARY KEY (`id`)
) ENGINE=MyISAM AUTO_INCREMENT=152 DEFAULT CHARSET=latin1;

--
-- Dumping data for table `invoices`
--

INSERT INTO `invoices` VALUES (1,1143939060,118,0,135.00,'',0.00,5,NULL,NULL,'2017-05-23 07:02:33','2017-05-23 11:02:33'),(2,2149237133,2,0,3240.00,'',0.00,5,NULL,NULL,'2017-05-24 03:59:10','2017-05-24 07:59:10'),(3,3138331459,156,1,150.00,'',0.00,5,NULL,NULL,'2017-08-03 06:27:30','2017-08-03 10:27:30'),(4,4185678650,2,0,240.00,'',0.00,5,NULL,NULL,'2018-03-26 03:26:51','2018-03-26 07:26:51'),(5,5275179141,167,0,90.00,'',0.00,3,NULL,NULL,'2018-05-26 02:41:12','2018-05-26 06:41:12'),(6,0,167,0,90.00,'',0.00,5,NULL,NULL,'2018-05-26 02:42:02','2018-05-26 06:42:02'),(7,0,167,0,90.00,'',0.00,4,NULL,NULL,'2018-05-26 02:42:16','2018-05-26 06:42:16'),(8,8358893152,172,0,7.50,'',0.00,5,NULL,NULL,'2018-09-11 13:24:01','2018-09-11 17:24:01'),(9,0,172,0,7.50,'',0.00,4,NULL,NULL,'2018-09-11 13:25:40','2018-09-11 17:25:40'),(10,1014881552,2,0,2880.00,'',0.00,5,NULL,NULL,'2018-09-16 08:29:11','2018-09-16 12:29:11'),(11,1116173528,1,0,420.00,'',0.00,5,NULL,NULL,'2019-01-17 09:07:47','2019-01-17 14:07:47'),(12,1214482025,118,0,3255.00,'',0.00,5,NULL,NULL,'2019-11-11 05:14:10','2019-11-11 11:14:10'),(13,1312268654,118,0,2880.00,'',0.00,5,NULL,NULL,'2019-11-11 05:15:07','2019-11-11 11:15:07'),(14,1422393569,118,0,2880.00,'',0.00,5,NULL,NULL,'2019-11-11 05:18:37','2019-11-11 11:18:37'),(15,1536204295,118,0,2880.00,'',0.00,5,NULL,NULL,'2019-11-11 05:47:58','2019-11-11 11:47:58'),(16,0,189,0,0.00,'',0.00,5,NULL,NULL,'2019-11-27 02:11:53','2019-11-27 08:11:53'),(19,1928128993,189,0,2956.78,'EUR',2661.10,5,NULL,NULL,'2019-12-11 01:59:18','2019-12-11 07:59:18'),(18,1817206264,2,0,108.36,'',0.00,5,NULL,NULL,'2019-12-03 05:34:34','2019-12-03 11:34:34'),(20,2024301765,2,0,15.00,'',0.00,5,NULL,NULL,'2019-12-31 05:23:53','2019-12-31 11:23:53'),(21,2133156103,2,0,240.00,'',0.00,5,NULL,NULL,'2019-12-31 05:24:49','2019-12-31 11:24:49'),(22,2223479175,140,0,75.00,'EGP',1212.00,4,NULL,NULL,'2020-01-01 01:27:30','2020-01-01 07:27:30'),(23,2312534448,140,0,1800.00,'EGP',29088.00,5,NULL,NULL,'2020-01-02 01:51:33','2020-01-02 07:51:33'),(24,2414506701,140,0,2175.00,'EGP',35148.00,5,NULL,NULL,'2020-01-02 01:52:33','2020-01-02 07:52:33'),(25,0,140,0,2175.00,'EGP',35148.00,5,NULL,NULL,'2020-01-02 01:52:40','2020-01-02 07:52:40'),(26,2632871463,2,0,1935.00,'GBP',1935.00,5,NULL,NULL,'2020-01-02 01:53:11','2020-01-02 07:53:11'),(27,2736787353,140,0,3030.00,'EGP',48964.80,5,NULL,NULL,'2020-01-02 01:53:14','2020-01-02 07:53:14'),(28,2834571544,140,0,105.00,'EGP',1696.80,5,NULL,NULL,'2020-01-02 01:55:20','2020-01-02 07:55:20'),(29,2916654002,140,0,495.00,'EGP',7999.20,5,NULL,NULL,'2020-01-02 02:34:50','2020-01-02 08:34:50'),(30,3033961826,140,0,1815.00,'EGP',29330.40,5,NULL,NULL,'2020-01-02 02:36:36','2020-01-02 08:36:36'),(31,3130748943,140,0,2175.00,'EGP',35148.00,5,NULL,NULL,'2020-01-02 02:37:16','2020-01-02 08:37:16'),(32,3234663678,140,0,3015.00,'EGP',48722.40,4,NULL,NULL,'2020-01-02 02:37:57','2020-01-02 08:37:57'),(33,3328559182,140,0,1815.00,'EGP',29330.40,5,NULL,NULL,'2020-01-02 02:39:07','2020-01-02 08:39:07'),(34,3432649972,140,0,2160.00,'EGP',34905.60,5,NULL,NULL,'2020-01-02 02:40:04','2020-01-02 08:40:04'),(35,3516622366,140,0,2160.00,'EGP',34905.60,5,NULL,NULL,'2020-01-02 02:40:23','2020-01-02 08:40:23'),(36,3614459561,140,0,3000.00,'EGP',48480.00,5,NULL,NULL,'2020-01-02 02:41:04','2020-01-02 08:41:04'),(37,3726585202,140,0,3615.00,'EGP',58418.40,5,NULL,NULL,'2020-01-02 02:43:01','2020-01-02 08:43:01'),(38,0,140,0,0.00,'EGP',0.00,5,NULL,NULL,'2020-01-02 02:43:07','2020-01-02 08:43:07'),(39,3918926964,140,0,3000.00,'EGP',48480.00,4,NULL,NULL,'2020-01-02 02:43:54','2020-01-02 08:43:54'),(40,4036559595,189,1,435.00,'USD',435.00,5,NULL,NULL,'2020-01-02 03:24:55','2020-01-02 09:24:55'),(41,4129672164,189,1,420.00,'USD',420.00,5,NULL,NULL,'2020-01-02 03:43:17','2020-01-02 09:43:17'),(42,4215261654,189,0,15.00,'',0.00,5,NULL,NULL,'2020-01-02 04:10:40','2020-01-08 15:07:22'),(43,4326443331,189,0,15.00,'AED',55.05,5,NULL,NULL,'2020-01-02 04:12:25','2020-01-02 10:12:25'),(44,4416862711,2,0,15.00,'GBP',15.00,5,NULL,NULL,'2020-01-02 09:29:34','2020-01-02 15:29:34'),(45,4539714107,189,0,2626.78,'QAR',9564.00,5,NULL,NULL,'2020-01-08 06:38:01','2020-01-08 12:38:01'),(46,4627278363,189,0,1500.00,'QAR',5461.00,5,NULL,NULL,'2020-01-08 07:30:47','2020-01-08 13:30:47'),(47,4730231858,189,0,150.00,'QAR',546.00,5,NULL,NULL,'2020-01-08 07:47:56','2020-01-08 13:47:56'),(48,4833281995,1,0,55.73,'EGP',892.00,5,NULL,NULL,'2020-01-12 05:09:28','2020-01-12 11:09:28'),(49,4939223271,1,0,255.73,'EGP',4091.00,6,NULL,NULL,'2020-01-12 05:18:36','2020-01-12 11:18:36'),(50,5035738664,189,0,150.00,'QAR',546.00,5,NULL,NULL,'2020-01-12 08:09:14','2020-01-12 14:09:14'),(51,5118113028,189,0,200.00,'QAR',728.00,5,NULL,NULL,'2020-01-13 02:37:45','2020-01-13 08:37:45'),(52,5213580855,189,0,150.00,'USD',150.00,5,NULL,NULL,'2020-01-16 05:11:29','2020-01-16 11:11:29'),(53,5335254643,189,0,1947.23,'USD',1947.00,5,NULL,NULL,'2020-01-16 06:58:00','2020-01-16 12:58:00'),(54,5421317517,189,0,3061.78,'USD',3062.00,4,NULL,NULL,'2020-01-16 07:07:45','2020-01-16 13:07:45'),(55,5521844678,189,0,3061.78,'USD',3062.00,4,NULL,NULL,'2020-01-16 07:13:01','2020-01-16 13:13:01'),(56,5614657594,189,0,1457.47,'USD',1457.00,4,NULL,NULL,'2020-01-16 07:21:51','2020-01-16 13:21:51'),(57,5721810258,189,0,1457.47,'USD',1457.00,4,NULL,NULL,'2020-01-16 07:32:50','2020-01-16 13:32:50'),(58,5831769846,189,0,1457.47,'USD',1457.00,5,NULL,NULL,'2020-01-16 08:01:53','2020-01-16 14:01:53'),(59,0,189,0,1457.47,'USD',1457.00,5,NULL,NULL,'2020-01-16 08:11:38','2020-01-16 14:11:38'),(60,6018975006,189,0,602.47,'USD',602.00,5,NULL,NULL,'2020-01-16 08:12:11','2020-01-16 14:12:11'),(61,6113006617,189,0,2626.78,'USD',2627.00,5,NULL,NULL,'2020-01-16 08:14:05','2020-01-16 14:14:05'),(62,0,189,0,2626.78,'USD',2627.00,5,NULL,NULL,'2020-01-16 08:16:37','2020-01-16 14:16:37'),(63,6334201675,189,1,2676.78,'USD',2677.00,5,NULL,NULL,'2020-01-19 02:37:58','2020-01-19 08:37:58'),(64,0,189,0,2676.78,'USD',2677.00,5,NULL,NULL,'2020-01-16 08:19:15','2020-01-16 14:19:15'),(65,6520717953,189,1,200.00,'USD',200.00,5,NULL,NULL,'2020-01-16 09:12:46','2020-01-16 15:12:46'),(66,0,189,0,200.00,'USD',200.00,5,NULL,NULL,'2020-01-16 08:24:24','2020-01-16 14:24:24'),(67,6729634445,189,1,2676.78,'USD',2677.00,5,NULL,NULL,'2020-01-16 09:12:34','2020-01-16 15:12:34'),(68,0,189,0,2676.78,'USD',2677.00,5,NULL,NULL,'2020-01-16 08:26:44','2020-01-16 14:26:44'),(69,6935742367,189,1,5153.56,'USD',5154.00,5,NULL,NULL,'2020-01-16 09:10:49','2020-01-16 15:10:49'),(70,0,189,0,5153.56,'USD',5154.00,5,NULL,NULL,'2020-01-16 08:39:11','2020-01-16 14:39:11'),(71,7123758806,189,1,3061.78,'USD',3062.00,4,NULL,NULL,'2020-01-16 09:10:39','2020-01-16 15:10:39'),(72,0,189,0,3061.78,'USD',3062.00,4,NULL,NULL,'2020-01-16 08:42:01','2020-01-16 14:42:01'),(73,7338646273,189,1,3046.78,'USD',3047.00,5,NULL,NULL,'2020-01-16 09:07:46','2020-01-16 15:07:46'),(74,7417533075,189,1,15.00,'USD',15.00,5,NULL,NULL,'2020-01-16 09:01:22','2020-01-16 15:01:22'),(75,7533751742,189,1,40.00,'USD',40.00,5,NULL,NULL,'2020-01-16 08:54:38','2020-01-16 14:54:38'),(76,7619048991,2,0,240.00,'USD',240.00,5,NULL,NULL,'2020-04-29 07:59:52','2020-04-29 12:59:52'),(77,7731153347,140,0,90.00,'USD',90.00,6,NULL,NULL,'2020-06-18 04:22:27','2020-06-18 09:22:27'),(78,7835658113,140,0,15.00,'USD',15.00,5,NULL,NULL,'2020-06-21 05:09:51','2020-06-21 10:09:51'),(79,7929739855,140,0,15.00,'USD',15.00,5,NULL,NULL,'2020-06-21 05:20:40','2020-06-21 10:20:40'),(80,8037954902,140,0,15.00,'USD',15.00,7,NULL,NULL,'2020-06-21 05:51:07','2020-06-21 10:51:07'),(81,8123004203,140,0,15.00,'USD',15.00,7,NULL,NULL,'2020-06-21 06:02:44','2020-06-21 11:02:44'),(82,8235179051,140,0,45.00,'USD',45.00,7,'80X53958AL347682Y','test buyer','2020-06-21 06:09:18','2020-06-21 11:09:18'),(83,8334963878,140,0,45.00,'USD',45.00,7,'8V290901U2655720R','test buyer','2020-06-21 06:33:47','2020-06-21 11:33:47'),(84,8413434525,140,1,30.00,'USD',30.00,7,'9YW85763H1715882D','test buyer','2020-06-21 06:37:56','2020-06-21 11:37:56'),(85,8516535406,140,1,30.00,'USD',30.00,7,'6W6804562F793442S','test buyer','2020-06-21 06:51:13','2020-06-21 11:51:13'),(86,8632083552,2,1,45.00,'USD',45.00,7,'133826173E618443A','ashraf hamdy','2020-06-21 07:09:27','2020-06-21 12:09:27'),(87,8720764124,2,1,45.00,'USD',45.00,7,'02S871156C556105W','as df','2020-06-21 07:21:45','2020-06-21 12:21:45'),(88,8824957909,2,0,1.00,'USD',1.00,7,'','','2020-06-22 04:10:08','2020-06-22 09:10:08'),(89,0,2,0,1.00,'USD',1.00,7,'','','2020-06-22 04:10:17','2020-06-22 09:10:17'),(90,0,2,0,0.00,'USD',0.00,7,'','','2020-06-22 04:10:27','2020-06-22 09:10:27'),(91,9139802872,2,1,421.00,'USD',421.00,7,'9LW74746W42893220','test buyer','2020-06-22 04:44:42','2020-06-22 09:44:42'),(92,9224874967,2,1,1.00,'USD',1.00,7,'7RG87947YS809352C','test buyer','2020-06-22 04:57:33','2020-06-22 09:57:33'),(93,0,2,0,1.00,'USD',1.00,5,'','','2020-06-22 05:32:32','2020-06-22 10:32:32'),(94,9423106016,2,0,1.00,'USD',1.00,7,'7FS02065N3737484A','ashraf hady','2020-06-22 05:34:28','2020-06-22 10:34:28'),(95,9533662566,140,0,46.00,'EGP',736.00,7,'','','2020-06-24 02:34:29','2020-06-24 07:34:29'),(96,0,140,0,46.00,'EGP',736.00,7,'','','2020-06-24 02:34:40','2020-06-24 07:34:40'),(97,9732902631,140,0,15.00,'EGP',240.00,7,'','','2020-06-24 02:37:06','2020-06-24 07:37:06'),(98,0,140,0,15.00,'EGP',240.00,7,'','','2020-06-24 02:37:25','2020-06-24 07:37:25'),(99,9917172032,2,0,3600.00,'USD',3600.00,5,'','','2020-09-13 05:31:50','2020-09-13 09:31:50'),(100,1003226621,140,0,1830.00,'USD',1830.00,5,'','','2021-01-12 03:10:27','2021-01-12 08:10:27'),(101,1013871831,118,0,445.00,'USD',445.00,5,'','','2021-01-26 10:03:40','2021-01-26 15:03:40'),(102,1023038571,118,0,1177.00,'USD',1177.00,5,'','','2021-01-26 10:06:38','2021-01-26 15:06:38'),(103,1032009959,118,0,168.00,'USD',168.00,5,'','','2021-01-27 06:39:39','2021-01-27 11:39:39'),(104,1042235748,118,0,1573.00,'USD',1573.00,5,'','','2021-01-27 06:41:44','2021-01-27 11:41:44'),(105,1053641879,118,1,45.00,'USD',45.00,5,'','','2021-01-27 07:01:05','2021-01-27 12:01:05'),(106,1061777417,118,0,14.00,'USD',14.00,5,'','','2021-01-27 07:03:02','2021-01-27 12:03:02'),(107,1071433759,140,0,120.00,'USD',120.00,5,'','','2021-02-01 03:32:31','2021-02-01 08:32:31'),(108,1082442789,2,0,30.00,'USD',30.00,5,'','','2021-02-01 04:23:39','2021-02-01 09:23:39'),(109,1093813641,258,1,96.00,'EGP',1536.00,5,'','','2022-01-10 05:09:12','2022-01-10 11:09:12'),(110,1103982754,140,0,56.00,'USD',56.00,5,'','','2022-02-06 03:01:46','2022-02-06 09:01:46'),(111,1113780485,260,0,1320.00,'USD',1320.00,5,'','','2022-02-07 06:47:11','2022-02-07 12:47:11'),(112,1122231058,265,0,96.00,'USD',96.00,6,'','','2022-04-19 04:31:39','2022-04-19 09:31:39'),(113,1132755278,270,0,20.00,'USD',20.00,5,'','','2022-05-13 17:15:16','2022-05-13 22:15:16'),(114,1142787828,2,0,603.36,'USD',603.00,6,'','','2022-11-22 03:56:32','2022-11-22 09:56:32'),(115,1151526920,2,0,32.52,'USD',33.00,6,'','','2022-11-23 01:36:47','2022-11-23 07:36:47'),(116,1162327072,289,0,8.00,'USD',8.00,5,'','','2022-11-24 02:21:24','2022-11-24 08:21:24'),(117,0,289,0,8.00,'USD',8.00,5,'','','2022-11-24 02:22:00','2022-11-24 08:22:00'),(118,0,289,0,8.00,'USD',8.00,6,'','','2022-11-24 02:24:06','2022-11-24 08:24:06'),(119,1193427756,289,0,20.00,'USD',20.00,6,'','','2022-11-24 02:26:31','2022-11-24 08:26:31'),(120,1201330378,258,0,8.00,'USD',8.00,6,'','','2023-01-17 00:41:22','2023-01-16 22:41:22'),(121,1212482099,291,0,16.26,'USD',16.00,6,'','','2023-01-30 12:51:37','2023-01-30 10:51:37'),(122,1222609228,306,0,15.96,'USD',15.96,5,'','','2023-02-12 14:55:02','2023-02-12 12:55:02'),(123,1233933170,2,0,144.00,'EGP',4320.00,5,'','','2023-02-20 09:56:01','2023-02-20 07:56:01'),(124,1241622071,2,0,410.00,'EGP',12300.00,5,'','','2023-02-20 09:56:45','2023-02-20 07:56:45'),(125,1252969342,2,0,1520.00,'USD',1520.00,5,'','','2023-02-26 13:25:57','2023-02-26 11:25:57'),(126,1262664159,2,1,10.00,'USD',10.00,7,'3X2922607R8407415','ashraf ali','2024-01-08 14:17:59','2024-01-08 12:17:59'),(127,1272273048,265,0,132.00,'USD',132.00,5,'','','2024-02-17 13:58:36','2024-02-17 11:58:36'),(128,1283657309,358,1,132.00,'USD',132.00,7,'84W75811P55888227','Mohammad ALKHALAF','2024-02-17 14:08:25','2024-02-17 12:08:25'),(129,1291592114,368,0,111.00,'DZD',13270.00,6,'','','2024-03-31 01:11:23','2024-03-30 23:11:23'),(130,1302083204,140,0,1485.00,'USD',1485.00,6,'','','2024-05-07 13:05:12','2024-05-07 10:05:13'),(131,1312389036,306,0,8.00,'EGP',400.00,6,'','','2024-08-14 22:36:48','2024-08-14 19:36:48'),(132,1323643980,140,0,16.26,'USD',16.00,5,'','','2024-09-11 14:34:08','2024-09-11 11:34:08'),(133,1331535317,2795,0,6.00,'EGP',300.00,6,'','','2024-10-21 16:02:49','2024-10-21 13:02:49'),(134,1343288922,2797,0,6.00,'EGP',300.00,6,'','','2024-10-21 16:11:51','2024-10-21 13:11:51'),(135,1352087073,1,0,49.41,'SAR',185.00,5,'','','2024-12-23 10:13:19','2024-12-23 08:13:19'),(136,0,1,0,49.41,'SAR',185.00,6,'','','2024-12-23 10:13:39','2024-12-23 08:13:39'),(137,1372891151,1,0,20.00,'SAR',75.00,6,'','','2024-12-23 10:14:09','2024-12-23 08:14:09'),(138,1383676658,1,0,72.00,'SAR',270.00,5,'','','2024-12-23 11:29:52','2024-12-23 09:29:52'),(139,0,1,0,72.00,'SAR',270.00,5,'','','2024-12-23 11:30:23','2024-12-23 09:30:23'),(140,0,1,0,72.00,'SAR',270.00,5,'','','2024-12-23 14:39:00','2024-12-23 12:39:00'),(141,1412798911,1,0,72.00,'SAR',270.00,5,'','','2024-12-23 14:39:29','2024-12-23 12:39:29'),(142,0,1,0,72.00,'SAR',270.00,5,'','','2024-12-23 14:46:01','2024-12-23 12:46:01'),(143,1431320151,1,1,72.00,'SAR',270.00,5,'','','2025-04-09 11:35:14','2025-04-09 09:35:14'),(144,0,1,0,72.00,'SAR',270.00,5,'','','2024-12-24 13:08:44','2024-12-24 11:08:44'),(145,0,1,0,144.00,'SAR',540.00,5,'','','2024-12-24 13:16:40','2024-12-24 11:16:40'),(146,1462417821,1,0,264.00,'AED',970.00,5,'','','2024-12-26 10:11:36','2024-12-26 08:11:36'),(148,1481653883,2,0,9233.83,'USD',9233.83,5,'','','2025-04-07 10:46:31','2025-04-07 08:46:31'),(149,1492887789,4611,0,445.34,'USD',445.34,4,'','','2025-04-20 16:59:15','2025-04-20 14:59:16'),(150,0,4611,0,445.34,'USD',445.34,6,'','','2025-04-20 16:59:34','2025-04-20 14:59:34'),(151,1513076072,4611,0,90.00,'USD',90.00,5,'','','2025-04-20 17:01:27','2025-04-20 15:01:27');

--
-- Table structure for table `job_batches`
--

CREATE TABLE `job_batches` (
  `id` varchar(255) COLLATE utf8mb4_unicode_ci NOT NULL,
  `name` varchar(255) COLLATE utf8mb4_unicode_ci NOT NULL,
  `total_jobs` int NOT NULL,
  `pending_jobs` int NOT NULL,
  `failed_jobs` int NOT NULL,
  `failed_job_ids` longtext COLLATE utf8mb4_unicode_ci NOT NULL,
  `options` mediumtext COLLATE utf8mb4_unicode_ci,
  `cancelled_at` int DEFAULT NULL,
  `created_at` int NOT NULL,
  `finished_at` int DEFAULT NULL,
  PRIMARY KEY (`id`)
) ENGINE=InnoDB DEFAULT CHARSET=utf8mb4 COLLATE=utf8mb4_unicode_ci;

--
-- Dumping data for table `job_batches`
--


--
-- Table structure for table `jobs`
--

CREATE TABLE `jobs` (
  `id` bigint unsigned NOT NULL AUTO_INCREMENT,
  `queue` varchar(255) COLLATE utf8mb4_unicode_ci NOT NULL,
  `payload` longtext COLLATE utf8mb4_unicode_ci NOT NULL,
  `attempts` tinyint unsigned NOT NULL,
  `reserved_at` int unsigned DEFAULT NULL,
  `available_at` int unsigned NOT NULL,
  `created_at` int unsigned NOT NULL,
  PRIMARY KEY (`id`),
  KEY `jobs_queue_index` (`queue`)
) ENGINE=InnoDB DEFAULT CHARSET=utf8mb4 COLLATE=utf8mb4_unicode_ci;

--
-- Dumping data for table `jobs`
--


--
-- Table structure for table `language`
--

CREATE TABLE `language` (
  `id` int NOT NULL AUTO_INCREMENT,
  `name` varchar(250) CHARACTER SET utf8mb3 COLLATE utf8mb3_general_ci NOT NULL,
  `code` varchar(2) CHARACTER SET utf8mb3 COLLATE utf8mb3_general_ci NOT NULL,
  `active` int NOT NULL,
  `flag` varchar(50) CHARACTER SET utf8mb3 COLLATE utf8mb3_general_ci NOT NULL,
  `date_added` timestamp NOT NULL DEFAULT CURRENT_TIMESTAMP ON UPDATE CURRENT_TIMESTAMP,
  `file_language` varchar(50) CHARACTER SET utf8mb3 COLLATE utf8mb3_general_ci NOT NULL,
  PRIMARY KEY (`id`)
) ENGINE=MyISAM AUTO_INCREMENT=52 DEFAULT CHARSET=latin1;

--
-- Dumping data for table `language`
--

INSERT INTO `language` VALUES (1,'arabic','ar',1,'a4322ae2e6.png','2015-02-02 12:31:59',''),(2,'english','en',1,'67444751fa.png','2018-04-17 08:07:09','');

--
-- Table structure for table `likes`
--

CREATE TABLE `likes` (
  `id` int NOT NULL AUTO_INCREMENT,
  `p_id` int NOT NULL,
  `user_id` int NOT NULL,
  `type` varchar(50) CHARACTER SET utf8mb3 COLLATE utf8mb3_general_ci NOT NULL,
  `date_added` timestamp NOT NULL DEFAULT CURRENT_TIMESTAMP ON UPDATE CURRENT_TIMESTAMP,
  PRIMARY KEY (`id`)
) ENGINE=MyISAM AUTO_INCREMENT=58 DEFAULT CHARSET=latin1;

--
-- Dumping data for table `likes`
--

INSERT INTO `likes` VALUES (22,25,1,'project','2015-02-02 09:08:48'),(27,24,1,'project','2015-02-02 09:14:25'),(41,19,118,'project','2015-03-31 13:37:40'),(31,24,118,'project','2015-02-15 08:05:32'),(32,25,118,'project','2015-02-15 08:05:42'),(33,15,118,'project','2015-03-30 12:08:02'),(34,23,118,'project','2015-03-31 13:23:22'),(35,20,118,'project','2015-03-31 13:33:18'),(44,44,2,'project','2017-04-19 09:24:15'),(45,49,2,'project','2017-04-19 09:24:42'),(46,34,2,'project','2017-04-19 09:25:33'),(47,41,2,'project','2017-04-19 09:25:54'),(48,42,2,'project','2017-04-19 09:26:41'),(49,35,2,'project','2017-04-19 09:27:00'),(50,30,177,'project','2018-12-24 05:41:13'),(52,95,189,'project','2020-01-06 14:48:29'),(53,97,1,'project','2020-01-13 08:35:43'),(54,93,202,'project','2020-05-04 16:30:54'),(55,97,2,'project','2022-08-18 09:00:48'),(56,113,2410,'project','2024-09-10 09:36:54'),(57,113,1,'project','2024-12-22 08:21:10');

--
-- Table structure for table `mail_list`
--

CREATE TABLE `mail_list` (
  `id` int NOT NULL AUTO_INCREMENT,
  `email` int NOT NULL,
  `date_added` timestamp NOT NULL DEFAULT CURRENT_TIMESTAMP ON UPDATE CURRENT_TIMESTAMP,
  PRIMARY KEY (`id`)
) ENGINE=MyISAM AUTO_INCREMENT=2 DEFAULT CHARSET=latin1;

--
-- Dumping data for table `mail_list`
--

INSERT INTO `mail_list` VALUES (1,0,'2023-06-12 11:45:03');

--
-- Table structure for table `migrations`
--

CREATE TABLE `migrations` (
  `id` int unsigned NOT NULL AUTO_INCREMENT,
  `migration` varchar(255) COLLATE utf8mb4_unicode_ci NOT NULL,
  `batch` int NOT NULL,
  PRIMARY KEY (`id`)
) ENGINE=InnoDB AUTO_INCREMENT=20 DEFAULT CHARSET=utf8mb4 COLLATE=utf8mb4_unicode_ci;

--
-- Dumping data for table `migrations`
--

INSERT INTO `migrations` VALUES (1,'0001_01_01_000001_create_cache_table',1),(2,'0001_01_01_000002_create_jobs_table',1),(3,'2024_01_01_000000_create_core_tables',1),(4,'2024_01_02_000000_create_products_and_services_tables',1),(5,'2024_01_03_000000_create_orders_and_payments_tables',1),(6,'2024_01_04_000000_create_support_system_tables',1),(7,'2024_01_05_000000_create_content_management_tables',1),(8,'2024_01_06_000000_create_marketing_tables',1),(9,'2025_11_03_095247_create_permission_tables',1),(10,'2025_11_03_095248_create_personal_access_tokens_table',1),(12,'2025_11_05_112031_update_domains_table_to_match_requirements',3),(13,'2025_11_05_084150_update_tld_table_to_match_production',4),(14,'2025_11_04_122322_add_performance_indexes_to_phase1_tables',5),(15,'2025_11_05_082826_update_control_panels_table_to_match_production',4),(16,'2025_11_05_083441_update_operating_systems_table_to_match_production',4),(17,'2025_11_05_084922_update_categories_groups_table_to_match_production',4),(18,'2025_11_05_090611_update_products_groups_table_to_match_production',4),(19,'2025_11_05_104043_update_hosting_table_to_match_production',4);

--
-- Table structure for table `model_has_permissions`
--

CREATE TABLE `model_has_permissions` (
  `permission_id` bigint unsigned NOT NULL,
  `model_type` varchar(255) COLLATE utf8mb4_unicode_ci NOT NULL,
  `model_id` bigint unsigned NOT NULL,
  PRIMARY KEY (`permission_id`,`model_id`,`model_type`),
  KEY `model_has_permissions_model_id_model_type_index` (`model_id`,`model_type`),
  CONSTRAINT `model_has_permissions_permission_id_foreign` FOREIGN KEY (`permission_id`) REFERENCES `permissions` (`id`) ON DELETE CASCADE
) ENGINE=InnoDB DEFAULT CHARSET=utf8mb4 COLLATE=utf8mb4_unicode_ci;

--
-- Dumping data for table `model_has_permissions`
--


--
-- Table structure for table `model_has_roles`
--

CREATE TABLE `model_has_roles` (
  `role_id` bigint unsigned NOT NULL,
  `model_type` varchar(255) COLLATE utf8mb4_unicode_ci NOT NULL,
  `model_id` bigint unsigned NOT NULL,
  PRIMARY KEY (`role_id`,`model_id`,`model_type`),
  KEY `model_has_roles_model_id_model_type_index` (`model_id`,`model_type`),
  CONSTRAINT `model_has_roles_role_id_foreign` FOREIGN KEY (`role_id`) REFERENCES `roles` (`id`) ON DELETE CASCADE
) ENGINE=InnoDB DEFAULT CHARSET=utf8mb4 COLLATE=utf8mb4_unicode_ci;

--
-- Dumping data for table `model_has_roles`
--


--
-- Table structure for table `notes`
--

CREATE TABLE `notes` (
  `id` int NOT NULL AUTO_INCREMENT,
  `massage` text CHARACTER SET utf8mb3 COLLATE utf8mb3_general_ci NOT NULL,
  `userid` int NOT NULL,
  `tid` int NOT NULL,
  `date_added` timestamp NOT NULL DEFAULT CURRENT_TIMESTAMP ON UPDATE CURRENT_TIMESTAMP,
  PRIMARY KEY (`id`)
) ENGINE=MyISAM AUTO_INCREMENT=8 DEFAULT CHARSET=latin1;

--
-- Dumping data for table `notes`
--

INSERT INTO `notes` VALUES (1,'بسم الله الرحمن الرحيم',1,198565,'2014-09-21 12:34:05'),(2,'الحمد لله ',3,198565,'2014-09-21 12:36:09'),(3,'بسم الله الرحمن الرحيم',1,613645,'2014-09-27 08:37:10'),(4,'لا اله الا الله',1,629311,'2014-09-27 08:52:41'),(5,'وزظوةظ',1,658658,'2014-09-27 09:13:57'),(6,'',0,0,'2020-07-15 16:34:45'),(7,'',0,0,'2020-07-15 22:14:36');

--
-- Table structure for table `operating_systems`
--

CREATE TABLE `operating_systems` (
  `id` int NOT NULL AUTO_INCREMENT,
  `price` decimal(10,2) NOT NULL,
  `operating_system_control_panel_type` varchar(50) NOT NULL,
  `control_panels_id` int NOT NULL DEFAULT '0',
  `file` varchar(250) NOT NULL,
  `active` enum('0','1') NOT NULL,
  `sort` int NOT NULL,
  `date_added` datetime NOT NULL,
  PRIMARY KEY (`id`)
) ENGINE=InnoDB AUTO_INCREMENT=30 DEFAULT CHARSET=utf8mb3;

--
-- Dumping data for table `operating_systems`
--

INSERT INTO `operating_systems` VALUES (1,26.28,'38',0,'20b137c612.jpg','1',12,'2020-11-10 13:28:44'),(5,0.00,'37',41,'dbdc8e566f.jpg','1',2,'2020-11-11 11:34:38'),(6,0.00,'38',0,'616f83024e.jpg','1',3,'2020-11-11 11:35:00'),(7,0.00,'37',40,'2098d44806.png','1',3,'2020-11-30 10:51:48'),(11,0.00,'38',0,'468b3adcfa.jpg','1',1,'2021-01-31 02:27:54'),(14,0.00,'38',0,'5b6722354f.jpg','1',2,'2021-01-31 02:43:23'),(15,0.00,'38',0,'36b26de524.jpg','1',4,'2021-01-31 02:44:53'),(16,0.00,'38',0,'ddb69d77b0.jpg','1',5,'2021-01-31 02:47:04'),(17,0.00,'38',0,'29dc051e58.jpg','1',9,'2021-01-31 02:48:04'),(18,0.00,'38',0,'c03becdcfa.jpg','1',6,'2021-01-31 03:03:10'),(19,0.00,'38',0,'7edbc95a34.jpg','1',7,'2021-01-31 03:05:17'),(20,0.00,'38',0,'534a23e57d.jpg','1',8,'2021-01-31 03:23:25'),(21,0.00,'38',0,'385c6d519b.jpg','1',9,'2021-01-31 03:25:26'),(22,206.98,'38',0,'aef0f8c01c.jpg','1',11,'2021-01-31 03:38:49'),(23,0.00,'38',0,'2f827b951e.jpg','1',10,'2021-01-31 05:52:32'),(24,49.80,'37',41,'0f3008c3e1.jpg','1',1,'2021-01-31 06:15:07'),(25,0.00,'37',41,'976f53ea41.jpg','1',2,'2021-01-31 06:27:22'),(26,0.00,'37',41,'cc868f7f8a.jpg','1',3,'2021-01-31 06:29:17'),(27,0.00,'37',41,'2ca7154c5b.jpg','1',4,'2021-01-31 06:30:13'),(28,0.00,'37',41,'3b54e77db3.jpg','1',5,'2021-01-31 06:32:09'),(29,0.00,'37',41,'804f317833.jpg','1',6,'2021-01-31 06:33:23');

--
-- Table structure for table `operating_systems_groups`
--

CREATE TABLE `operating_systems_groups` (
  `id` int NOT NULL AUTO_INCREMENT,
  `operating_system_id` int NOT NULL,
  `name` varchar(250) NOT NULL,
  `language` varchar(150) NOT NULL,
  PRIMARY KEY (`id`)
) ENGINE=InnoDB AUTO_INCREMENT=213 DEFAULT CHARSET=utf8mb3;

--
-- Dumping data for table `operating_systems_groups`
--

INSERT INTO `operating_systems_groups` VALUES (91,12,'Arch Linux','arabic'),(92,12,'Arch Linux','english'),(133,6,'Ubuntu 18.04.5 LTS','arabic'),(134,6,'Ubuntu 18.04.5 LTS','english'),(145,17,'Debian 9.13','arabic'),(146,17,'Debian 9.13','english'),(171,11,'Rescue System','arabic'),(172,11,'Rescue System','english'),(173,14,'Arch Linux','arabic'),(174,14,'Arch Linux','english'),(177,15,'CentOS 8.1','arabic'),(178,15,'CentOS 8.1','english'),(179,16,'Debian 9.13','arabic'),(180,16,'Debian 9.13','english'),(181,18,'Debian 10.5','arabic'),(182,18,'Debian 10.5','english'),(185,19,'Debian 10.5','arabic'),(186,19,'Debian 10.5','english'),(187,20,'Ubuntu 18.04.5 LTS','arabic'),(188,20,'Ubuntu 18.04.5 LTS','english'),(189,21,'Ubuntu 18.04.5 LTS','arabic'),(190,21,'Ubuntu 18.04.5 LTS','english'),(191,23,'Ubuntu 20.04.1 LTS','arabic'),(192,23,'Ubuntu 20.04.1 LTS','english'),(193,22,'Windows Server 2019 Datacenter Edition','arabic'),(194,22,'Windows Server 2019 Datacenter Edition','english'),(195,1,'Windows Server 2019 Standard Edition','arabic'),(196,1,'Windows Server 2019 Standard Edition','english'),(197,5,'Ubuntu 18.04.5 LTS','arabic'),(198,5,'Ubuntu 18.04.5 LTS','english'),(199,7,'CentOS 7.8','arabic'),(200,7,'CentOS 7.8','english'),(201,24,'CentOS 7.8','arabic'),(202,24,'CentOS 7.8','english'),(203,25,'CentOS 8.2','arabic'),(204,25,'CentOS 8.2','english'),(205,26,'Debian 10.5','arabic'),(206,26,'Debian 10.5','english'),(207,27,'Ubuntu 18.04.5 LTS','arabic'),(208,27,'Ubuntu 18.04.5 LTS','english'),(209,28,'Windows Server 2019 Datacenter Edition','arabic'),(210,28,'Windows Server 2019 Datacenter Edition','english'),(211,29,'Windows Server 2019 Standard Edition','arabic'),(212,29,'Windows Server 2019 Standard Edition','english');

--
-- Table structure for table `order_controlpanel`
--

CREATE TABLE `order_controlpanel` (
  `id` int NOT NULL AUTO_INCREMENT,
  `userid` int NOT NULL,
  `hosting_id` int NOT NULL,
  `controlpanel_id` int NOT NULL,
  `host_ip` varchar(100) DEFAULT NULL,
  `status` enum('0','1','2') NOT NULL DEFAULT '0',
  `date_added` timestamp NOT NULL DEFAULT CURRENT_TIMESTAMP ON UPDATE CURRENT_TIMESTAMP,
  PRIMARY KEY (`id`)
) ENGINE=InnoDB AUTO_INCREMENT=14 DEFAULT CHARSET=utf8mb3;

--
-- Dumping data for table `order_controlpanel`
--

INSERT INTO `order_controlpanel` VALUES (1,140,9,3,NULL,'0','2021-01-19 14:21:50'),(2,140,9,5,NULL,'1','2021-01-20 11:46:01'),(3,118,9,3,NULL,'0','2021-01-26 15:06:38'),(4,118,0,3,NULL,'1','2021-01-27 12:01:32'),(5,118,9,4,NULL,'1','2021-01-27 12:00:38'),(6,140,0,7,'197.61.217.219','0','2021-02-01 08:32:31'),(7,2,0,2,'197.60.230.163','0','2021-02-01 09:23:39'),(8,260,14,3,NULL,'0','2022-02-07 12:47:11'),(9,2,0,8,'37.220.115.13','0','2022-11-22 09:56:32'),(10,2,0,2,'102.46.229.166','0','2023-02-20 07:56:45'),(11,2,0,8,'95.216.111.99','0','2024-01-08 12:17:59'),(12,1,0,8,'2.2.2.2','0','2024-12-26 08:11:36'),(13,2,0,5,'192.23.12.1','0','2025-04-07 08:46:31');

--
-- Table structure for table `order_groups`
--

CREATE TABLE `order_groups` (
  `id` int NOT NULL AUTO_INCREMENT,
  `orderid` int NOT NULL,
  `service_id` int NOT NULL,
  `type` varchar(50) CHARACTER SET utf8mb3 COLLATE utf8mb3_general_ci NOT NULL,
  PRIMARY KEY (`id`)
) ENGINE=MyISAM AUTO_INCREMENT=360 DEFAULT CHARSET=latin1;

--
-- Dumping data for table `order_groups`
--

INSERT INTO `order_groups` VALUES (71,38,44,'domain'),(72,38,45,'domain'),(73,38,46,'domain'),(74,38,47,'domain'),(75,38,26,'hosting'),(76,39,48,'domain'),(77,39,27,'hosting'),(78,40,28,'hosting'),(79,41,29,'hosting'),(80,42,30,'hosting'),(81,45,31,'hosting'),(82,47,32,'hosting'),(83,48,49,'domain'),(84,48,33,'hosting'),(85,49,50,'domain'),(86,49,34,'hosting'),(87,50,51,'domain'),(88,50,35,'hosting'),(89,51,52,'domain'),(90,51,36,'hosting'),(91,52,53,'domain'),(92,52,37,'hosting'),(95,56,54,'domain'),(94,55,39,'products'),(96,56,40,'hosting'),(97,56,41,'products'),(98,57,48,'domain'),(99,58,29,'hosting'),(100,59,55,'domain'),(101,59,56,'domain'),(102,59,57,'domain'),(103,59,58,'domain'),(104,59,59,'domain'),(105,60,60,'domain'),(106,60,42,'hosting'),(107,61,61,'domain'),(108,61,62,'domain'),(109,61,43,'hosting'),(110,63,63,'domain'),(111,63,44,'hosting'),(112,64,64,'domain'),(113,64,65,'domain'),(114,64,66,'domain'),(115,64,45,'hosting'),(116,65,67,'domain'),(117,65,68,'domain'),(118,65,46,'hosting'),(119,66,69,'domain'),(120,66,47,'hosting'),(121,67,70,'domain'),(122,67,71,'domain'),(123,67,48,'hosting'),(124,68,72,'domain'),(125,68,73,'domain'),(126,68,49,'hosting'),(127,69,74,'domain'),(128,69,75,'domain'),(129,69,50,'hosting'),(130,70,76,'domain'),(131,70,77,'domain'),(132,70,51,'hosting'),(133,70,52,'hosting'),(134,71,78,'domain'),(135,71,53,'hosting'),(136,72,54,'hosting'),(137,73,79,'domain'),(138,73,55,'hosting'),(139,74,80,'domain'),(140,74,81,'domain'),(141,74,82,'domain'),(142,74,56,'hosting'),(143,74,57,'hosting'),(144,76,83,'domain'),(145,76,58,'hosting'),(146,77,84,'domain'),(147,77,85,'domain'),(148,77,59,'hosting'),(149,78,86,'domain'),(150,78,60,'hosting'),(151,79,86,'domain'),(152,80,87,'domain'),(153,81,88,'domain'),(154,82,61,'products'),(155,82,62,'scripts'),(156,83,63,'scripts'),(157,84,64,'scripts'),(158,85,65,'products'),(159,86,66,'products'),(160,86,67,'scripts'),(161,87,68,'scripts'),(162,88,69,'scripts'),(163,89,70,'scripts'),(164,90,89,'domain'),(165,90,90,'domain'),(166,90,71,'hosting'),(167,90,72,'products'),(168,90,73,'scripts'),(169,91,91,'domain'),(170,91,92,'domain'),(171,91,74,'hosting'),(172,91,75,'products'),(173,91,76,'scripts'),(174,92,93,'domain'),(175,92,94,'domain'),(176,92,77,'hosting'),(177,92,78,'products'),(178,92,79,'scripts'),(179,93,95,'domain'),(180,93,96,'domain'),(181,93,80,'hosting'),(182,93,81,'products'),(183,93,82,'scripts'),(184,94,97,'domain'),(185,94,98,'domain'),(186,94,83,'hosting'),(187,94,84,'products'),(188,94,85,'scripts'),(189,95,99,'domain'),(190,95,100,'domain'),(191,95,86,'hosting'),(192,95,87,'products'),(193,95,88,'scripts'),(194,97,89,'products'),(195,97,90,'scripts'),(196,98,91,'products'),(197,98,92,'scripts'),(198,100,93,'products'),(199,100,94,'scripts'),(200,102,95,'scripts'),(201,104,96,'products'),(202,104,97,'scripts'),(203,106,98,'products'),(204,106,99,'products'),(205,106,100,'scripts'),(206,108,101,'domain'),(207,108,102,'domain'),(208,108,101,'hosting'),(209,108,102,'products'),(210,108,103,'scripts'),(211,110,103,'domain'),(212,110,104,'hosting'),(213,110,105,'products'),(214,110,106,'scripts'),(215,111,54,'domain'),(216,112,40,'hosting'),(217,113,32,'hosting'),(218,114,104,'domain'),(219,114,107,'hosting'),(220,115,105,'domain'),(221,116,106,'domain'),(222,0,107,'domain'),(223,117,108,'domain'),(224,118,109,'domain'),(225,118,110,'domain'),(226,118,111,'domain'),(227,119,112,'domain'),(228,119,113,'domain'),(229,119,114,'domain'),(230,120,115,'domain'),(231,120,116,'domain'),(232,121,117,'domain'),(233,121,118,'domain'),(234,122,119,'domain'),(235,122,120,'domain'),(236,122,121,'domain'),(237,123,122,'domain'),(238,123,123,'domain'),(239,123,124,'domain'),(240,133,125,'domain'),(241,138,126,'domain'),(242,138,108,'hosting'),(243,139,127,'domain'),(244,152,128,'domain'),(245,153,129,'domain'),(246,153,130,'domain'),(247,153,131,'domain'),(248,155,132,'domain'),(249,157,109,'hosting'),(250,158,133,'domain'),(251,158,134,'domain'),(252,158,135,'domain'),(253,158,110,'hosting'),(254,159,136,'domain'),(255,159,111,'hosting'),(256,160,137,'domain'),(257,160,112,'hosting'),(258,160,3,'controlpanel'),(259,161,4,'controlpanel'),(260,162,138,'domain'),(261,162,113,'hosting'),(262,162,5,'controlpanel'),(263,163,5,'controlpanel'),(264,164,4,'controlpanel'),(265,165,6,'controlpanel'),(266,166,7,'controlpanel'),(267,167,114,'hosting'),(268,168,139,'domain'),(269,168,115,'hosting'),(270,169,116,'hosting'),(271,169,8,'controlpanel'),(272,170,117,'hosting'),(273,171,140,'domain'),(274,172,9,'controlpanel'),(275,172,118,'products'),(276,172,119,'products'),(277,172,120,'products'),(278,172,121,'scripts'),(279,173,122,'products'),(280,173,123,'products'),(281,174,141,'domain'),(282,174,124,'hosting'),(283,177,142,'domain'),(284,178,114,'hosting'),(285,179,125,'products'),(286,180,126,'hosting'),(287,181,127,'hosting'),(288,181,128,'hosting'),(289,182,10,'controlpanel'),(290,182,129,'products'),(291,183,143,'domain'),(292,183,144,'domain'),(293,183,130,'hosting'),(294,184,11,'controlpanel'),(295,185,131,'hosting'),(296,186,132,'hosting'),(297,187,145,'domain'),(298,187,133,'hosting'),(299,188,146,'domain'),(300,188,134,'hosting'),(301,189,147,'domain'),(302,189,135,'hosting'),(303,190,136,'products'),(304,191,148,'domain'),(305,191,137,'hosting'),(306,192,149,'domain'),(307,192,138,'hosting'),(308,193,150,'domain'),(309,193,139,'products'),(310,195,150,'domain'),(311,196,151,'domain'),(312,196,140,'hosting'),(313,199,141,'hosting'),(314,204,142,'hosting'),(315,209,152,'domain'),(316,209,143,'hosting'),(317,209,144,'hosting'),(318,209,12,'controlpanel'),(322,211,147,'hosting'),(321,211,146,'hosting'),(323,211,148,'hosting'),(324,211,13,'controlpanel'),(325,211,149,'scripts'),(326,211,150,'scripts'),(327,211,151,'scripts'),(328,211,152,'scripts'),(329,211,153,'scripts'),(330,211,154,'scripts'),(331,211,155,'scripts'),(332,211,156,'scripts'),(333,211,157,'scripts'),(334,211,158,'scripts'),(335,211,159,'scripts'),(336,211,160,'scripts'),(337,211,161,'scripts'),(338,211,162,'scripts'),(339,211,163,'scripts'),(340,211,164,'scripts'),(341,211,165,'scripts'),(342,212,154,'domain'),(343,212,155,'domain'),(344,212,156,'domain'),(345,212,157,'domain'),(346,212,158,'domain'),(347,212,159,'domain'),(348,212,160,'domain'),(349,212,161,'domain'),(350,212,162,'domain'),(351,212,163,'domain'),(352,212,166,'hosting'),(353,212,167,'hosting'),(354,212,168,'products'),(355,212,169,'products'),(356,212,170,'products'),(357,212,171,'products'),(358,214,164,'domain'),(359,214,172,'hosting');

--
-- Table structure for table `orders`
--

CREATE TABLE `orders` (
  `id` int NOT NULL AUTO_INCREMENT,
  `ordernum` bigint NOT NULL,
  `userid` int NOT NULL,
  `amount` decimal(10,2) NOT NULL,
  `currency_type` varchar(20) NOT NULL,
  `converter_price` decimal(10,2) NOT NULL,
  `paymentmethod` int NOT NULL,
  `invoiceid` int NOT NULL,
  `service_type` varchar(20) CHARACTER SET utf8mb3 COLLATE utf8mb3_general_ci NOT NULL,
  `status` int NOT NULL DEFAULT '0',
  `ipaddress` varchar(100) CHARACTER SET utf8mb3 COLLATE utf8mb3_general_ci NOT NULL,
  `notes` text CHARACTER SET utf8mb3 COLLATE utf8mb3_general_ci NOT NULL,
  `paypal_id` varchar(250) DEFAULT NULL,
  `paypal_name` varchar(250) DEFAULT NULL,
  `date_added` datetime NOT NULL,
  PRIMARY KEY (`id`)
) ENGINE=MyISAM AUTO_INCREMENT=215 DEFAULT CHARSET=latin1;

--
-- Dumping data for table `orders`
--

INSERT INTO `orders` VALUES (38,3825781255,118,135.00,'',0.00,5,1,'register',1,'156.201.241.27','',NULL,NULL,'2017-05-23 07:02:33'),(39,3930971025,2,3240.00,'',0.00,5,2,'register',0,'41.239.118.254','',NULL,NULL,'2017-05-24 03:59:10'),(40,4030253844,156,150.00,'',0.00,5,3,'register',1,'196.135.75.76','',NULL,NULL,'2017-08-03 06:25:26'),(41,4112794063,2,240.00,'',0.00,5,4,'register',0,'41.238.249.176','',NULL,NULL,'2018-03-26 03:26:51'),(42,4227409044,167,90.00,'',0.00,3,5,'register',0,'41.36.156.222','',NULL,NULL,'2018-05-26 02:41:12'),(43,0,167,90.00,'',0.00,5,0,'register',0,'41.36.156.222','',NULL,NULL,'2018-05-26 02:42:02'),(44,0,167,90.00,'',0.00,4,0,'register',0,'41.36.156.222','',NULL,NULL,'2018-05-26 02:42:16'),(45,4521427406,172,7.50,'',0.00,5,8,'register',0,'197.58.64.180','خدمه أهلا وسهلا للصيانه المنزلية\r\n ترحب بكم\r\nسباكه وكهرباء والمونتال ونقاشه ونجاره\r\nوجبس بورد',NULL,NULL,'2018-09-11 13:24:01'),(46,0,172,7.50,'',0.00,4,0,'register',0,'197.58.64.180','خدمه أهلا وسهلا للصيانه المنزلية\r\n ترحب بكم\r\nسباكه وكهرباء والمونتال ونقاشه ونجاره\r\nوجبس بورد',NULL,NULL,'2018-09-11 13:25:40'),(47,4737724905,2,2880.00,'',0.00,5,10,'register',0,'41.238.244.207','',NULL,NULL,'2018-09-16 08:29:11'),(48,4825777896,1,420.00,'',0.00,5,11,'register',0,'41.236.37.71','',NULL,NULL,'2019-01-17 09:07:47'),(49,4926302171,118,3255.00,'',0.00,5,12,'register',0,'41.37.75.243','',NULL,NULL,'2019-11-11 05:14:10'),(50,5037433717,118,2880.00,'',0.00,5,13,'register',0,'41.37.75.243','',NULL,NULL,'2019-11-11 05:15:07'),(51,5127587188,118,2880.00,'',0.00,5,14,'register',0,'41.37.75.243','',NULL,NULL,'2019-11-11 05:18:37'),(52,5232909633,118,2880.00,'',0.00,5,15,'register',0,'41.37.75.243','',NULL,NULL,'2019-11-11 05:47:58'),(56,5617648541,189,2956.78,'EUR',2661.10,5,19,'register',0,'41.42.210.64','',NULL,NULL,'2019-12-11 01:59:18'),(55,5520330757,2,108.36,'',0.00,5,18,'register',0,'197.60.29.186','',NULL,NULL,'2019-12-03 05:34:34'),(57,5717012284,2,15.00,'',0.00,5,20,'renewal',0,'196.135.8.102','',NULL,NULL,'2019-12-31 05:23:53'),(58,5835478357,2,240.00,'',0.00,5,21,'renewal',0,'196.135.8.102','',NULL,NULL,'2019-12-31 05:24:49'),(59,5931160016,140,75.00,'EGP',1212.00,4,22,'register',0,'41.232.81.22','',NULL,NULL,'2020-01-01 01:27:30'),(60,6036050256,140,1800.00,'EGP',29088.00,5,23,'register',0,'41.232.81.22','',NULL,NULL,'2020-01-02 01:51:33'),(61,6129173131,140,2175.00,'EGP',35148.00,5,24,'register',0,'41.232.81.22','',NULL,NULL,'2020-01-02 01:52:33'),(62,0,140,2175.00,'EGP',35148.00,5,0,'register',0,'41.232.81.22','',NULL,NULL,'2020-01-02 01:52:40'),(63,6317811073,2,1935.00,'GBP',1935.00,5,26,'register',0,'41.232.81.22','',NULL,NULL,'2020-01-02 01:53:11'),(64,6439305344,140,3030.00,'EGP',48964.80,5,27,'register',0,'41.232.81.22','',NULL,NULL,'2020-01-02 01:53:14'),(65,6528128985,140,105.00,'EGP',1696.80,5,28,'register',0,'41.232.81.22','',NULL,NULL,'2020-01-02 01:55:20'),(66,6616995163,140,495.00,'EGP',7999.20,5,29,'register',0,'197.61.189.134','',NULL,NULL,'2020-01-02 02:34:50'),(67,6723048901,140,1815.00,'EGP',29330.40,5,30,'register',0,'197.61.189.134','',NULL,NULL,'2020-01-02 02:36:36'),(68,6832426407,140,2175.00,'EGP',35148.00,5,31,'register',0,'197.61.189.134','',NULL,NULL,'2020-01-02 02:37:16'),(69,6937968561,140,3015.00,'EGP',48722.40,4,32,'register',0,'197.61.189.134','',NULL,NULL,'2020-01-02 02:37:57'),(70,7020027355,140,1815.00,'EGP',29330.40,5,33,'register',0,'197.61.189.134','',NULL,NULL,'2020-01-02 02:39:07'),(71,7121653948,140,2160.00,'EGP',34905.60,5,34,'register',0,'197.61.189.134','',NULL,NULL,'2020-01-02 02:40:04'),(72,7218019284,140,2160.00,'EGP',34905.60,5,35,'register',0,'197.61.189.134','',NULL,NULL,'2020-01-02 02:40:23'),(73,7323525017,140,3000.00,'EGP',48480.00,5,36,'register',0,'197.61.189.134','',NULL,NULL,'2020-01-02 02:41:04'),(74,7416525449,140,3615.00,'EGP',58418.40,5,37,'register',0,'197.61.189.134','',NULL,NULL,'2020-01-02 02:43:01'),(75,0,140,0.00,'EGP',0.00,5,0,'register',0,'197.61.189.134','',NULL,NULL,'2020-01-02 02:43:07'),(76,7624325245,140,3000.00,'EGP',48480.00,4,39,'register',0,'197.61.189.134','',NULL,NULL,'2020-01-02 02:43:54'),(77,7728663893,189,435.00,'USD',435.00,5,40,'register',1,'197.61.189.134','',NULL,NULL,'2020-01-02 03:22:51'),(78,7832445695,189,420.00,'USD',420.00,5,41,'register',1,'197.61.189.134','',NULL,NULL,'2020-01-02 03:42:31'),(79,7922414154,189,15.00,'',0.00,5,42,'renewal',0,'197.61.189.134','',NULL,NULL,'2020-01-02 04:10:40'),(80,8013260791,189,15.00,'AED',55.05,5,43,'register',0,'197.61.189.134','',NULL,NULL,'2020-01-02 04:12:25'),(81,8136632685,2,15.00,'GBP',15.00,5,44,'register',0,'197.61.146.34','',NULL,NULL,'2020-01-02 09:29:34'),(82,8238682424,189,2626.78,'QAR',9564.00,5,45,'register',0,'197.61.219.255','',NULL,NULL,'2020-01-08 06:38:01'),(83,8332088043,189,1500.00,'QAR',5461.00,5,46,'register',0,'197.61.219.255','',NULL,NULL,'2020-01-08 07:30:47'),(84,8424702661,189,150.00,'QAR',546.00,5,47,'register',0,'197.61.219.255','',NULL,NULL,'2020-01-08 07:47:56'),(85,8537236453,1,55.73,'EGP',892.00,5,48,'register',0,'197.60.183.91','',NULL,NULL,'2020-01-12 05:09:28'),(86,8615485754,1,255.73,'EGP',4091.00,6,49,'register',0,'197.60.183.91','',NULL,NULL,'2020-01-12 05:18:36'),(87,8718234191,189,150.00,'QAR',546.00,5,50,'register',0,'41.34.59.48','',NULL,NULL,'2020-01-12 08:09:14'),(88,8826314725,189,200.00,'QAR',728.00,5,51,'register',0,'41.34.59.48','',NULL,NULL,'2020-01-13 02:37:45'),(89,8933618021,189,150.00,'USD',150.00,5,52,'register',0,'102.41.172.9','',NULL,NULL,'2020-01-16 05:11:29'),(90,9029733716,189,1947.23,'USD',1947.00,5,53,'register',0,'102.41.172.9','',NULL,NULL,'2020-01-16 06:58:00'),(91,9124929052,189,3061.78,'USD',3062.00,4,54,'register',0,'102.41.172.9','',NULL,NULL,'2020-01-16 07:07:45'),(92,9222341498,189,3061.78,'USD',3062.00,4,55,'register',0,'102.41.172.9','',NULL,NULL,'2020-01-16 07:13:01'),(93,9335364233,189,1457.47,'USD',1457.00,4,56,'register',0,'102.41.172.9','',NULL,NULL,'2020-01-16 07:21:51'),(94,9419140445,189,1457.47,'USD',1457.00,4,57,'register',0,'102.41.172.9','',NULL,NULL,'2020-01-16 07:32:50'),(95,9512983716,189,1457.47,'USD',1457.00,5,58,'register',0,'102.41.172.9','',NULL,NULL,'2020-01-16 08:01:53'),(96,0,189,1457.47,'USD',1457.00,5,0,'register',0,'102.41.172.9','',NULL,NULL,'2020-01-16 08:11:38'),(97,9735248601,189,602.47,'USD',602.00,5,60,'register',0,'102.41.172.9','',NULL,NULL,'2020-01-16 08:12:11'),(98,9817194416,189,2626.78,'USD',2627.00,5,61,'register',0,'102.41.172.9','',NULL,NULL,'2020-01-16 08:14:05'),(99,0,189,2626.78,'USD',2627.00,5,0,'register',0,'102.41.172.9','',NULL,NULL,'2020-01-16 08:16:37'),(100,1003128494,189,2676.78,'USD',2677.00,5,63,'register',1,'102.41.172.9','',NULL,NULL,'2020-01-16 08:17:07'),(101,0,189,2676.78,'USD',2677.00,5,0,'register',0,'102.41.172.9','',NULL,NULL,'2020-01-16 08:19:15'),(102,1021610773,189,200.00,'USD',200.00,5,65,'register',1,'102.41.172.9','',NULL,NULL,'2020-01-16 08:19:34'),(103,0,189,200.00,'USD',200.00,5,0,'register',0,'102.41.172.9','',NULL,NULL,'2020-01-16 08:24:24'),(104,1043353540,189,2676.78,'USD',2677.00,5,67,'register',1,'102.41.172.9','',NULL,NULL,'2020-01-16 08:25:15'),(105,0,189,2676.78,'USD',2677.00,5,0,'register',0,'102.41.172.9','',NULL,NULL,'2020-01-16 08:26:44'),(106,1063964678,189,5153.56,'USD',5154.00,5,69,'register',1,'102.41.172.9','',NULL,NULL,'2020-01-16 08:27:07'),(107,0,189,5153.56,'USD',5154.00,5,0,'register',0,'102.41.172.9','',NULL,NULL,'2020-01-16 08:39:11'),(108,1083952168,189,3061.78,'USD',3062.00,4,71,'register',1,'102.41.172.9','',NULL,NULL,'2020-01-16 08:40:20'),(109,0,189,3061.78,'USD',3062.00,4,0,'register',0,'102.41.172.9','',NULL,NULL,'2020-01-16 08:42:01'),(110,1103762817,189,3046.78,'USD',3047.00,5,73,'register',1,'102.41.172.9','',NULL,NULL,'2020-01-16 08:43:15'),(111,1112312299,189,15.00,'USD',15.00,5,74,'renewal',1,'102.41.172.9','',NULL,NULL,'2020-01-16 08:49:26'),(112,1121708415,189,40.00,'USD',40.00,5,75,'renewal',1,'102.41.172.9','',NULL,NULL,'2020-01-16 08:51:27'),(113,1133146753,2,240.00,'USD',240.00,5,76,'renewal',0,'41.34.234.40','',NULL,NULL,'2020-04-29 07:59:52'),(114,1141307151,140,90.00,'USD',90.00,6,77,'register',0,'197.61.151.17','',NULL,NULL,'2020-06-18 04:22:27'),(115,1153848111,140,15.00,'USD',15.00,5,78,'register',0,'197.61.192.93','1111111111111111111111111',NULL,NULL,'2020-06-21 05:09:51'),(116,1162285272,140,15.00,'USD',15.00,5,79,'register',0,'197.61.192.93','ali123',NULL,NULL,'2020-06-21 05:20:40'),(117,1171511426,140,15.00,'USD',15.00,7,81,'register',0,'197.61.192.93','','0JP11385PJ192581K','test buyer','2020-06-21 06:02:44'),(118,1182087233,140,45.00,'USD',45.00,7,82,'register',0,'197.61.192.93','','80X53958AL347682Y','test buyer','2020-06-21 06:09:18'),(119,1191280938,140,45.00,'USD',45.00,7,83,'register',0,'197.61.192.93','','8V290901U2655720R','test buyer','2020-06-21 06:33:47'),(120,1202627819,140,30.00,'USD',30.00,7,84,'register',1,'197.61.192.93','','9YW85763H1715882D','test buyer','2020-06-21 06:37:56'),(121,1211801142,140,30.00,'USD',30.00,7,85,'register',1,'197.61.192.93','','6W6804562F793442S','test buyer','2020-06-21 06:51:13'),(122,1222190930,2,45.00,'USD',45.00,7,86,'register',1,'197.61.192.93','','133826173E618443A','ashraf hamdy','2020-06-21 07:09:27'),(123,1233615407,2,45.00,'USD',45.00,7,87,'register',1,'197.61.192.93','','02S871156C556105W','as df','2020-06-21 07:21:45'),(124,0,2,5.83,'USD',6.00,7,0,'register',0,'197.61.192.93','',NULL,NULL,'2020-06-21 08:01:42'),(125,0,140,159.96,'USD',160.00,7,0,'register',0,'197.61.192.93','',NULL,NULL,'2020-06-21 08:26:41'),(126,0,140,159.96,'USD',160.00,7,0,'register',0,'197.61.192.93','',NULL,NULL,'2020-06-21 08:26:52'),(127,0,140,159.96,'USD',160.00,5,0,'register',0,'197.61.192.93','',NULL,NULL,'2020-06-21 08:27:05'),(128,0,140,159.96,'USD',160.00,5,0,'register',0,'197.61.192.93','',NULL,NULL,'2020-06-21 08:29:15'),(129,0,140,1.00,'USD',1.00,7,0,'register',0,'197.61.192.93','','48S514229T585493S','ali hamdy','2020-06-22 02:35:38'),(130,0,140,1.00,'USD',1.00,7,0,'register',0,'197.61.192.93','','48S514229T585493S','ali hamdy','2020-06-22 02:36:51'),(131,0,2,1.00,'USD',1.00,7,0,'register',0,'197.61.192.93','',NULL,NULL,'2020-06-22 03:22:19'),(132,0,2,1.00,'USD',1.00,7,0,'register',0,'197.61.192.93','',NULL,NULL,'2020-06-22 03:22:33'),(133,1331520153,2,1.00,'USD',1.00,7,88,'register',0,'197.61.192.93','',NULL,NULL,'2020-06-22 04:10:08'),(134,0,2,1.00,'USD',1.00,7,0,'register',0,'197.61.192.93','',NULL,NULL,'2020-06-22 04:10:17'),(135,0,2,0.00,'USD',0.00,7,0,'register',0,'197.61.192.93','',NULL,NULL,'2020-06-22 04:10:27'),(136,0,2,1.00,'USD',1.00,7,0,'register',0,'197.61.192.93','','7FP481675J2101149','ashraf ali','2020-06-22 04:20:16'),(137,0,2,1.00,'USD',1.00,7,0,'register',0,'197.61.192.93','','7FP481675J2101149','ashraf ali','2020-06-22 04:21:45'),(138,1382793540,2,421.00,'USD',421.00,7,91,'register',1,'197.61.192.93','','9LW74746W42893220','test buyer','2020-06-22 04:44:42'),(139,1392197216,2,1.00,'USD',1.00,7,92,'register',1,'197.61.192.93','','7RG87947YS809352C','test buyer','2020-06-22 04:57:33'),(140,0,2,1.00,'USD',1.00,7,0,'register',0,'197.61.192.93','','70927960K70759815','ashraf hamdy','2020-06-22 05:14:25'),(141,0,2,1.00,'USD',1.00,7,0,'register',0,'197.61.192.93','','21W89596YA705345X','ashraf hamdy','2020-06-22 05:17:55'),(142,0,2,1.00,'USD',1.00,7,0,'register',0,'197.61.192.93','','3R803776E1579421B','ashraf hamdy','2020-06-22 05:22:42'),(143,0,2,1.00,'USD',1.00,5,0,'register',0,'197.61.192.93','',NULL,NULL,'2020-06-22 05:26:40'),(144,0,2,1.00,'USD',1.00,5,0,'register',0,'197.61.192.93','',NULL,NULL,'2020-06-22 05:29:15'),(145,0,2,1.00,'USD',1.00,5,0,'register',0,'197.61.192.93','',NULL,NULL,'2020-06-22 05:29:42'),(146,0,2,1.00,'USD',1.00,5,0,'register',0,'197.61.192.93','',NULL,NULL,'2020-06-22 05:30:08'),(147,0,2,1.00,'USD',1.00,5,0,'register',0,'197.61.192.93','',NULL,NULL,'2020-06-22 05:30:10'),(148,0,2,1.00,'USD',1.00,5,0,'register',0,'197.61.192.93','',NULL,NULL,'2020-06-22 05:30:21'),(149,0,2,1.00,'USD',1.00,5,0,'register',0,'197.61.192.93','',NULL,NULL,'2020-06-22 05:31:00'),(150,0,2,1.00,'USD',1.00,5,0,'register',0,'197.61.192.93','',NULL,NULL,'2020-06-22 05:31:03'),(151,0,2,1.00,'USD',1.00,5,0,'register',0,'197.61.192.93','',NULL,NULL,'2020-06-22 05:32:32'),(152,1523618956,2,1.00,'USD',1.00,7,94,'register',0,'197.61.192.93','','7FS02065N3737484A','ashraf hady','2020-06-22 05:34:28'),(153,1533638334,140,46.00,'EGP',736.00,7,95,'register',0,'197.61.192.93','',NULL,NULL,'2020-06-24 02:34:29'),(154,0,140,46.00,'EGP',736.00,7,0,'register',0,'197.61.192.93','',NULL,NULL,'2020-06-24 02:34:40'),(155,1552039057,140,15.00,'EGP',240.00,7,97,'register',0,'197.61.192.93','',NULL,NULL,'2020-06-24 02:37:06'),(156,0,140,15.00,'EGP',240.00,7,0,'register',0,'197.61.192.93','',NULL,NULL,'2020-06-24 02:37:25'),(157,1571397033,2,3600.00,'USD',3600.00,5,99,'register',0,'41.34.236.203','',NULL,NULL,'2020-09-13 05:31:49'),(158,1581437751,140,1830.00,'USD',1830.00,5,100,'register',0,'41.34.123.232','',NULL,NULL,'2021-01-12 03:10:27'),(159,1592477083,118,445.00,'USD',445.00,5,101,'register',0,'197.61.56.35','',NULL,NULL,'2021-01-26 10:03:40'),(160,1602057926,118,1177.00,'USD',1177.00,5,102,'register',0,'197.61.56.35','',NULL,NULL,'2021-01-26 10:06:38'),(161,1613437057,118,168.00,'USD',168.00,5,103,'register',0,'197.61.128.189','',NULL,NULL,'2021-01-27 06:39:39'),(162,1623534572,118,1573.00,'USD',1573.00,5,104,'register',0,'197.61.128.189','',NULL,NULL,'2021-01-27 06:41:44'),(163,1633550643,118,45.00,'USD',45.00,5,105,'renewal',1,'197.61.128.189','',NULL,NULL,'2021-01-27 06:59:23'),(164,1643395212,118,14.00,'USD',14.00,5,106,'renewal',0,'197.61.128.189','',NULL,NULL,'2021-01-27 07:03:02'),(165,1653646320,140,120.00,'USD',120.00,5,107,'register',0,'197.61.204.216','',NULL,NULL,'2021-02-01 03:32:31'),(166,1662760672,2,30.00,'USD',30.00,5,108,'register',0,'41.35.4.128','',NULL,NULL,'2021-02-01 04:23:39'),(167,1672366348,258,96.00,'EGP',1536.00,5,109,'register',1,'23.249.172.217','',NULL,NULL,'2022-01-10 05:07:30'),(168,1681627515,140,56.00,'USD',56.00,5,110,'register',0,'102.47.173.207','',NULL,NULL,'2022-02-06 03:01:46'),(169,1691500702,260,1320.00,'USD',1320.00,5,111,'register',0,'197.60.213.87','',NULL,NULL,'2022-02-07 06:47:11'),(170,1701969272,265,96.00,'USD',96.00,6,112,'register',0,'162.255.45.163','',NULL,NULL,'2022-04-19 04:31:39'),(171,1711442190,270,20.00,'USD',20.00,5,113,'register',0,'149.200.191.4','',NULL,NULL,'2022-05-13 17:15:16'),(172,1722990927,2,603.36,'USD',603.00,6,114,'register',0,'197.60.87.45','',NULL,NULL,'2022-11-22 03:56:32'),(173,1733630041,2,32.52,'USD',33.00,6,115,'register',0,'197.60.248.202','',NULL,NULL,'2022-11-23 01:36:47'),(174,1743377755,289,8.00,'USD',8.00,5,116,'register',0,'154.190.244.139','',NULL,NULL,'2022-11-24 02:21:24'),(175,0,289,8.00,'USD',8.00,5,0,'register',0,'154.190.244.139','',NULL,NULL,'2022-11-24 02:22:00'),(176,0,289,8.00,'USD',8.00,6,0,'register',0,'154.190.244.139','',NULL,NULL,'2022-11-24 02:24:06'),(177,1772824010,289,20.00,'USD',20.00,6,119,'register',0,'154.190.244.139','',NULL,NULL,'2022-11-24 02:26:31'),(178,1781217463,258,8.00,'USD',8.00,6,120,'renewal',0,'156.201.7.104','',NULL,NULL,'2023-01-17 00:41:22'),(179,1793264402,291,16.26,'USD',16.00,6,121,'register',0,'41.43.28.183','',NULL,NULL,'2023-01-30 12:51:37'),(180,1802027938,306,15.96,'USD',15.96,5,122,'register',0,'41.42.8.179','',NULL,NULL,'2023-02-12 14:55:02'),(181,1813186450,2,144.00,'EGP',4320.00,5,123,'register',0,'197.60.208.9','',NULL,NULL,'2023-02-20 09:56:01'),(182,1823649290,2,410.00,'EGP',12300.00,5,124,'register',0,'197.60.208.9','',NULL,NULL,'2023-02-20 09:56:45'),(183,1833667921,2,1520.00,'USD',1520.00,5,125,'register',0,'197.60.208.9','',NULL,NULL,'2023-02-26 13:25:57'),(184,1843378960,2,10.00,'USD',10.00,7,126,'register',1,'196.157.108.44','','3X2922607R8407415','ashraf ali','2024-01-08 14:17:59'),(185,1852392713,265,132.00,'USD',132.00,5,127,'register',0,'197.53.205.112','',NULL,NULL,'2024-02-17 13:58:36'),(186,1862332162,358,132.00,'USD',132.00,7,128,'register',1,'109.161.222.97','','84W75811P55888227','Mohammad ALKHALAF','2024-02-17 14:08:25'),(187,1871971636,368,111.00,'DZD',13270.00,6,129,'register',0,'156.214.130.114','',NULL,NULL,'2024-03-31 01:11:23'),(188,1882178893,140,1485.00,'USD',1485.00,6,130,'register',0,'197.35.212.21','',NULL,NULL,'2024-05-07 13:05:12'),(189,1893325551,306,8.00,'EGP',400.00,6,131,'register',0,'197.134.102.98','',NULL,NULL,'2024-08-14 22:36:48'),(190,1902604509,140,16.26,'USD',16.00,5,132,'register',0,'197.53.139.166','',NULL,NULL,'2024-09-11 14:34:08'),(191,1911828435,2795,6.00,'EGP',300.00,6,133,'register',0,'41.42.233.71','',NULL,NULL,'2024-10-21 16:02:49'),(192,1922150737,2797,6.00,'EGP',300.00,6,134,'register',0,'41.42.233.71','',NULL,NULL,'2024-10-21 16:11:51'),(193,1931454339,1,49.41,'SAR',185.00,5,135,'register',0,'156.214.145.118','',NULL,NULL,'2024-12-23 10:13:19'),(194,0,1,49.41,'SAR',185.00,6,0,'register',0,'156.214.145.118','',NULL,NULL,'2024-12-23 10:13:39'),(195,1951553971,1,20.00,'SAR',75.00,6,137,'renewal',0,'156.214.145.118','',NULL,NULL,'2024-12-23 10:14:09'),(196,1962690807,1,72.00,'SAR',270.00,5,138,'register',0,'156.214.145.118','',NULL,NULL,'2024-12-23 11:29:52'),(197,0,1,72.00,'SAR',270.00,5,0,'register',0,'156.214.145.118','',NULL,NULL,'2024-12-23 11:30:23'),(198,0,1,72.00,'SAR',270.00,5,0,'register',0,'156.214.145.118','',NULL,NULL,'2024-12-23 14:39:00'),(199,1991878966,1,72.00,'SAR',270.00,5,141,'register',0,'156.214.145.118','',NULL,NULL,'2024-12-23 14:39:29'),(200,0,1,72.00,'SAR',270.00,5,0,'register',0,'156.214.145.118','',NULL,NULL,'2024-12-23 14:46:01'),(201,0,1,72.00,'SAR',270.00,5,0,'register',0,'156.214.145.118','',NULL,NULL,'2024-12-23 15:03:44'),(202,0,1,72.00,'SAR',270.00,5,0,'register',0,'156.214.145.118','',NULL,NULL,'2024-12-23 15:04:08'),(203,0,1,72.00,'SAR',270.00,5,0,'register',0,'156.214.145.118','',NULL,NULL,'2024-12-23 15:04:27'),(204,2041269161,1,72.00,'SAR',270.00,5,143,'register',1,'156.214.145.118','',NULL,NULL,'2024-12-23 15:36:26'),(205,0,1,72.00,'SAR',270.00,5,0,'register',0,'156.214.145.118','',NULL,NULL,'2024-12-24 12:47:47'),(206,0,1,72.00,'SAR',270.00,5,0,'register',0,'156.214.145.118','',NULL,NULL,'2024-12-24 13:07:59'),(207,0,1,72.00,'SAR',270.00,5,0,'register',0,'156.214.145.118','',NULL,NULL,'2024-12-24 13:08:44'),(208,0,1,144.00,'SAR',540.00,5,0,'register',0,'156.214.145.118','',NULL,NULL,'2024-12-24 13:16:40'),(209,2093519605,1,264.00,'AED',970.00,5,146,'register',0,'156.214.145.118','',NULL,NULL,'2024-12-26 10:11:36'),(211,2112842374,2,9233.83,'USD',9233.83,5,148,'register',1,'156.214.72.243','',NULL,NULL,'2025-04-07 10:46:31'),(212,2122595270,4611,445.34,'USD',445.34,4,149,'register',0,'197.35.213.28','',NULL,NULL,'2025-04-20 16:59:15'),(213,0,4611,445.34,'USD',445.34,6,0,'register',0,'197.35.213.28','',NULL,NULL,'2025-04-20 16:59:34'),(214,2143201426,4611,90.00,'USD',90.00,5,151,'register',0,'197.35.213.28','',NULL,NULL,'2025-04-20 17:01:27');

--
-- Table structure for table `our_clients`
--

CREATE TABLE `our_clients` (
  `id` int NOT NULL AUTO_INCREMENT,
  `sort` int NOT NULL,
  `active` enum('0','1') NOT NULL,
  `file` varchar(100) CHARACTER SET utf8mb3 COLLATE utf8mb3_general_ci NOT NULL,
  `date_added` timestamp NOT NULL DEFAULT CURRENT_TIMESTAMP ON UPDATE CURRENT_TIMESTAMP,
  PRIMARY KEY (`id`)
) ENGINE=MyISAM AUTO_INCREMENT=24 DEFAULT CHARSET=latin1;

--
-- Dumping data for table `our_clients`
--

INSERT INTO `our_clients` VALUES (14,11,'0','60e7534781.png','2016-08-07 13:10:42'),(13,1,'0','c10834c00a.png','2016-08-07 13:02:02'),(12,5,'0','b6e0748a85.png','2016-08-07 13:07:48'),(15,12,'0','a4595d97d0.png','2016-08-07 13:17:38'),(16,4,'0','2a92a1b975.png','2016-08-07 13:07:23'),(17,6,'0','8070572f3b.png','2016-08-07 13:08:29'),(18,2,'0','6a0ced2d8a.png','2016-08-07 13:02:23'),(19,8,'0','11821c3c81.png','2016-08-07 13:09:30'),(20,7,'0','b23b5c0f0c.png','2016-08-07 13:08:56'),(21,3,'0','e8364f7cff.png','2016-08-07 13:06:47'),(22,10,'0','eace7bd605.png','2016-08-07 13:10:19'),(23,9,'0','1e3c781430.png','2016-08-07 13:09:58');

--
-- Table structure for table `our_clients_groups`
--

CREATE TABLE `our_clients_groups` (
  `id` int NOT NULL AUTO_INCREMENT,
  `c_id` int NOT NULL,
  `name` varchar(250) CHARACTER SET utf8mb3 COLLATE utf8mb3_general_ci NOT NULL,
  `language` varchar(150) CHARACTER SET utf8mb3 COLLATE utf8mb3_general_ci NOT NULL,
  PRIMARY KEY (`id`)
) ENGINE=MyISAM AUTO_INCREMENT=47 DEFAULT CHARSET=latin1;

--
-- Dumping data for table `our_clients_groups`
--

INSERT INTO `our_clients_groups` VALUES (30,15,'الجمعية الخيرية السلفية لتحفيظ القرآن الكريم فى بجرشي','english'),(29,15,'الجمعية الخيرية السلفية لتحفيظ القرآن الكريم فى بجرشي','arabic'),(28,14,'مدارس الرواد الأهلية ','english'),(23,12,'ترجمة الخليج','arabic'),(24,12,'ترجمة الخليج','english'),(25,13,'طيران الامن','arabic'),(26,13,'طيران الامن','english'),(27,14,'مدارس الرواد الأهلية ','arabic'),(31,16,'دار اقرأ','arabic'),(32,16,'دار اقرأ','english'),(33,17,'صحيفة المواطن','arabic'),(34,17,'almowatn','english'),(35,18,'مطاعم الطائف','arabic'),(36,18,'Taif food','english'),(37,19,'سوق ستور','arabic'),(38,19,'sooq store','english'),(39,20,'رصد 24','arabic'),(40,20,'rassd24','english'),(41,21,'كويك شوب','arabic'),(42,21,'quik shop','english'),(43,22,'لجنة التنمة الاهلية بالظبية','arabic'),(44,22,'لجنة التنمة الاهلية بالظبية','english'),(45,23,'ثانوية الظبية','arabic'),(46,23,'ثانوية الظبية','english');

--
-- Table structure for table `pages`
--

CREATE TABLE `pages` (
  `id` int NOT NULL AUTO_INCREMENT,
  `active` enum('0','1') NOT NULL DEFAULT '1',
  `date_added` datetime NOT NULL,
  PRIMARY KEY (`id`)
) ENGINE=MyISAM AUTO_INCREMENT=6 DEFAULT CHARSET=utf8mb3;

--
-- Dumping data for table `pages`
--

INSERT INTO `pages` VALUES (2,'1','2016-05-04 06:15:27'),(3,'1','2016-07-04 08:54:36'),(5,'1','2023-05-07 14:30:23');

--
-- Table structure for table `pages_groups`
--

CREATE TABLE `pages_groups` (
  `id` int NOT NULL AUTO_INCREMENT,
  `p_id` int NOT NULL,
  `name` varchar(250) NOT NULL,
  `description` text NOT NULL,
  `language` varchar(100) CHARACTER SET latin1 COLLATE latin1_swedish_ci NOT NULL,
  PRIMARY KEY (`id`)
) ENGINE=MyISAM AUTO_INCREMENT=22 DEFAULT CHARSET=utf8mb3;

--
-- Dumping data for table `pages_groups`
--

INSERT INTO `pages_groups` VALUES (15,2,'about us','<p><strong><span style=\"font-size:18px\"><span style=\"color:rgb(0, 128, 0)\">Intro :</span></span></strong></p>\r\n\r\n<p><span style=\"color:#555555\">IT Plus Inc.&nbsp; is an Egyptian company which provide their services to Arabs.In late 2010 IT Plus&nbsp; started providing their services&nbsp; and since then we are doing our best to provide the best&nbsp; technical and secure solutions which enhance the trusty of our services as we have chosen&nbsp; the best&nbsp; partners&nbsp; around the world and the best equipments which help your site stay stable all the time by not less than 99.99% with supplying our clients by all means of comfort and all the time continuous support&nbsp; to provide integrated service.</span></p>\r\n\r\n<p>&nbsp;</p>\r\n\r\n<p><strong><span style=\"font-size:18px\"><span style=\"color:rgb(0, 128, 0)\">Technical&nbsp; Support : </span></span></strong></p>\r\n\r\n<p><span style=\"color:#555555\">Paying attention to technical support is a main role in secure hosting as we grantee meeting clients`&nbsp; requests and answering their tickets in no more than 24 hours in worst case , noting that tickets and requests reply takes place within one minute to an hour.</span></p>\r\n\r\n<p>&nbsp;</p>\r\n\r\n<p><strong><span style=\"color:#008000\"><span style=\"font-size:18px\">Means of support : </span></span></strong></p>\r\n\r\n<p><span style=\"color:#555555\">1 : Tickets (sales&nbsp; + customer support)</span></p>\r\n\r\n<p><span style=\"color:#555555\">2 :&nbsp; Direct support (sales&nbsp; + customer support)</span></p>\r\n\r\n<p><span style=\"color:#555555\">3 : via mail (sales&nbsp; + customer support)</span></p>\r\n\r\n<p><span style=\"color:#555555\">4 :&nbsp; by phone (sales only)</span></p>\r\n\r\n<p><span style=\"color:#555555\">5 :&nbsp; Messenger (sales only )</span></p>\r\n\r\n<p><span style=\"color:#555555\">You can know how to contact us on CONTACT US page.</span></p>\r\n\r\n<p>&nbsp;</p>\r\n\r\n<p><span style=\"font-size:18px\"><strong><span style=\"color:rgb(0, 128, 0)\">Services :</span></strong></span></p>\r\n\r\n<p><span style=\"color:#555555\">1 :&nbsp; Hosting we provide shared hosting services , reseller and VPS&nbsp; with latest versions of Cpanel &amp; WHM and others like R1 soft , Spam Filter and Softaculous.</span></p>\r\n\r\n<p><span style=\"color:#555555\">2 :&nbsp; Domains we provide shared domain register service for individual accounts and Reseller domains for companies with suitable prices comparing with other startups which have many properties and clients full ownership.</span></p>\r\n\r\n<p><span style=\"color:#555555\">3 :&nbsp; Web design &amp; web development.</span></p>\r\n\r\n<p><span style=\"color:#555555\">4 : Mobile Applications Design &amp; Development.</span></p>\r\n\r\n<p><span style=\"color:#555555\">5 : Technical Support&nbsp; Services.</span></p>\r\n','english'),(14,2,'عن الشركة','<p dir=\"rtl\"><span style=\"font-size:18px\"><span style=\"color:rgb(0, 128, 0)\"><strong>مقدمة :</strong></span></span></p>\r\n\r\n<p dir=\"rtl\"><span style=\"color:#555555\"><span style=\"font-size:14px\">IT Plus Inc . شركة آى تى بلس شركة مصرية تقدم خدماتها لكل العرب . بدأت شركة آى تى بلس تقديم خداماتها آواخر عام 2010 ومنذ ذلك الحين بذلنا قصار جهدنا لتقديم افضل الحلول الأمنية والتقنية التي تزيد من موثوقية الخدمات التي نقدمها حيث اخترنا افضل الشركاء حول العالم وافضل المعدات التي تساعد في بقاء موقعك مستقراً على مدار الساعة وبنسبة لاتقل عن 99,99% مع توفير كافة سبل الراحة للعميل والدعم المستمر على مدار الساعة لتوفير خدمة متكاملة.</span></span></p>\r\n\r\n<p dir=\"rtl\"><span style=\"font-size:18px\"><span style=\"color:rgb(0, 128, 0)\"><strong>الدعم الفني :</strong></span></span></p>\r\n\r\n<p dir=\"rtl\"><span style=\"color:#555555\"><span style=\"font-size:14px\">ان اهتمامنا بالدعم الفني هو امر اساسي في الاستضافة الأمنية حيث نضمن للعملاء تلبية طلباتهم والرد على تذاكرهم بمدة لاتتجاوز الـ 24 ساعة في اقصى الظروف علماً ان الرد على التذاكر والطلبات دائماً يتم خلال مدة تتراوح بين 1 دقيقة ال 1 ساعة .</span></span></p>\r\n\r\n<p dir=\"rtl\"><span style=\"font-size:18px\"><span style=\"color:rgb(0, 128, 0)\"><strong>طرق الدعم :</strong></span></span></p>\r\n\r\n<p dir=\"rtl\"><span style=\"color:#555555\"><span style=\"font-size:14px\">1 :&nbsp; نظام التذاكر (دعم العملاء + المبيعات)</span></span></p>\r\n\r\n<p dir=\"rtl\"><span style=\"color:#555555\"><span style=\"font-size:14px\">2 : الدعم المباشر (دعم العملاء + المبيعات)&nbsp;</span></span></p>\r\n\r\n<p dir=\"rtl\"><span style=\"color:#555555\"><span style=\"font-size:14px\">3 : البريد (دعم العملاء + المبيعات)</span></span></p>\r\n\r\n<p dir=\"rtl\"><span style=\"color:#555555\"><span style=\"font-size:14px\">4 : الهاتف (للمبيعات فقط)</span></span></p>\r\n\r\n<p dir=\"rtl\"><span style=\"color:#555555\"><span style=\"font-size:14px\">5 : الماسنجر (للمبيعات فقط)</span></span></p>\r\n\r\n<p dir=\"rtl\"><span style=\"color:#555555\"><span style=\"font-size:14px\">يمكنكم معرفة كافة معلومات الاتصال بنا من خلال صفحة اتصل بنا</span></span></p>\r\n\r\n<p dir=\"rtl\"><span style=\"font-size:18px\"><span style=\"color:rgb(0, 128, 0)\"><strong>الخدمات :</strong></span></span></p>\r\n\r\n<p dir=\"rtl\"><span style=\"color:#555555\"><span style=\"font-size:14px\">1 :&nbsp; الاستضافة : نوفر خدمات الاستضافة المشتركة و استضافة الموزعين (الريسيلر) واستضافة الخوادم الافتراضية (VPS)بلوحة تحكم Cpanel و WHM احدث الاصدارات و الإضافات الاخرى Softaculous , Spam Filter , R1Soft</span></span></p>\r\n\r\n<p dir=\"rtl\"><span style=\"color:#555555\"><span style=\"font-size:14px\">2 :&nbsp; النطاقات : نوفر خدمة تسجيل النطاقات (الدومين) للحسابات الفردية و للشركات Reseller domains وباسعار مناسبة مقارنة بباقي الشركات الاخرى مع خصائص متعددة والملكية الكاملة للعملاء</span></span></p>\r\n\r\n<p dir=\"rtl\"><span style=\"color:#555555\"><span style=\"font-size:14px\">3 :&nbsp; تصميم وبرمجة مواقع الأنترنت </span></span></p>\r\n\r\n<p dir=\"rtl\"><span style=\"color:#555555\"><span style=\"font-size:14px\">4 : تصميم وبرمجة تطبيقات الجوال</span></span></p>\r\n\r\n<p dir=\"rtl\"><span style=\"color:#555555\"><span style=\"font-size:14px\">5 : تقديم خدمات الدعم الفنى </span></span></p>\r\n','arabic'),(16,3,'مرحبا بكم في أى تى بلس','<p><strong>We designing,</strong> web, mobile applications, UX/UI, branding and more</p>\r\n\r\n<p>تجربة بس الاول</p>\r\n','arabic'),(17,3,'Welcome To IT PLUS ','<p>&nbsp;&nbsp; &nbsp;&nbsp;&nbsp; &nbsp;&nbsp;&nbsp; &nbsp;&nbsp;&nbsp; &nbsp;&nbsp;&nbsp;&nbsp;</p>\r\n\r\n<p><strong>We designing,</strong> web, mobile applications, UX/UI, branding and more</p>\r\n\r\n<p><br />\r\n&nbsp;&nbsp; &nbsp;&nbsp;&nbsp; &nbsp;&nbsp;&nbsp; &nbsp;&nbsp;&nbsp; &nbsp;&nbsp;&nbsp; &nbsp;&nbsp;&nbsp; &nbsp;&nbsp;&nbsp; &nbsp;</p>\r\n\r\n<p>Duis tincidunt erat quam. Etiam placerat sapien elit. Pellentesque egestas ornare sagittis. Sed augue lorem, dignissim eget bibendum vitae, scelerisque eget justo. Class aptent taciti sociosqu ad litora torquent per conubia nostra, per inceptos himenaeos.</p>\r\n\r\n<p>&nbsp;</p>\r\n','english'),(20,5,'سياسة الاستخدام ','<p>نحن فى شركة it&nbsp;plus&nbsp;نفهم أهمية خصوصيتك وملتزمون بحمايتها. توضح سياسة الخصوصية هذه كيف نجمع معلوماتك الشخصية ونستخدمها ونحميها.</p>\r\n\r\n<p>المعلومات التي نجمعها</p>\r\n\r\n<p>قد نجمع معلومات شخصية مثل اسمك وعنوان بريدك الإلكتروني ورقم هاتفك ومعلومات الفوترة عند الاشتراك في خدمات&nbsp;البرمجة وخدمات الاستضافة. نقوم أيضًا بجمع معلومات حول استخدامك لخدماتنا ، بما في ذلك الصفحات التي تزورها والميزات التي تستخدمها.</p>\r\n\r\n<p>كيف نستخدم معلوماتك</p>\r\n\r\n<p>نستخدم معلوماتك الشخصية لتزويدك بخدمات البرمجة وخدمات الاستضافة ، وللتواصل معك بشأن حسابك وخدماتنا ، ولتحسين خدماتنا. قد نستخدم معلوماتك أيضًا لإرسال رسائل بريد إلكتروني ترويجية حول خدماتنا أو لإجراء استبيانات لتحسين خدماتنا.</p>\r\n\r\n<p>مشاركة المعلومات</p>\r\n\r\n<p>نحن لا نبيع أو نؤجر معلوماتك الشخصية لأطراف ثالثة. ومع ذلك ، قد نشارك معلوماتك الشخصية مع شركائنا الموثوق بهم الذين يقدمون خدمات نيابة عنا ، مثل الفواتير ودعم العملاء. قد نكشف أيضًا عن معلوماتك الشخصية إذا كان ذلك مطلوبًا بموجب القانون أو لحماية حقوقنا القانونية.</p>\r\n\r\n<p>أمن البيانات</p>\r\n\r\n<p>نحن نستخدم تدابير أمنية متوافقة مع معايير الصناعة لحماية معلوماتك الشخصية من الوصول أو الاستخدام أو الكشف غير المصرح به. ومع ذلك ، لا توجد وسيلة نقل عبر الإنترنت أو طريقة تخزين إلكتروني آمنة بنسبة 100٪ ، ولا يمكننا ضمان أمانها المطلق.</p>\r\n\r\n<p>اختياراتك</p>\r\n\r\n<p>لديك الحق في الوصول إلى معلوماتك الشخصية وتحديثها وحذفها في أي وقت. يمكنك أيضًا اختيار إلغاء الاشتراك في تلقي رسائل البريد الإلكتروني الترويجية منا. يرجى الاتصال بنا على info@it-plus.co لممارسة حقوقك.</p>\r\n\r\n<p>سياسة الاسترداد أو الإرجاع :</p>\r\n\r\n<p>نحن نتفهم أنه في بعض الأحيان قد لا تسير الأمور كما هو مخطط لها ، ونريد أن نتأكد من رضا عملائنا عن خدمة الاستضافة والخدمات الأخرى التي نقدمها. هذا هو السبب في أننا نقدم سياسة استرداد وإرجاع واضحة كما هو موضح أدناه:</p>\r\n\r\n<p>خدمة استضافة:</p>\r\n\r\n<p>نحن نقدم ضمان استرداد الأموال لمدة 30 يومًا على خدمة الاستضافة الخاصة بنا. إذا لم تكن راضيًا عن خدمتنا خلال أول 30 يومًا من التسجيل ، يمكنك طلب استرداد كامل المبلغ ، دون طرح أي أسئلة.<br />\r\nبعد الثلاثين يومًا الأولى ، لن يتم إصدار المبالغ المستردة للأجزاء غير المستخدمة من خدمة الاستضافة.<br />\r\nخدمات أخرى:</p>\r\n\r\n<p>بالنسبة للخدمات الأخرى مثل تسجيل المجال وشهادات SSL وتصميم موقع الويب ، سيتم التعامل مع المبالغ المستردة على أساس كل حالة على حدة اعتمادًا على طبيعة الخدمة والظروف.<br />\r\nإذا لم تكن راضيًا عن الخدمة التي قدمناها ، فيرجى الاتصال بنا في غضون 7 أيام من اكتمال الخدمة ، وسنعمل معك لإيجاد حل.<br />\r\nاستثناءات:</p>\r\n\r\n<p>نحن لا نقدم المبالغ المستردة للخدمات التي تم استخدامها أو استهلاكها بالفعل ، مثل حركة المرور على الموقع الإلكتروني أو استخدام البريد الإلكتروني.<br />\r\nنحتفظ بالحق في رفض طلب استرداد أو إرجاع إذا قررنا أنه احتيالي أو مسيء.<br />\r\nيرجى ملاحظة أن أي رسوم طرف ثالث مرتبطة بخدماتنا ، مثل رسوم تسجيل اسم المجال ، غير قابلة للاسترداد. بالإضافة إلى ذلك ، ستخضع أي خدمات تم شراؤها من خلال مزود تابع لجهة خارجية لسياسات الاسترداد والإرجاع الخاصة بهذا المزود.</p>\r\n\r\n<p>نحن ملتزمون بتزويد عملائنا بأعلى مستوى من الخدمة والدعم. إذا كانت لديك أي أسئلة أو مخاوف بشأن سياسة الاسترداد والإرجاع الخاصة بنا ، فيرجى عدم التردد في الاتصال بنا.</p>\r\n\r\n<p>التغييرات على سياسة الخصوصية هذه</p>\r\n\r\n<p>قد نقوم بتحديث سياسة الخصوصية هذه من وقت لآخر لتعكس التغييرات في ممارساتنا أو لأسباب تشغيلية أو قانونية أو تنظيمية أخرى. سنخطرك بأي تغييرات جوهرية في سياسة الخصوصية هذه عن طريق نشر إشعار على موقعنا الإلكتروني أو بإرسال بريد إلكتروني إليك.</p>\r\n\r\n<p>اتصل بنا</p>\r\n\r\n<p>إذا كان لديك أي أسئلة حول سياسة الخصوصية هذه ، يرجى الاتصال بنا على info@it-plus.co.</p>\r\n','arabic'),(21,5,'Privacy Policy','<p dir=\"ltr\">Privacy Policy</p>\r\n\r\n<p dir=\"ltr\">We at it plus&nbsp;understand the importance of your privacy and are committed to protecting it. This Privacy Policy outlines how we collect, use, and protect your personal information.</p>\r\n\r\n<p dir=\"ltr\">Information We Collect</p>\r\n\r\n<p dir=\"ltr\">We may collect personal information such as your name, email address, phone number, and billing information when you sign up for our programming solution and hosting services. We also collect information about your use of our services, including the pages you visit and the features you use.</p>\r\n\r\n<p dir=\"ltr\">How We Use Your Information</p>\r\n\r\n<p dir=\"ltr\">We use your personal information to provide you with our programming solution and hosting services, to communicate with you about your account and our services, and to improve our services. We may also use your information to send you promotional emails about our services or to conduct surveys to improve our services.</p>\r\n\r\n<p dir=\"ltr\">Information Sharing</p>\r\n\r\n<p dir=\"ltr\">We do not sell or rent your personal information to third parties. However, we may share your personal information with our trusted partners who provide services on our behalf, such as billing and customer support. We may also disclose your personal information if required by law or to protect our legal rights.</p>\r\n\r\n<p dir=\"ltr\">Data Security</p>\r\n\r\n<p dir=\"ltr\">We use industry-standard security measures to protect your personal information from unauthorized access, use, or disclosure. However, no method of transmission over the internet or method of electronic storage is 100% secure, and we cannot guarantee its absolute security.</p>\r\n\r\n<p dir=\"ltr\">Your Choices</p>\r\n\r\n<p dir=\"ltr\">You have the right to access, update, and delete your personal information at any time. You may also choose to opt-out of receiving promotional emails from us. Please contact us at info@it-plus.co&nbsp;to exercise your rights.</p>\r\n\r\n<p dir=\"ltr\">Refund or Return Policy&nbsp;</p>\r\n\r\n<p dir=\"ltr\">We understand that sometimes things may not work out as planned, and we want to make sure our customers are satisfied with our hosting service and other services. That is why we offer a clear refund and return policy as outlined below:</p>\r\n\r\n<p dir=\"ltr\">Hosting Service:</p>\r\n\r\n<p dir=\"ltr\">We offer a 30-day money-back guarantee on our hosting service. If you are not satisfied with our service within the first 30 days of signing up, you can request a full refund, no questions asked.<br />\r\nAfter the initial 30 days, refunds will not be issued for unused portions of hosting service.<br />\r\nOther Services:</p>\r\n\r\n<p dir=\"ltr\">For other services such as domain registration, SSL certificates, and website design, refunds will be handled on a case-by-case basis depending on the nature of the service and the circumstances.<br />\r\nIf you are not satisfied with a service that we have provided, please contact us within 7 days of the service being completed, and we will work with you to find a resolution.<br />\r\nExceptions:</p>\r\n\r\n<p dir=\"ltr\">We do not offer refunds for services that have already been used or consumed, such as website traffic or email usage.<br />\r\nWe reserve the right to deny a refund or return request if we determine that it is fraudulent or abusive.<br />\r\nPlease note that any third-party fees associated with our services, such as domain name registration fees, are non-refundable. Additionally, any services that were purchased through a third-party provider will be subject to that provider&#39;s refund and return policies.</p>\r\n\r\n<p dir=\"ltr\">We are committed to providing our customers with the highest level of service and support. If you have any questions or concerns about our refund and return policy, please do not hesitate to contact us.</p>\r\n\r\n<p dir=\"ltr\">Changes to this Privacy Policy</p>\r\n\r\n<p dir=\"ltr\">We may update this Privacy Policy from time to time to reflect changes in our practices or for other operational, legal, or regulatory reasons. We will notify you of any material changes to this Privacy Policy by posting a notice on our website or by sending you an email.</p>\r\n\r\n<p dir=\"ltr\">Contact Us</p>\r\n\r\n<p dir=\"ltr\">If you have any questions about this Privacy Policy, please contact us at info@it-plus.co.</p>\r\n','english');

--
-- Table structure for table `payment_methods`
--

CREATE TABLE `payment_methods` (
  `id` int NOT NULL AUTO_INCREMENT,
  `active` enum('0','1') CHARACTER SET latin1 COLLATE latin1_swedish_ci NOT NULL DEFAULT '1',
  `sort` int NOT NULL,
  `date_added` timestamp NOT NULL DEFAULT CURRENT_TIMESTAMP ON UPDATE CURRENT_TIMESTAMP,
  PRIMARY KEY (`id`)
) ENGINE=MyISAM AUTO_INCREMENT=8 DEFAULT CHARSET=utf8mb3;

--
-- Dumping data for table `payment_methods`
--

INSERT INTO `payment_methods` VALUES (3,'0',2,'2019-12-30 08:44:45'),(4,'1',2,'2015-02-24 11:45:01'),(5,'1',1,'2017-05-07 13:33:34'),(6,'1',3,'2020-01-12 11:15:51'),(7,'1',4,'2020-06-18 13:24:18');

--
-- Table structure for table `payment_methods_groups`
--

CREATE TABLE `payment_methods_groups` (
  `id` int NOT NULL AUTO_INCREMENT,
  `p_id` int NOT NULL,
  `name` varchar(250) NOT NULL,
  `description` text NOT NULL,
  `file` varchar(50) NOT NULL,
  `language` varchar(50) NOT NULL,
  PRIMARY KEY (`id`)
) ENGINE=MyISAM AUTO_INCREMENT=16 DEFAULT CHARSET=utf8mb3;

--
-- Dumping data for table `payment_methods_groups`
--

INSERT INTO `payment_methods_groups` VALUES (7,3,'Egypt Post Office','<p><strong><span style=\"font-size:16px\">name :</span><span style=\"color:#008000\"> ashraf hamdy ali abu eleneen</span></strong></p>\r\n\r\n<p><strong><span style=\"font-size:16px\">Branch :&nbsp;<span style=\"color:#008000\"><span style=\"font-size:14px\"> </span></span></span><span style=\"font-size:12px\"><span style=\"color:rgb(0, 128, 0)\">Post Office Mit Ghamr</span></span></strong></p>\r\n','efffa78c2b.png','english'),(6,3,'مكتب البريد المصري ','<p><span style=\"font-size:16px\"><strong>الاسم :<span style=\"font-size:14px\"> <span style=\"color:rgb(0, 128, 0)\">أشرف حمدى على أبو العنين</span></span></strong><br />\r\n<strong>الفرع : <span style=\"font-size:14px\"><span style=\"color:rgb(0, 128, 0)\">مكتب بريد ميت غمر</span></span></strong> &nbsp;</span></p>\r\n\r\n<p>&nbsp;</p>\r\n','d4cb8c4767.png','arabic'),(8,4,' ويسترن يونيون لتحويل الأموال ','<p dir=\"rtl\">الاسم : <span style=\"font-size:16px\">ashraf hamdy ali abu eleneen</span></p>\r\n\r\n<p dir=\"rtl\">الدولة : <span style=\"font-size:16px\">Egypt</span>&nbsp;</p>\r\n','cb6a25e30d.png','arabic'),(9,4,'Western Union Money Transfer','<p><span style=\"font-size:16px\">name : ashraf hamdy ali abu eleneen</span></p>\r\n\r\n<p><span style=\"font-size:16px\">Country : Egypt</span></p>\r\n','368c52d2b3.png','english'),(10,5,'تحويل بنكى','<p dir=\"rtl\"><span style=\"font-size:16px\">البنك : بنك الاسكندريه&nbsp;<br />\r\nالحساب باسم : شركة it plus&nbsp;<br />\r\nرقم الحساب : 176000397002<br />\r\nالسويفت كود : Alexegcxxxx<br />\r\nعملة الحساب : الدولار</span></p>\r\n','3bf127fa7d.jpg','arabic'),(11,5,'Bank transfer','<p><span style=\"font-size:16px\">Bank: the Bank of Alexandria<br />\r\nAccount in the name of: it plus<br />\r\nAccount number: 176000397002<br />\r\nSwift Code: Alexegcxxxx<br />\r\nAccount currency: dollar</span></p>\r\n\r\n<p style=\"text-align:right\">&nbsp;</p>\r\n','41b55a4afb.jpg','english'),(12,6,'فودافون كاش','<p style=\"text-align:right\">رقم الموبايل : 01012400340</p>\r\n\r\n<p dir=\"rtl\">الدولة : <span style=\"font-size:16px\">Egypt</span>&nbsp;</p>\r\n','56b58a97f5.jpg','arabic'),(13,6,'Vodafone Cash','<p dir=\"rtl\" style=\"text-align:left\">mobile : 01012400340</p>\r\n\r\n<p dir=\"rtl\" style=\"text-align:left\">country : <span style=\"font-size:16px\">Egypt</span>&nbsp;</p>\r\n','8297ad8ee5.jpg','english'),(14,7,'باي بال','<p>باي بال</p>\r\n\r\n<p>&nbsp;</p>\r\n','47049e768c.jpg','arabic'),(15,7,'paypal','<p><span style=\"color:rgb(2, 207, 146); font-family:bt_mono,courier new,monospace; font-size:15px\">paypal</span></p>\r\n','30dd9d0945.jpg','english');

--
-- Table structure for table `permissions`
--

CREATE TABLE `permissions` (
  `id` bigint unsigned NOT NULL AUTO_INCREMENT,
  `name` varchar(255) COLLATE utf8mb4_unicode_ci NOT NULL,
  `guard_name` varchar(255) COLLATE utf8mb4_unicode_ci NOT NULL,
  `created_at` timestamp NULL DEFAULT NULL,
  `updated_at` timestamp NULL DEFAULT NULL,
  PRIMARY KEY (`id`),
  UNIQUE KEY `permissions_name_guard_name_unique` (`name`,`guard_name`)
) ENGINE=InnoDB DEFAULT CHARSET=utf8mb4 COLLATE=utf8mb4_unicode_ci;

--
-- Dumping data for table `permissions`
--


--
-- Table structure for table `personal_access_tokens`
--

CREATE TABLE `personal_access_tokens` (
  `id` bigint unsigned NOT NULL AUTO_INCREMENT,
  `tokenable_type` varchar(255) COLLATE utf8mb4_unicode_ci NOT NULL,
  `tokenable_id` bigint unsigned NOT NULL,
  `name` varchar(255) COLLATE utf8mb4_unicode_ci NOT NULL,
  `token` varchar(64) COLLATE utf8mb4_unicode_ci NOT NULL,
  `abilities` text COLLATE utf8mb4_unicode_ci,
  `last_used_at` timestamp NULL DEFAULT NULL,
  `expires_at` timestamp NULL DEFAULT NULL,
  `created_at` timestamp NULL DEFAULT NULL,
  `updated_at` timestamp NULL DEFAULT NULL,
  PRIMARY KEY (`id`),
  UNIQUE KEY `personal_access_tokens_token_unique` (`token`),
  KEY `personal_access_tokens_tokenable_type_tokenable_id_index` (`tokenable_type`,`tokenable_id`)
) ENGINE=InnoDB AUTO_INCREMENT=4 DEFAULT CHARSET=utf8mb4 COLLATE=utf8mb4_unicode_ci;

--
-- Dumping data for table `personal_access_tokens`
--

INSERT INTO `personal_access_tokens` VALUES (1,'App\\Models\\User',2,'admin-token','60df68f68ae7d32f371896ce04e1ce8ad438ed8cef2f87c17673a0dd1cfde4d6','[\"*\"]',NULL,'2025-11-16 07:14:23','2025-11-09 07:14:23','2025-11-09 07:14:23'),(2,'App\\Models\\User',2,'admin-token','c253facf59c74a0f72d6ce8f744b974e5496f4ae5876cf6bcc39900355079555','[\"*\"]','2025-11-09 07:44:00','2025-11-16 07:17:02','2025-11-09 07:17:02','2025-11-09 07:44:00'),(3,'App\\Models\\User',2,'admin-token','ca4fe8ea14b230841384b6595b4d9297390b0312acdc1635fe512eaa91a1cf67','[\"*\"]','2025-11-09 07:47:32','2025-11-16 07:26:55','2025-11-09 07:26:55','2025-11-09 07:47:32');

--
-- Table structure for table `products`
--

CREATE TABLE `products` (
  `id` int NOT NULL AUTO_INCREMENT,
  `price` decimal(10,2) NOT NULL,
  `cat_id` int NOT NULL,
  `active` enum('0','1') CHARACTER SET utf8mb3 COLLATE utf8mb3_general_ci NOT NULL,
  `sell` enum('0','1') NOT NULL,
  `sort` int NOT NULL,
  `date_added` timestamp NOT NULL DEFAULT CURRENT_TIMESTAMP ON UPDATE CURRENT_TIMESTAMP,
  PRIMARY KEY (`id`),
  UNIQUE KEY `id` (`id`)
) ENGINE=MyISAM AUTO_INCREMENT=28 DEFAULT CHARSET=latin1;

--
-- Dumping data for table `products`
--

INSERT INTO `products` VALUES (11,29.41,36,'1','0',1,'2019-11-28 08:26:54'),(12,55.73,36,'1','0',2,'2019-11-28 08:27:42'),(13,108.36,36,'1','0',3,'2019-11-28 08:28:28'),(14,207.43,36,'1','0',4,'2019-11-28 08:10:55'),(15,402.47,36,'1','0',5,'2019-11-28 08:14:56'),(16,743.03,36,'1','0',6,'2019-11-28 08:18:10'),(17,1362.23,36,'1','0',7,'2019-11-28 08:20:54'),(18,2476.78,36,'1','0',8,'2019-11-28 08:23:14'),(20,16.26,43,'1','1',1,'2024-04-07 08:54:46'),(21,30.00,43,'1','0',2,'2022-11-22 09:42:31'),(22,50.00,43,'1','0',3,'2022-11-22 09:42:10'),(23,70.00,43,'1','1',4,'2024-09-22 11:07:36'),(24,90.00,43,'1','1',5,'2024-09-22 11:08:42'),(25,130.00,43,'1','1',6,'2024-09-22 11:12:25'),(27,180.00,43,'1','1',7,'2024-09-25 11:16:02');

--
-- Table structure for table `products_groups`
--

CREATE TABLE `products_groups` (
  `id` int NOT NULL AUTO_INCREMENT,
  `p_id` int NOT NULL,
  `name` varchar(250) CHARACTER SET utf8mb3 COLLATE utf8mb3_general_ci NOT NULL,
  `description` varchar(500) CHARACTER SET utf8mb3 COLLATE utf8mb3_general_ci NOT NULL,
  `file` varchar(50) CHARACTER SET utf8mb3 COLLATE utf8mb3_general_ci NOT NULL,
  `language` varchar(100) CHARACTER SET utf8mb3 COLLATE utf8mb3_general_ci NOT NULL,
  PRIMARY KEY (`id`)
) ENGINE=MyISAM AUTO_INCREMENT=151 DEFAULT CHARSET=latin1;

--
-- Dumping data for table `products_groups`
--

INSERT INTO `products_groups` VALUES (76,11,'F10','<p>Number of hits: 7000</p>\r\n\r\n<p>Number of Interactions: 300</p>\r\n\r\n<p>Campaign duration: 7</p>\r\n','5b563d4834.jpg','english'),(75,11,'F10','<p>عدد مرات الوصول : ٧٠٠٠</p>\r\n\r\n<p>عدد مرات التفاعل : ٣٠٠</p>\r\n\r\n<p>مدة الحملة : ٧</p>\r\n','ee0414cabb.jpg','arabic'),(78,12,'F20','<p>Number of hits: 15000</p>\r\n\r\n<p>Number of Interactions: 600</p>\r\n\r\n<p>Campaign duration: 7</p>\r\n','50327c6cc3.jpg','english'),(77,12,'F20','<p>عدد مرات الوصول : ١٥٠٠٠</p>\r\n\r\n<p>عدد مرات التفاعل : ٦٠٠</p>\r\n\r\n<p>مدة الحملة : ٧</p>\r\n','ee4c3835f6.jpg','arabic'),(80,13,'F30','<p>Number of hits: 30000</p>\r\n\r\n<p>Number of Interactions: 1200</p>\r\n\r\n<p>Campaign duration: 7</p>\r\n','e3df30647f.jpg','english'),(79,13,'F30','<p>عدد مرات الوصول : ٣٠٠٠٠</p>\r\n\r\n<p>عدد مرات التفاعل : ١٢٠٠</p>\r\n\r\n<p>مدة الحملة : ٧</p>\r\n','74253e6344.jpg','arabic'),(65,14,'F40','<p>مرات الوصول : ٦٠٠٠٠</p>\r\n\r\n<p>عدد مرات التفاعل : ٢٥٠٠</p>\r\n\r\n<p>مدة الحملة: ١٤</p>\r\n','6802b903da.jpg','arabic'),(66,14,'F40','<p>Number of hits: 60000</p>\r\n\r\n<p>Number of Interactions:2500</p>\r\n\r\n<p>Campaign duration: 14</p>\r\n','56ada22932.jpg','english'),(67,15,'F50','<p>عدد مرات الوصول : ١٢٠٠٠٠</p>\r\n\r\n<p>عدد مرات التفاعل : ٥٠٠٠</p>\r\n\r\n<p>مدة الحملة: ٣٠</p>\r\n','149c162080.jpg','arabic'),(68,15,'F50','<p>Number of hits: 120000</p>\r\n\r\n<p>Number of Interactions:5000</p>\r\n\r\n<p>Campaign duration: 30</p>\r\n','2e66e59312.jpg','english'),(69,16,'F60','<p>عدد مرات الوصول : ٢٥٠٠٠٠</p>\r\n\r\n<p>عدد مرات التفاعل : ١٠٠٠٠</p>\r\n\r\n<p>مدة الحملة: ٣٠</p>\r\n','26928820b8.jpg','arabic'),(70,16,'F60','<p>Number of hits: 250000</p>\r\n\r\n<p>Number of Interactions:10000</p>\r\n\r\n<p>Campaign duration: 30</p>\r\n','be7f7f3e29.jpg','english'),(71,17,'F70','<p>عدد مرات الوصول : ٥٠٠٠٠٠</p>\r\n\r\n<p>عدد مرات التفاعل : ٢٠٠٠٠</p>\r\n\r\n<p>مدة الحملة: ٣٠</p>\r\n','18ee68bc84.jpg','arabic'),(72,17,'F70','<p>Number of hits: 500000</p>\r\n\r\n<p>Number of Interactions:20000</p>\r\n\r\n<p>Campaign duration: 30</p>\r\n','0225cf4cc6.jpg','english'),(73,18,'F80','<p>عدد مرات الوصول : ١٠٠٠٠٠٠</p>\r\n\r\n<p>عدد مرات التفاعل : ٤٠٠٠٠</p>\r\n\r\n<p>مدة الحملة: ٣٠</p>\r\n','6aef8af613.jpg','arabic'),(74,18,'F80','<p>Number of hits: 1000000</p>\r\n\r\n<p>Number of Interactions:40000</p>\r\n\r\n<p>Campaign duration: 30</p>\r\n','c3f1e47948.jpg','english'),(110,20,'E1','<p>One mail account</p>\r\n\r\n<p>&nbsp; 3 GB storage space</p>\r\n\r\n<p>&nbsp; Easy control panel</p>\r\n\r\n<p>&nbsp; Integrate with Gmail or Outlook</p>\r\n\r\n<p>&nbsp; Technical Support</p>\r\n\r\n<p>&nbsp; Backup</p>\r\n','','english'),(109,20,'E1','<p>&nbsp;حساب بريد واحد</p>\r\n\r\n<p>&nbsp;مساحة تخزين 3 جيجا</p>\r\n\r\n<p>&nbsp;لوحة تحكم سهلة</p>\r\n\r\n<p>&nbsp;دمج مع Gmail or Outlook</p>\r\n\r\n<p>&nbsp;دعم فني</p>\r\n\r\n<p>&nbsp;نسخ احتياطي</p>\r\n','','arabic'),(106,21,'E3','<p dir=\"ltr\">3 mail account</p>\r\n\r\n<p dir=\"ltr\">&nbsp;9 GB storage space</p>\r\n\r\n<p dir=\"ltr\">&nbsp; Easy control panel</p>\r\n\r\n<p dir=\"ltr\">&nbsp; Integrate with Gmail or Outlook</p>\r\n\r\n<p dir=\"ltr\">&nbsp; Technical Support</p>\r\n\r\n<p dir=\"ltr\">&nbsp; Backup</p>\r\n','','english'),(105,21,'E3','<p>&nbsp;3 حسابات بريد</p>\r\n\r\n<p>&nbsp;مساحة تخزين 9 جيجا</p>\r\n\r\n<p>&nbsp;لوحة تحكم سهلة</p>\r\n\r\n<p>&nbsp;دمج مع Gmail or Outlook</p>\r\n\r\n<p>&nbsp;دعم فني</p>\r\n\r\n<p>&nbsp;نسخ احتياطي</p>\r\n','','arabic'),(104,22,'E10','<p dir=\"ltr\">10 mail account</p>\r\n\r\n<p dir=\"ltr\">&nbsp;15 GB storage space</p>\r\n\r\n<p dir=\"ltr\">&nbsp; Easy control panel</p>\r\n\r\n<p dir=\"ltr\">&nbsp; Integrate with Gmail or Outlook</p>\r\n\r\n<p dir=\"ltr\">&nbsp; Technical Support</p>\r\n\r\n<p dir=\"ltr\">&nbsp; Backup</p>\r\n','','english'),(103,22,'E10','<p>10 حسابات بريد&nbsp;</p>\r\n\r\n<p>مساحة تخزين 15&nbsp;جيجا</p>\r\n\r\n<p>&nbsp;لوحة تحكم سهلة</p>\r\n\r\n<p>&nbsp;دمج مع Gmail or Outlook</p>\r\n\r\n<p>&nbsp;دعم فني</p>\r\n\r\n<p>&nbsp;نسخ احتياطي</p>\r\n','','arabic'),(129,23,'E20','<p>&nbsp;20 حساب بريد</p>\r\n\r\n<p>&nbsp;مساحة تخزين&nbsp;20 جيجا</p>\r\n\r\n<p>&nbsp;لوحة تحكم سهلة</p>\r\n\r\n<p>&nbsp;دمج مع Gmail or Outlook</p>\r\n\r\n<p>&nbsp;دعم فني</p>\r\n\r\n<p>&nbsp;نسخ احتياطي</p>\r\n\r\n<p>دومين مجانى&nbsp;</p>\r\n','','arabic'),(130,23,'E20','<p dir=\"ltr\">20 mail account</p>\r\n\r\n<p dir=\"ltr\">&nbsp;20 GB storage space</p>\r\n\r\n<p dir=\"ltr\">&nbsp; Easy control panel</p>\r\n\r\n<p dir=\"ltr\">&nbsp; Integrate with Gmail or Outlook</p>\r\n\r\n<p dir=\"ltr\">&nbsp; Technical Support</p>\r\n\r\n<p dir=\"ltr\">&nbsp; Backup</p>\r\n\r\n<p dir=\"ltr\">domain free</p>\r\n','','english'),(127,24,'E30','<p>&nbsp;30 حساب بريد</p>\r\n\r\n<p>&nbsp;مساحة تخزين&nbsp;30 جيجا</p>\r\n\r\n<p>&nbsp;لوحة تحكم سهلة</p>\r\n\r\n<p>&nbsp;دمج مع Gmail or Outlook</p>\r\n\r\n<p>&nbsp;دعم فني</p>\r\n\r\n<p>&nbsp;نسخ احتياطي</p>\r\n\r\n<p>دومين مجانى&nbsp;</p>\r\n','','arabic'),(128,24,'E30','<p dir=\"ltr\">30 mail account</p>\r\n\r\n<p dir=\"ltr\">&nbsp; 30 GB storage space</p>\r\n\r\n<p dir=\"ltr\">&nbsp; Easy control panel</p>\r\n\r\n<p dir=\"ltr\">&nbsp; Integrate with Gmail or Outlook</p>\r\n\r\n<p dir=\"ltr\">&nbsp; Technical Support</p>\r\n\r\n<p dir=\"ltr\">&nbsp; Backup</p>\r\n\r\n<p dir=\"ltr\">free domain</p>\r\n','','english'),(126,25,'EU','<p>50mail account</p>\r\n\r\n<p>&nbsp;50GB storage space</p>\r\n\r\n<p>&nbsp; Easy control panel</p>\r\n\r\n<p>&nbsp; Integrate with Gmail or Outlook</p>\r\n\r\n<p>&nbsp; Technical Support</p>\r\n\r\n<p>&nbsp; Backup<br />\r\nfree domain</p>\r\n','','english'),(125,25,'E50','<p>&nbsp;50 حساب بريد</p>\r\n\r\n<p>مساحة تخزين 50 جيجا</p>\r\n\r\n<p>&nbsp;لوحة تحكم سهلة</p>\r\n\r\n<p>&nbsp;دمج مع Gmail or Outlook</p>\r\n\r\n<p>&nbsp;دعم فني</p>\r\n\r\n<p>&nbsp;نسخ احتياطي</p>\r\n\r\n<p>دومين مجانى&nbsp;</p>\r\n','','arabic'),(150,27,'E 100','<p>100 mail account</p>\r\n\r\n<p>100 GB storage space</p>\r\n\r\n<p>&nbsp; Easy control panel</p>\r\n\r\n<p>&nbsp; Integrate with Gmail or Outlook</p>\r\n\r\n<p>&nbsp; Technical Support</p>\r\n\r\n<p>&nbsp; Backup<br />\r\nfree domain</p>\r\n','','english'),(149,27,'E100','<p>100حساب بريد</p>\r\n\r\n<p>مساحة تخزين100 جيجا</p>\r\n\r\n<p>لوحة تحكم سهلة</p>\r\n\r\n<p>&nbsp;دمج مع Gmail or Outlook</p>\r\n\r\n<p>&nbsp;دعم فني</p>\r\n\r\n<p>&nbsp;نسخ احتياطي</p>\r\n\r\n<p>دومين مجانى&nbsp;</p>\r\n','','arabic');

--
-- Table structure for table `project`
--

CREATE TABLE `project` (
  `id` int NOT NULL AUTO_INCREMENT,
  `cat_id` int NOT NULL,
  `price` decimal(10,2) NOT NULL,
  `type` enum('projects','scripts') CHARACTER SET utf8mb3 COLLATE utf8mb3_general_ci NOT NULL DEFAULT 'projects',
  `sort` int NOT NULL,
  `site_name` varchar(250) CHARACTER SET utf8mb3 COLLATE utf8mb3_general_ci NOT NULL,
  `site_url` varchar(250) CHARACTER SET utf8mb3 COLLATE utf8mb3_general_ci NOT NULL,
  `android_app_url` varchar(250) NOT NULL,
  `ios_app_url` varchar(250) NOT NULL,
  `like` int NOT NULL,
  `vis` int NOT NULL,
  `file` varchar(50) CHARACTER SET utf8mb3 COLLATE utf8mb3_general_ci NOT NULL,
  `active` enum('0','1') CHARACTER SET utf8mb3 COLLATE utf8mb3_general_ci NOT NULL,
  `sell` enum('0','1') NOT NULL,
  `start_date` datetime NOT NULL,
  `end_date` datetime NOT NULL,
  `date_added` datetime NOT NULL,
  PRIMARY KEY (`id`)
) ENGINE=MyISAM AUTO_INCREMENT=137 DEFAULT CHARSET=latin1;

--
-- Dumping data for table `project`
--

INSERT INTO `project` VALUES (26,16,0.00,'projects',50,'dabyasec','www.dabyasec.com','','',0,64816,'9fb56f82a2.jpg','0','','2013-02-14 10:00:00','0000-00-00 00:00:00','2016-04-10 05:09:43'),(27,16,0.00,'projects',50,'مدارس الرواد الأهلية فرع الإزدهار','','','',0,158180,'570fc7b9be.jpg','1','0','2013-02-14 10:00:00','0000-00-00 00:00:00','2016-04-10 05:32:08'),(28,16,0.00,'projects',50,'alrowad.alrawabi','','','',0,164445,'2f242bf5a8.jpg','1','0','2013-02-14 10:00:00','0000-00-00 00:00:00','2016-04-10 05:39:18'),(29,16,0.00,'projects',50,'alrowad.almansoura','','','',0,153244,'b8c043c5bc.jpg','1','0','2013-02-14 10:00:00','0000-00-00 00:00:00','2016-04-10 05:44:24'),(30,16,0.00,'projects',50,'gulf-translations','','','',1,154466,'258026ec6d.jpg','1','0','2013-02-14 10:00:00','0000-00-00 00:00:00','2016-04-10 05:46:14'),(31,16,0.00,'projects',50,'http://thfed.net/','http://thfed.net/','','',0,62996,'502e126f0f.png','0','','2013-02-14 10:00:00','0000-00-00 00:00:00','2016-04-12 11:10:05'),(34,34,0.00,'projects',50,'المواطن','','','',1,267838,'6ad48944d7.png','1','0','2013-02-14 10:00:00','0000-00-00 00:00:00','2016-04-13 08:35:37'),(35,34,0.00,'projects',50,'al-ta2ef','','','',1,279505,'6062aa25a8.png','1','0','2013-02-14 10:00:00','0000-00-00 00:00:00','2016-04-13 09:43:00'),(36,16,0.00,'projects',50,'tanmiah','http://dabyatanmiah.com/','','',0,63528,'733565efa1.png','0','','2013-02-14 10:00:00','0000-00-00 00:00:00','2016-04-13 11:25:07'),(37,16,0.00,'projects',50,'rassd24','','','',0,159349,'88a5712618.png','1','0','0000-00-00 00:00:00','0000-00-00 00:00:00','2016-06-01 09:43:27'),(126,34,0.00,'projects',5,'otlop app','','https://play.google.com/store/apps/details?id=co.itplus.otlop','https://apps.apple.com/us/app/%D8%A7%D8%B7%D9%84%D8%A8/id1581779886',0,189655,'08863e75d1.jpg','0','0','0000-00-00 00:00:00','0000-00-00 00:00:00','2024-04-08 15:25:28'),(42,34,0.00,'projects',5,'primo','https://primo-service.com/','https://play.google.com/store/apps/details?id=co.itplus.primo','https://apps.apple.com/eg/app/%D8%A8%D8%B1%D9%8A%D9%85%D9%88-primo/id1209955251',1,199944,'0058f8da02.png','1','','0000-00-00 00:00:00','0000-00-00 00:00:00','2016-11-16 08:32:44'),(43,34,0.00,'projects',50,'365 deals','','','',0,268291,'4b4fac8dff.png','1','0','0000-00-00 00:00:00','0000-00-00 00:00:00','2016-11-17 02:44:14'),(45,34,0.00,'projects',50,'exepress shop ','','','',0,181663,'5fb39f4fc3.png','0','0','0000-00-00 00:00:00','0000-00-00 00:00:00','2016-12-18 06:02:06'),(131,16,0.00,'projects',9,'CLM','https://clm-learning.com/','','',0,48307,'00b78ca8b2.png','0','0','0000-00-00 00:00:00','0000-00-00 00:00:00','2024-08-06 19:16:10'),(134,16,0.00,'projects',0,'EPM','https://epm-me.com/home','','',0,12931,'277508e24c.png','1','0','0000-00-00 00:00:00','0000-00-00 00:00:00','2025-01-23 17:06:00'),(135,34,0.00,'projects',0,'دليل السوق ','https://instaelsouq.com/','https://play.google.com/store/apps/details?id=co.itplus.dalilelsouqapp&hl=en','https://apps.apple.com/eg/app/%D8%A7%D9%86%D8%B3%D8%AA%D8%A7-%D8%A7%D9%84%D8%B3%D9%88%D9%82-%D8%B3%D9%87%D9%84%D9%86%D8%A7-%D8%B9%D9%84%D9%8A%D9%83-%D8%A7%D9%84%D8%B3%D9%88%D9%82/id6503652755',0,15509,'8ff8dc251e.jpg','1','0','0000-00-00 00:00:00','0000-00-00 00:00:00','2025-01-23 17:29:01'),(50,34,0.00,'projects',50,'haraj qatar','http://harajqatar.net/','','',0,198591,'c0aada11c4.png','0','0','0000-00-00 00:00:00','0000-00-00 00:00:00','2017-04-16 10:06:26'),(51,34,0.00,'projects',50,'Bawabt-Alnagel','','','',0,260998,'1f34409eb7.png','1','0','0000-00-00 00:00:00','0000-00-00 00:00:00','2018-02-06 03:35:12'),(52,34,0.00,'projects',50,'Whats Needed','','','',0,253176,'7ed9bc3c37.png','1','0','0000-00-00 00:00:00','0000-00-00 00:00:00','2018-02-06 03:40:32'),(53,34,0.00,'projects',50,'Raff','','https://play.google.com/store/apps/details?id=co.itplus.rfapp','https://itunes.apple.com/us/app/%D8%B1%D9%81/id1325519480?ls=1&mt=8',0,178794,'9ceaeba4c6.png','0','','0000-00-00 00:00:00','0000-00-00 00:00:00','2018-02-06 03:46:02'),(54,34,0.00,'projects',23,'Bawabt-Alnagel','','','',0,175903,'25d79533a6.png','0','0','0000-00-00 00:00:00','0000-00-00 00:00:00','2018-05-10 04:55:42'),(136,34,0.00,'projects',0,'تطبيق ابيس ','https://play.google.com/store/apps/details?id=co.itplus.abisapp','','',0,13507,'8f8af59e1b.jpg','1','0','0000-00-00 00:00:00','0000-00-00 00:00:00','2025-01-23 17:31:36'),(55,34,0.00,'projects',50,'Raff App','','','',0,264845,'35b6ff0bcb.png','1','0','0000-00-00 00:00:00','0000-00-00 00:00:00','2018-05-10 04:58:56'),(56,34,0.00,'projects',50,'Whats Needed','','','',0,170378,'399bd33e2f.png','0','0','0000-00-00 00:00:00','0000-00-00 00:00:00','2018-05-10 05:03:19'),(60,34,0.00,'projects',50,'Tawseel app','','https://twseil.page.link/4v3Q','https://twseil.page.link/naxz',0,176178,'29fa94351a.png','0','','0000-00-00 00:00:00','0000-00-00 00:00:00','2018-10-17 04:27:57'),(62,34,0.00,'projects',50,'shopping in qatar','','','',0,175287,'8bd8a1495a.png','0','0','0000-00-00 00:00:00','0000-00-00 00:00:00','2018-10-24 10:18:45'),(63,34,0.00,'projects',50,'Houmra app','','','',0,177810,'a38fa098b0.png','0','0','0000-00-00 00:00:00','0000-00-00 00:00:00','2018-10-24 10:21:49'),(66,34,0.00,'projects',50,'souq haraj','','','',0,176792,'b9b1e7b8b5.png','0','0','0000-00-00 00:00:00','0000-00-00 00:00:00','2018-10-25 07:07:22'),(69,34,0.00,'projects',50,'HandK ','','','',0,260080,'56339b1c80.png','1','0','0000-00-00 00:00:00','0000-00-00 00:00:00','2018-10-25 07:16:50'),(74,34,0.00,'projects',2,'ITOP app','http://it-plus.co/ar','','',0,0,'15d9073b5e.png','1','','0000-00-00 00:00:00','0000-00-00 00:00:00','2019-08-08 10:41:17'),(75,34,0.00,'projects',2,'ITOP app','http://it-plus.co/ar','','',0,0,'8f967ffccf.png','1','','0000-00-00 00:00:00','0000-00-00 00:00:00','2019-08-08 10:42:04'),(77,34,0.00,'projects',50,'sdsa','sdsa','sadsadsa','',0,0,'be62b85910.jpg','1','','0000-00-00 00:00:00','0000-00-00 00:00:00','2019-08-26 05:06:41'),(83,34,0.00,'projects',2,'ITOP app','','https://itopapp.page.link/android','https://itopapp.page.link/ios',0,272372,'0ec77caab7.png','1','','0000-00-00 00:00:00','0000-00-00 00:00:00','2019-08-26 07:25:18'),(87,34,0.00,'projects',25,'Soun app','','','',0,269727,'14275a54e8.png','1','0','0000-00-00 00:00:00','0000-00-00 00:00:00','2019-11-04 07:02:38'),(88,34,0.00,'projects',19,'Jaber Al Ahmad Hospital','','','',0,252507,'08f2a04b62.png','1','0','0000-00-00 00:00:00','0000-00-00 00:00:00','2019-11-04 07:06:55'),(91,16,0.00,'projects',50,'kafaat ','','','',0,157497,'14114e2b88.png','1','0','0000-00-00 00:00:00','0000-00-00 00:00:00','2020-01-01 05:43:48'),(92,16,0.00,'projects',3,'khabar one','http://khabar.one','https://khabar.page.link/g3bg','https://apple.co/2rJDYGt',0,84866,'17171fc9d0.png','0','','0000-00-00 00:00:00','0000-00-00 00:00:00','2020-01-01 05:56:04'),(93,16,0.00,'projects',16,'mawtenalakhbar','http://mawtenalakhbar.com/index','','',1,153303,'498941d5f5.png','1','','0000-00-00 00:00:00','0000-00-00 00:00:00','2020-01-01 06:00:28'),(95,16,0.00,'projects',50,'Northern College of Nursing','','','',1,150804,'543dd41951.png','1','0','0000-00-00 00:00:00','0000-00-00 00:00:00','2020-01-05 07:20:48'),(97,16,200.00,'scripts',2,'Arab store script','http://it-plus.co/ocplus/demo1','','',2,41050,'f5cac6ebf5.png','1','','0000-00-00 00:00:00','0000-00-00 00:00:00','2020-01-08 05:11:28'),(98,16,150.00,'scripts',1,'hesabaty','','','',0,38341,'883bc9f625.png','1','','0000-00-00 00:00:00','0000-00-00 00:00:00','2020-01-08 05:11:34'),(108,34,0.00,'projects',10,'Travel Bag','http://it-plus.co/ar','https://play.google.com/store/apps/details?id=co.itplus.travelbag','https://apps.apple.com/us/app/travel-bag/id1517410046',0,245640,'3432dc4925.png','0','0','0000-00-00 00:00:00','0000-00-00 00:00:00','2020-10-25 06:58:12'),(109,16,0.00,'projects',9,'موقع شركة تمييز العقارية','https://tamiyoz.com/','','',0,132028,'4b0825b6ff.png','1','','0000-00-00 00:00:00','0000-00-00 00:00:00','2022-04-10 05:11:15'),(110,34,0.00,'projects',11,'zahraegypt','https://zahraegypt.com','https://play.google.com/store/apps/details?id=app.zahra.egypt','',0,205154,'f87e8d7ba9.png','0','0','0000-00-00 00:00:00','0000-00-00 00:00:00','2022-06-12 07:36:55'),(111,34,0.00,'projects',20,'Turbo','','https://play.google.com/store/apps/details?id=co.itplus.turbo','https://apps.apple.com/us/app/turbo-%D8%AA%D8%B1%D8%A8%D9%88/id1628749478',0,234771,'b9719bcbf5.png','1','','0000-00-00 00:00:00','0000-00-00 00:00:00','2022-06-12 07:44:37'),(112,34,0.00,'projects',12,'','','https://play.google.com/store/apps/details?id=com.observerIraq.app','https://apps.apple.com/us/app/observer-iraq-%D8%B9%D8%B1%D8%A7%D9%82-%D8%A3%D9%88%D8%A8%D8%B2%D9%8A%D8%B1%DA%A4%D8%B1/id1639770348',0,215371,'c24ced2158.png','1','','0000-00-00 00:00:00','0000-00-00 00:00:00','2022-08-16 08:30:15'),(113,34,0.00,'projects',1,'Testat App','https://testat-app.com/','https://play.google.com/store/apps/details?id=co.itplus.testat','https://apps.apple.com/us/app/testat/id1640011962',2,221424,'b8b06a9269.png','1','0','0000-00-00 00:00:00','0000-00-00 00:00:00','2022-09-06 08:51:33'),(114,16,0.00,'projects',15,'Turkmany website','http://floridait.us/home','','',0,132027,'3a59929d0d.jpg','0','1','0000-00-00 00:00:00','0000-00-00 00:00:00','2022-11-24 04:40:55'),(115,16,0.00,'projects',8,'فاينكس','https://faainex.com/','','',0,131882,'edb9186d57.jpg','1','1','0000-00-00 00:00:00','0000-00-00 00:00:00','2023-12-10 12:26:12'),(129,34,0.00,'projects',14,'venus for service','https://venusapp.page.link/81nF','https://venusapp.page.link/6SuK','',0,197682,'2d5b673ba6.jpg','1','0','0000-00-00 00:00:00','0000-00-00 00:00:00','2024-04-09 17:36:20'),(130,34,0.00,'projects',6,'تمور المدينة','https://tmormadina.com/','https://play.google.com/store/apps/details?id=co.itplus.tmor','https://apps.apple.com/us/app/%D8%AA%D9%85%D9%88%D8%B1/id6447695294',0,210748,'c2ce2e402d.jpg','0','1','0000-00-00 00:00:00','0000-00-00 00:00:00','2024-04-09 20:23:58'),(128,34,0.00,'projects',7,'GO GET APP','https://apps.apple.com/us/app/%D8%A7%D8%B7%D9%84%D8%A8/id1581779886','https://play.google.com/store/apps/details?id=app.hijaz','',0,168378,'637a1a37ec.webp','0','0','0000-00-00 00:00:00','0000-00-00 00:00:00','2024-04-09 16:04:45');

--
-- Table structure for table `project_group`
--

CREATE TABLE `project_group` (
  `id` int NOT NULL AUTO_INCREMENT,
  `p_id` int NOT NULL,
  `name` varchar(250) CHARACTER SET utf8mb3 COLLATE utf8mb3_general_ci NOT NULL,
  `description` text CHARACTER SET utf8mb4 COLLATE utf8mb4_0900_ai_ci NOT NULL,
  `meta_description` text CHARACTER SET utf8mb3 COLLATE utf8mb3_general_ci NOT NULL,
  `meta_keywords` text CHARACTER SET utf8mb3 COLLATE utf8mb3_general_ci NOT NULL,
  `language` varchar(100) CHARACTER SET utf8mb3 COLLATE utf8mb3_general_ci NOT NULL,
  PRIMARY KEY (`id`)
) ENGINE=MyISAM AUTO_INCREMENT=225 DEFAULT CHARSET=latin1;

--
-- Dumping data for table `project_group`
--

INSERT INTO `project_group` VALUES (1,8,'vnxbccxbnxcv55','xcbnvb55','','','arabic'),(2,8,'bxnxcv88','bvcbx88','','','english'),(3,9,'sgffgnbsbn','dfsdnsg','','','arabic'),(4,9,'dsndgfdfdn','nfdnfdn','','','english'),(5,10,'hergergra','sagfssag','','','arabic'),(6,10,'afgraerg','gasdgass','','','english'),(7,11,'ghdhdg','dhfhddgh','','','arabic'),(8,11,'hgdhfh','dghdfdh','','','english'),(9,12,'safdgafdags','fgsdagsfg','','','arabic'),(10,12,'asfgdfsg','gfdsg','','','english'),(11,13,'agfagfadsg','gsfdgsfd','','','arabic'),(12,13,'gssdfgs','fgsdgsfd','','','english'),(13,14,'dfhdh','hdhdf','','','arabic'),(14,14,'gdhdfg','hdfhgd','','','english'),(15,15,'IT Plus - لتقنية الإتصالات والمعلومات ','تجربة المشاريع  Phasellus eget lacus sit amet neque posuere aliquet. In interdum nisl sapien, vel dignissim nulla porta at. Sed accumsan nunc vitae mollis consequat. Fusce mollis massa vel leo imperdiet ultrices. Cras ut tristique tellus. Morbi velit risus, ultrices vitae sodales ac, aliquam id eros. Vivamus sit amet odio pellentesque odio faucibus tristique. Morbi facilisis, ligula a faucibus pellentesque, orci justo consequat massa, sit amet dapibus dolor diam viverra mi. Aenean porttitor. Vivamus sit amet odio pellentesque odio faucibus tristique. Morbi facilisis, ligula a faucibus pellentesque, orci justo consequat massa, sit amet dapibus dolor diam viverra mi. Aenean porttitor, lectus atfacilisis, ligula a faucibus pellentesque, orci justo consequat massa, sit amet dapibus dolor diam viverra mi. Aenean porttitor, lectus atfacilisis, ligula a faucibus pellentesque, orci justo consequat massa, sit amet dapibus dolor diam viverra mi. ','','','arabic'),(16,15,'IT Plus - لتقنية الإتصالات والمعلومات ','IT Plus IT Plus IT Plus IT Plus IT Plus IT Plus IT Plus IT Plus IT Plus ipsum dolor sit amet, consectetur adipiscing elit. Phasellus eget lacus sit amet neque posuere aliquet. In interdum nisl sapien, vel dignissim nulla porta at. Sed accumsan nunc vitae mollis consequat. Fusce mollis massa vel leo imperdiet ultrices. Cras ut tristique tellus. Morbi velit risus, ultrices vitae sodales ac, aliquam id eros. Vivamus sit amet odio pellentesque odio faucibus tristique. Morbi facilisis, ligula a faucibus pellentesque, orci justo consequat massa, sit amet dapibus dolor diam viverra mi. Aenean porttitor. Vivamus sit amet odio pellentesque odio faucibus tristique. Morbi facilisis, ligula a faucibus pellentesque, orci justo consequat massa, sit amet dapibus dolor diam viverra mi. Aenean porttitor, lectus atfacilisis, ligula a faucibus pellentesque, orci justo consequat massa, sit amet dapibus dolor diam viverra mi. Aenean porttitor, lectus atfacilisis, ligula a faucibus pellentesque, orci justo consequat massa, sit amet dapibus dolor diam viverra mi. ','','','english'),(17,16,'sgsgsshg','fsdhssdhgfsnbsfgnb','','','arabic'),(18,16,'sdhgbsfg','shbdhbsb','','','english'),(19,17,'dfnjffnd','dfxndn','','','arabic'),(20,17,'dgxngd','fdxnf','','','english'),(21,18,'gfhndfgdjn','fddjgh','','','arabic'),(22,18,'dfjfdj','gdjfjd','','','english'),(23,19,'دار اقرأ  ','دار اقرأ  دار اقرأ  دار اقرأ  دار اقرأ  دار اقرأ  دار اقرأ  دار اقرأ  دار اقرأ  دار اقرأ  دار اقرأ  دار اقرأ  دار اقرأ  دار اقرأ  دار اقرأ  دار اقرأ  دار اقرأ  دار اقرأ  دار اقرأ  دار اقرأ  دار اقرأ  دار اقرأ  دار اقرأ  دار اقرأ  دار اقرأ  دار اقرأ  دار اقرأ  دار اقرأ  دار اقرأ  دار اقرأ  دار اقرأ  دار اقرأ  دار اقرأ  دار اقرأ  دار اقرأ  دار اقرأ  دار اقرأ  دار اقرأ  دار اقرأ  دار اقرأ  دار اقرأ  دار اقرأ  دار اقرأ  دار اقرأ  دار اقرأ  دار اقرأ  دار اقرأ  دار اقرأ  دار اقرأ  دار اقرأ  دار اقرأ  ','','','arabic'),(24,19,'داراقرأ DarIQRA - توثيق الكلمة الأكثر تأثيراً','dariqra dariqra dariqra dariqra dariqra dariqra dariqra dariqra dariqra dariqra dariqra dariqra dariqra dariqra dariqra dariqra dariqra dariqra dariqra dariqra dariqra dariqra dariqra dariqra dariqra dariqra dariqra dariqra dariqra dariqra dariqra dariqra dariqra dariqra dariqra dariqra dariqra dariqra dariqra dariqra ','','','english'),(25,20,'اى تى بلس','اى تى بلس  اى تى بلس  اى تى بلس  اى تى بلس  اى تى بلس  اى تى بلس  اى تى بلس  اى تى بلس  اى تى بلس  اى تى بلس  اى تى بلس  اى تى بلس  اى تى بلس  اى تى بلس  اى تى بلس  اى تى بلس  اى تى بلس  اى تى بلس  اى تى بلس  اى تى بلس  اى تى بلس  اى تى بلس  اى تى بلس  اى تى بلس  اى تى بلس  اى تى بلس  اى تى بلس  اى تى بلس  اى تى بلس  اى تى بلس  اى تى بلس  اى تى بلس  ','','','arabic'),(26,20,'IT Plus',' IT Plus  IT Plus  IT Plus  IT Plus  IT Plus  IT Plus  IT Plus  IT Plus  IT Plus  IT Plus  IT Plus  IT Plus  IT Plus  IT Plus  IT Plus  IT Plus  IT Plus  IT Plus  IT Plus  IT Plus  IT Plus  IT Plus  IT Plus  IT Plus  IT Plus  IT Plus  IT Plus  IT Plus  IT Plus  IT Plus  IT Plus  IT Plus  IT Plus  IT Plus  IT Plus  IT Plus  IT Plus  IT Plus  IT Plus  IT Plus  IT Plus  IT Plus  IT Plus  IT Plus ','','','english'),(27,21,'تجربة  ','تجربة  تجربة  تجربة  تجربة  تجربة  تجربة  تجربة  تجربة  تجربة  تجربة  تجربة  تجربة  تجربة  تجربة  تجربة  تجربة  تجربة  تجربة  تجربة  تجربة  تجربة  تجربة  تجربة  تجربة  تجربة  تجربة  تجربة  تجربة  تجربة  تجربة  تجربة  تجربة  تجربة  تجربة  تجربة  تجربة  تجربة  تجربة  تجربة  تجربة  تجربة  تجربة  ','','','arabic'),(28,21,'tests ','tests tests tests tests tests tests tests tests tests tests tests tests tests tests tests tests tests tests tests tests tests tests tests tests tests tests tests tests tests tests tests tests tests tests tests tests tests tests tests tests tests tests tests tests tests tests tests tests tests ','','','english'),(29,22,'تجربة  ','تجربة  تجربة  تجربة  تجربة  تجربة  تجربة  تجربة  تجربة  تجربة  تجربة  تجربة  تجربة  تجربة  تجربة  تجربة  تجربة  تجربة  تجربة  تجربة  تجربة  تجربة  تجربة  تجربة  تجربة  تجربة  تجربة  تجربة  تجربة  تجربة  تجربة  تجربة  تجربة  تجربة  تجربة  تجربة  تجربة  تجربة  تجربة  تجربة  تجربة  تجربة  تجربة  ','','','arabic'),(30,22,'tests kjhkhjkj','tests tests tests tests tests tests tests tests tests tests tests tests tests tests tests tests tests tests tests tests tests tests tests tests tests tests tests tests tests tests tests tests tests tests tests tests tests tests tests tests tests tests tests tests tests tests tests tests tests ','','','english'),(31,23,'تجربة  ','تجربة  تجربة  تجربة  تجربة  تجربة  تجربة  تجربة  تجربة  تجربة  تجربة  تجربة  تجربة  تجربة  تجربة  تجربة  تجربة  تجربة  تجربة  تجربة  تجربة  تجربة  تجربة  تجربة  تجربة  تجربة  تجربة  تجربة  تجربة  تجربة  تجربة  تجربة  تجربة  تجربة  تجربة  تجربة  تجربة  تجربة  تجربة  تجربة  تجربة  تجربة  تجربة  ','','','arabic'),(32,23,'tests ','tests tests tests tests tests tests tests tests tests tests tests tests tests tests tests tests tests tests tests tests tests tests tests tests tests tests tests tests tests tests tests tests tests tests tests tests tests tests tests tests tests tests tests tests tests tests tests tests tests ','','','english'),(33,24,'   تجربة','   تجربة   تجربة   تجربة   تجربة   تجربة   تجربة   تجربة   تجربة   تجربة   تجربة   تجربة   تجربة   تجربة   تجربة   تجربة   تجربة   تجربة   تجربة   تجربة   تجربة   تجربة   تجربة   تجربة   تجربة   تجربة   تجربة   تجربة   تجربة   تجربة   تجربة   تجربة   تجربة   تجربة   تجربة   تجربة   تجربة   تجربة   تجربة   تجربة   تجربة   تجربة   تجربة   تجربة   تجربة   تجربة   تجربة   تجربة   تجربة   تجربة   تجربة   تجربة','','','arabic'),(34,24,'mhhgmhgm','mnmnb gjjgregro djk;sgi gnjgfguire dfsjgkgeroiutb mnmnb gjjgregro djk;sgi gnjgfguire dfsjgkgeroiutb mnmnb gjjgregro djk;sgi gnjgfguire dfsjgkgeroiutb mnmnb gjjgregro djk;sgi gnjgfguire dfsjgkgeroiutb mnmnb gjjgregro djk;sgi gnjgfguire dfsjgkgeroiutb mnmnb gjjgregro djk;sgi gnjgfguire dfsjgkgeroiutb ','','','english'),(35,25,'gfddn','nhdnmhg yhjyhj','','','arabic'),(36,25,'ytjkjuykuyk','kuyky ott oookj gh uyiyut rt iuyri iu u uiukjkjg','','','english'),(37,26,'ثانوية الظبية','','','','arabic'),(38,26,'dabyasec','','','','english'),(39,27,'مدارس الرواد الأهلية فرع الإزدهار','شركة عطاء التعليمية هي مؤسسة رائدة في تقديم الخدمات التعليمية والتربوية، تم إنشاؤها للمساهمة في مسيرة العلم والتنمية الشاملة والمتوازنة في المملكة العربية السعودية. تهدف الشركة إلى إعداد جيل واعٍ ومتعلم وفق أعلى المعايير التربوية، مستندةً في رؤيتها إلى السياسة التعليمية للمملكة المستمدة من مبادئ الشريعة الإسلامية. ما الذي يميزنا؟ ✅ برامج تربوية وتعليمية متكاملة &ndash; نهج تعليمي حديث يضمن تطوير مهارات الطلاب أكاديميًا وأخلاقيًا. ✅ رؤية واضحة وأهداف محددة &ndash; التزام بتقديم تعليم عالي الجودة يواكب تطلعات أولياء الأمور. ✅ الاهتمام بالطلاب في جميع المراحل الدراسية &ndash; تقديم بيئة تعليمية مثالية تساهم في بناء جيل مبدع ومؤهل للمستقبل. ✅ منظومة تعليمية قائمة على التعاون والتطوير &ndash; شراكة حقيقية بين الطلاب والمعلمين وأولياء الأمور لتعزيز القيم التربوية والمهارات التعليمية. ???? مع شركة عطاء التعليمية، نرسم مستقبل التعليم ونبني جيلًا واعدًا يحقق آمال الوطن والمجتمع!\r\n','اكتشف شركة عطاء التعليمية، الرائدة في تقديم البرامج التربوية والخدمات التعليمية في المملكة العربية السعودية، وفق رؤية متكاملة ترتكز على المبادئ التربوية الهادفة لإعداد جيل متعلم ومبدع.\r\n\r\n','عطاء التعليمية, شركة تعليمية, خدمات تعليمية, التعليم في السعودية, تطوير الطلاب, تعليم متكامل, برامج تربوية, مدارس متميزة, رؤية تعليمية, تنمية المجتمع, بيئة تعليمية, تطوير المهارات, التعليم والتربية','arabic'),(40,27,'al-rowad schools','Ata&rsquo;a Educational Company is a leading institution in the field of education and academic services, established to contribute to the advancement of knowledge and comprehensive development in Saudi Arabia. The company is dedicated to preparing a well-educated generation through high-quality educational programs, aligning with Saudi Arabia&rsquo;s educational policies based on Islamic principles. What Makes Us Unique? ✅ Comprehensive Educational &amp; Training Programs &ndash; A modern educational approach that ensures students&rsquo; academic and ethical development. ✅ Clear Vision &amp; Defined Goals &ndash; A commitment to delivering high-quality education that meets the expectations of parents and students. ✅ Focused on All Educational Stages &ndash; Providing an ideal learning environment to nurture creativity and academic excellence. ✅ Collaborative &amp; Development-Oriented System &ndash; A strong partnership between students, teachers, and parents to enhance values and educational skills. ???? With Ata&rsquo;a Educational Company, we shape the future of education and build a promising generation that fulfills the aspirations of the nation and society!\r\n','Discover Ata’a Educational Company, a leading provider of educational programs and academic services in Saudi Arabia, offering a holistic learning approach that fosters knowledge, creativity, and ethical development.\r\n\r\n','Ata’a Educational Company, education services, academic programs, Saudi education, student development, holistic learning, advanced education, distinguished schools, educational vision, community development, learning environment, skill development, education & training','english'),(41,28,'مدارس الرواد الأهلية فرع الالمنصورة','شركة عطاء التعليمية هي مؤسسة رائدة في تقديم الخدمات التعليمية والتربوية، تم إنشاؤها للمساهمة في مسيرة العلم والتنمية الشاملة والمتوازنة في المملكة العربية السعودية. تهدف الشركة إلى إعداد جيل واعٍ ومتعلم وفق أعلى المعايير التربوية، مستندةً في رؤيتها إلى السياسة التعليمية للمملكة المستمدة من مبادئ الشريعة الإسلامية. ما الذي يميزنا؟ ✅ برامج تربوية وتعليمية متكاملة &ndash; نهج تعليمي حديث يضمن تطوير مهارات الطلاب أكاديميًا وأخلاقيًا. ✅ رؤية واضحة وأهداف محددة &ndash; التزام بتقديم تعليم عالي الجودة يواكب تطلعات أولياء الأمور. ✅ الاهتمام بالطلاب في جميع المراحل الدراسية &ndash; تقديم بيئة تعليمية مثالية تساهم في بناء جيل مبدع ومؤهل للمستقبل. ✅ منظومة تعليمية قائمة على التعاون والتطوير &ndash; شراكة حقيقية بين الطلاب والمعلمين وأولياء الأمور لتعزيز القيم التربوية والمهارات التعليمية. ???? مع شركة عطاء التعليمية، نرسم مستقبل التعليم ونبني جيلًا واعدًا يحقق آمال الوطن والمجتمع!\r\n','اكتشف شركة عطاء التعليمية، الرائدة في تقديم البرامج التربوية والخدمات التعليمية في المملكة العربية السعودية، وفق رؤية متكاملة ترتكز على المبادئ التربوية الهادفة لإعداد جيل متعلم ومبدع.\r\n\r\n','عطاء التعليمية, شركة تعليمية, خدمات تعليمية, التعليم في السعودية, تطوير الطلاب, تعليم متكامل, برامج تربوية, مدارس متميزة, رؤية تعليمية, تنمية المجتمع, بيئة تعليمية, تطوير المهارات, التعليم والتربية','arabic'),(42,28,'alrowad.alrawabi','Ata&rsquo;a Educational Company is a leading institution in the field of education and academic services, established to contribute to the advancement of knowledge and comprehensive development in Saudi Arabia. The company is dedicated to preparing a well-educated generation through high-quality educational programs, aligning with Saudi Arabia&rsquo;s educational policies based on Islamic principles. What Makes Us Unique? ✅ Comprehensive Educational &amp; Training Programs &ndash; A modern educational approach that ensures students&rsquo; academic and ethical development. ✅ Clear Vision &amp; Defined Goals &ndash; A commitment to delivering high-quality education that meets the expectations of parents and students. ✅ Focused on All Educational Stages &ndash; Providing an ideal learning environment to nurture creativity and academic excellence. ✅ Collaborative &amp; Development-Oriented System &ndash; A strong partnership between students, teachers, and parents to enhance values and educational skills. ???? With Ata&rsquo;a Educational Company, we shape the future of education and build a promising generation that fulfills the aspirations of the nation and society!\r\n','Discover Ata’a Educational Company, a leading provider of educational programs and academic services in Saudi Arabia, offering a holistic learning approach that fosters knowledge, creativity, and ethical development.\r\n\r\n','Ata’a Educational Company, education services, academic programs, Saudi education, student development, holistic learning, advanced education, distinguished schools, educational vision, community development, learning environment, skill development, education & training','english'),(43,29,'مدارس الرواد الأهلية فرع المنصورة','شركة عطاء التعليمية هي مؤسسة رائدة في تقديم الخدمات التعليمية والتربوية، تم إنشاؤها للمساهمة في مسيرة العلم والتنمية الشاملة والمتوازنة في المملكة العربية السعودية. تهدف الشركة إلى إعداد جيل واعٍ ومتعلم وفق أعلى المعايير التربوية، مستندةً في رؤيتها إلى السياسة التعليمية للمملكة المستمدة من مبادئ الشريعة الإسلامية.\r\n\r\nما الذي يميزنا؟\r\n\r\n✅ برامج تربوية وتعليمية متكاملة &ndash; نهج تعليمي حديث يضمن تطوير مهارات الطلاب أكاديميًا وأخلاقيًا.\r\n✅ رؤية واضحة وأهداف محددة &ndash; التزام بتقديم تعليم عالي الجودة يواكب تطلعات أولياء الأمور.\r\n✅ الاهتمام بالطلاب في جميع المراحل الدراسية &ndash; تقديم بيئة تعليمية مثالية تساهم في بناء جيل مبدع ومؤهل للمستقبل.\r\n✅ منظومة تعليمية قائمة على التعاون والتطوير &ndash; شراكة حقيقية بين الطلاب والمعلمين وأولياء الأمور لتعزيز القيم التربوية والمهارات التعليمية.\r\n\r\n???? مع شركة عطاء التعليمية، نرسم مستقبل التعليم ونبني جيلًا واعدًا يحقق آمال الوطن والمجتمع!\r\n','اكتشف شركة عطاء التعليمية، الرائدة في تقديم البرامج التربوية والخدمات التعليمية في المملكة العربية السعودية، وفق رؤية متكاملة ترتكز على المبادئ التربوية الهادفة لإعداد جيل متعلم ومبدع.\r\n\r\n','عطاء التعليمية, شركة تعليمية, خدمات تعليمية, التعليم في السعودية, تطوير الطلاب, تعليم متكامل, برامج تربوية, مدارس متميزة, رؤية تعليمية, تنمية المجتمع, بيئة تعليمية, تطوير المهارات, التعليم والتربية','arabic'),(44,29,'alrowad.almansoura','Ata&rsquo;a Educational Company is a leading institution in the field of education and academic services, established to contribute to the advancement of knowledge and comprehensive development in Saudi Arabia. The company is dedicated to preparing a well-educated generation through high-quality educational programs, aligning with Saudi Arabia&rsquo;s educational policies based on Islamic principles.\r\n\r\nWhat Makes Us Unique?\r\n\r\n✅ Comprehensive Educational &amp; Training Programs &ndash; A modern educational approach that ensures students&rsquo; academic and ethical development.\r\n✅ Clear Vision &amp; Defined Goals &ndash; A commitment to delivering high-quality education that meets the expectations of parents and students.\r\n✅ Focused on All Educational Stages &ndash; Providing an ideal learning environment to nurture creativity and academic excellence.\r\n✅ Collaborative &amp; Development-Oriented System &ndash; A strong partnership between students, teachers, and parents to enhance values and educational skills.\r\n\r\n???? With Ata&rsquo;a Educational Company, we shape the future of education and build a promising generation that fulfills the aspirations of the nation and society!\r\n','Discover Ata’a Educational Company, a leading provider of educational programs and academic services in Saudi Arabia, offering a holistic learning approach that fosters knowledge, creativity, and ethical development.\r\n\r\n','Ata’a Educational Company, education services, academic programs, Saudi education, student development, holistic learning, advanced education, distinguished schools, educational vision, community development, learning environment, skill development, education & training','english'),(45,30,'ترجمة الخليج','Gulf Translations هي الشركة الرائدة في مجال الترجمة والتعريب في الشرق الأوسط، حيث تقدم خدمات ترجمة احترافية وعالية الجودة بأفضل الأسعار المتاحة محليًا وعالميًا. يقع المقر الرئيسي في دبي، الإمارات العربية المتحدة، وتنتشر فروعها ومندوبيها في قطر، المملكة العربية السعودية، سلطنة عمان، الكويت، بالإضافة إلى مكتبين تنفيذيين رئيسيين في مصر. مميزات خدماتنا: ✅ ترجمة دقيقة ومتخصصة &ndash; خدمات ترجمة احترافية تغطي كافة القطاعات والمجالات. ✅ أسعار تنافسية &ndash; نقدم أفضل العروض مقارنة بالجودة العالية التي نوفرها. ✅ تغطية إقليمية واسعة &ndash; فروعنا ومكاتبنا التنفيذية تضمن خدمة سريعة وفعالة. ✅ تعريب احترافي &ndash; حلول تعريب متكاملة تلبي احتياجات الأفراد والشركات. ✅ التزام صارم بالجودة &ndash; نحرص على تقديم ترجمات دقيقة مع مراعاة السياقات الثقافية واللغوية. ???? مع Gulf Translations، احصل على خدمات ترجمة وتعريب دقيقة، سريعة، وموثوقة بأفضل الأسعار في المنطقة!\r\n','اكتشف Gulf Translations، الشركة الرائدة في مجال الترجمة والتعريب في الشرق الأوسط، مع خدمات ترجمة احترافية بأسعار تنافسية، وفروع تغطي الإمارات، السعودية، قطر، عمان، الكويت، ومصر.\r\n\r\n','Gulf Translations, شركة ترجمة, خدمات ترجمة, تعريب النصوص, الترجمة الاحترافية, الترجمة في دبي, الترجمة في السعودية, الترجمة في قطر, مكتب ترجمة, أسعار الترجمة, الترجمة القانونية, الترجمة التقنية, خدمات التعريب','arabic'),(46,30,'gulf-translations','Gulf Translations is the leading provider of professional translation and localization services in the Middle East, delivering high-quality, accurate translations at the most competitive rates locally and globally. With its headquarters in Dubai, UAE, the company has an extensive presence in Qatar, Saudi Arabia, Oman, Kuwait, and operates two executive offices in Egypt. Why Choose Gulf Translations? ✅ Precision &amp; Expertise &ndash; We provide specialized translations across various industries and sectors. ✅ Unbeatable Pricing &ndash; Get top-tier translation services at the best market rates. ✅ Extensive Regional Coverage &ndash; Our widespread presence ensures fast and efficient service delivery. ✅ Professional Localization &ndash; Culturally adapted translations tailored for businesses and individuals. ✅ Commitment to Quality &ndash; Every translation undergoes rigorous accuracy checks to maintain linguistic and cultural integrity. ???? With Gulf Translations, expect nothing less than accurate, culturally relevant, and reliable translations&mdash;delivered on time and at the best rates in the region.\r\n','Discover Gulf Translations, the leading translation and localization company in the Middle East, offering high-quality, professional translation services at competitive prices across UAE, Saudi Arabia, Qatar, Oman, Kuwait, and Egypt.\r\n\r\n','Gulf Translations, translation services, professional translation, text localization, legal translation, technical translation, Dubai translation services, Saudi Arabia translation, Qatar translation, translation agency, best translation company, Arabic translation, localization services','english'),(47,31,'الجمعية','','','','arabic'),(48,31,'thfed','','','','english'),(53,34,'تطبيق صحيفة المواطن ','المواطن هو التطبيق الذكي الذي يجمع بين متابعة الأخبار والتواصل الاجتماعي في مكان واحد، حيث يعرض لك كامل محتوى صحيفة المواطن الإلكترونية السعودية، بالإضافة إلى إمكانية متابعة أصدقائك وما ينشرونه على مختلف وسائل التواصل الاجتماعي مثل: ???? تويتر | إنستغرام | سناب شات | فيسبوك | يوتيوب مميزات التطبيق: ✅ متابعة صحيفة المواطن الإلكترونية بالكامل &ndash; استمتع بعرض سريع وجذاب لأحدث الأخبار والتقارير. ✅ إنشاء حساب شخصي &ndash; خصص تجربتك من خلال متابعة أقسام محددة من الصحيفة أو حساباتك على السوشيال ميديا. ✅ متابعة الأصدقاء &ndash; اكتشف جديد منشورات أصدقائك وتفاعل معها داخل التطبيق. ✅ مشاركة الأخبار بسهولة &ndash; شارك الأخبار مباشرة عبر شبكات التواصل الاجتماعي بضغطة زر. ✅ إضافة التعليقات داخل التطبيق &ndash; تفاعل مع الأخبار عبر التعليقات وكن جزءًا من النقاش. ???? مع تطبيق المواطن، احصل على آخر الأخبار وتفاعل مع أصدقائك في منصة واحدة سهلة وسريعة\r\n','اكتشف تطبيق المواطن، الذي يجمع بين متابعة الأخبار من صحيفة المواطن الإلكترونية السعودية والتفاعل مع أصدقائك على تويتر، إنستغرام، سناب شات، فيسبوك ويوتيوب في مكان واحد.\r\n\r\n','تطبيق المواطن, صحيفة المواطن الإلكترونية, أخبار السعودية, متابعة الأخبار, تطبيق إخباري, تويتر, إنستغرام, سناب شات, فيسبوك, يوتيوب, مشاركة الأخبار, التعليقات, متابعة الأصدقاء','arabic'),(54,34,'almowatn','Al-Muwatin is a smart app that combines news updates and social media interaction in one place. It provides full access to the content of Al-Muwatin, the Saudi electronic newspaper, while also allowing you to follow your friends and see what they share on various social media platforms, including: ???? Twitter | Instagram | Snapchat | Facebook | YouTube Key Features: ✅ Full Access to Al-Muwatin News &ndash; Enjoy a fast and engaging display of the latest news and reports. ✅ Create a Personal Account &ndash; Customize your experience by following specific sections of the newspaper or your social media accounts. ✅ Follow Friends &ndash; Stay updated on your friends&rsquo; latest posts and interact with them within the app. ✅ Easy News Sharing &ndash; Instantly share news articles across your social media platforms. ✅ Comment on News &ndash; Engage with news stories by adding your comments and joining discussions. ???? With Al-Muwatin, stay informed and connected with your friends in one seamless and fast platform!\r\n','Discover Al-Muwatin App, where you can access the latest news from Al-Muwatin Saudi electronic newspaper and follow your friends’ updates on Twitter, Instagram, Snapchat, Facebook, and YouTube all in one place.\r\n\r\n','Al-Muwatin App, Al-Muwatin Newspaper, Saudi news, news app, follow news, social media integration, Twitter, Instagram, Snapchat, Facebook, YouTube, share news, comment on news, follow friends','english'),(55,35,'تطبيق مطاعم الطائف ','Al-Ta2ef هو تطبيق التوصيل الأول لخدمة أهالي الطائف وزوارها، حيث يمكنك طلب وجباتك المفضلة بسهولة وسرعة من المطاعم والمقاهي المختارة، مع ضمان توصيلها إليك في أسرع وقت. مميزات التطبيق: ✅ قائمة طعام شاملة &ndash; استعرض جميع الوجبات مع الأسعار والصور لكل طبق. ✅ تحديد الموقع بدقة &ndash; سهولة اختيار موقع التوصيل لضمان وصول الطلب بسرعة ودقة. ✅ واجهة استخدام سلسة &ndash; تصميم بسيط يجعل عملية الطلب سريعة وسهلة للجميع. ✅ توصيل فائق السرعة &ndash; استمتع بخدمة توصيل موثوقة تصل إليك في أقصر وقت ممكن. ✅ تنوع واسع من المطاعم والمقاهي &ndash; اختر من أفضل المطاعم، الحلويات، والمأكولات المختلفة المتاحة في الطائف. ✅ خدمة على مدار 24 ساعة &ndash; يمكنك طلب الطعام في أي وقت بسهولة وراحة. ???? مع Al-Ta2ef، استمتع بتجربة طلب طعام سلسة وسريعة أينما كنت في الطائف!\r\n','اكتشف Al-Ta2ef، التطبيق الأول لتوصيل الطعام في الطائف، حيث يمكنك طلب وجباتك المفضلة بسهولة، تحديد موقع التوصيل بدقة، والاستمتاع بخدمة سريعة متاحة 24 ساعة يوميًا.\r\n\r\n','Al-Ta2ef, تطبيق الطائف, توصيل الطائف, طلب طعام الطائف, مطاعم الطائف, خدمة توصيل, توصيل سريع, طلبات الطعام, أفضل مطاعم الطائف, توصيل 24 ساعة','arabic'),(56,35,'al-ta2ef ','Al-Ta2ef is the leading food delivery app serving the residents and visitors of Taif, allowing you to order your favorite meals quickly and easily from selected restaurants and caf&eacute;s, with guaranteed fast delivery. Key Features: ✅ Comprehensive Menu Listings &ndash; Browse all meals with prices and images for each dish. ✅ Accurate Location Selection &ndash; Easily set your delivery location to ensure fast and precise service. ✅ User-Friendly Interface &ndash; A simple design that makes ordering quick and effortless for everyone. ✅ Ultra-Fast Delivery &ndash; Enjoy a reliable delivery service that brings your order in the shortest time possible. ✅ Wide Variety of Restaurants &amp; Caf&eacute;s &ndash; Choose from the best restaurants, desserts, and food categories available in Taif. ✅ 24/7 Service &ndash; Order your meals anytime with convenient around-the-clock delivery. ???? With Al-Ta2ef, enjoy a seamless and fast food ordering experience wherever you are in Taif!\r\n','Discover Al-Ta2ef, the top food delivery app in Taif, where you can order your favorite meals with ease, set your delivery location accurately, and enjoy 24/7 fast service.\r\n\r\n','Al-Ta2ef, Taif food delivery, Taif restaurants, order food Taif, fast delivery, food ordering app, best restaurants in Taif, 24/7 delivery, quick food orders, Taif café delivery','english'),(57,36,'لجنة  التنمية','Tanmiah هو الموقع الرسمي للجنة التنمية الاجتماعية الأهلية بالظبية، حيث يقدم آخر الأخبار، الصور، والفيديوهات المتعلقة بالفعاليات والأنشطة المجتمعية، مما يجعله منصة متكاملة لمتابعة جميع المستجدات والمبادرات التنموية. مميزات الموقع: ✅ تغطية شاملة للأخبار &ndash; استعرض أحدث الأخبار والفعاليات الخاصة بلجنة التنمية الاجتماعية الأهلية بالظبية. ✅ معرض صور وفيديوهات مميز &ndash; تابع تغطيات مرئية لجميع الأحداث المجتمعية بأعلى جودة. ✅ تحديث مستمر للمحتوى &ndash; يتم إضافة أخبار جديدة وصور وفيديوهات بشكل دوري. ✅ واجهة استخدام سهلة وسريعة &ndash; تصميم حديث يوفر تجربة تصفح سلسة للمستخدمين. ???? مع Tanmiah، ابقَ على اطلاع دائم بجميع أنشطة التنمية الاجتماعية في منطقتك!\r\n','اكتشف Tanmiah، الموقع الرسمي للجنة التنمية الاجتماعية الأهلية بالظبية، حيث تجد آخر الأخبار، الصور، والفيديوهات الخاصة بالفعاليات والمبادرات المجتمعية.\r\n\r\n','Tanmiah, موقع تنمية, لجنة التنمية الاجتماعية, أخبار التنمية, فعاليات اجتماعية, تنمية المجتمع, أخبار الظبية, صور الفعاليات, فيديوهات تنموية, المبادرات المجتمعية, تنمية مستدامة','arabic'),(58,36,'tanmiah','Tanmiah is the official website of the Al-Thubiah Social Development Committee, providing the latest news, photos, and videos related to community events and social development initiatives. It serves as a comprehensive platform to stay updated on all activities and programs. Key Features: ✅ Comprehensive News Coverage &ndash; Explore the latest updates and events from the Social Development Committee. ✅ Exclusive Media Gallery &ndash; View high-quality photos and videos covering community activities. ✅ Regular Content Updates &ndash; Stay informed with newly added news, images, and videos. ✅ User-Friendly Interface &ndash; A modern and smooth browsing experience for all users. ???? With Tanmiah, stay informed about all social development activities in your area!\r\n','Discover Tanmiah, the official website of the Al-Thubiah Social Development Committee, featuring the latest news, photos, and videos on community initiatives and events.\r\n\r\n','Tanmiah, social development website, Social Development Committee, community news, social events, community development, Al-Thubiah news, event photos, development videos, social initiatives, sustainable development','english'),(59,37,'رصد 24','<p>صحيفة رصد24 أخبار بدون توقف على مدار الساعة</p>\r\n','','','arabic'),(60,37,'rassd24','<p>صحيفة رصد24 أخبار بدون توقف على مدار الساعة</p>\r\n','','','english'),(69,42,'بريمو','Primo هو تطبيقك الذكي للعثور على أفضل المهنيين والحرفيين بسهولة وسرعة. سواء كنت بحاجة إلى نقاش، سباك، كهربائي، فني سيراميك، أو غيرهم، يوفر لك التطبيق إمكانية اختيار الصنايعي المناسب لك بناءً على التقييمات، الصور، وتجارب العملاء السابقين. مميزات التطبيق: ✅ البحث عن الحرفيين بسهولة &ndash; استعرض ملفاتهم الشخصية، صور أعمالهم، تقييماتهم، وتعليقات العملاء قبل اختيار الأنسب لك. ✅ خدمة الطلب السريع &ndash; أرسل طلبك للحرفيين في منطقتك، وتلقَ عروضهم مباشرة مع إمكانية التواصل الفوري. ✅ البحث عن الخدمات القريبة منك &ndash; الوصول إلى المغاسل، الصيدليات، الميكانيكيين، محلات قطع الغيار، وغيرها مع معرفة العنوان، أرقام التواصل، والموقع الجغرافي. ✅ طلب خدمات احترافية &ndash; احصل على محترفين مثل المحامين، المحاسبين، جليسات الأطفال وغيرهم بسهولة تامة. ✅ الوصول إلى الشركات المتخصصة &ndash; ابحث عن شركات المقاولات، أنظمة المراقبة، الأبواب المصفحة، وغيرها عبر التطبيق. ???? مع Primo، أصبح العثور على المهنيين والخدمات المتخصصة أسهل وأسرع من أي وقت مضى!\r\n','اكتشف Primo، التطبيق الذكي الذي يساعدك في العثور على أفضل الحرفيين، المهنيين، والخدمات المتخصصة بالقرب منك، مع إمكانية اختيار الأنسب لك بناءً على التقييمات والتجارب السابقة.\r\n\r\n','Primo, تطبيق بريمو, البحث عن حرفيين, صنايعي بريمو, خدمات منزلية, نقاش, سباك, كهربائي, فني سيراميك, محامين, محاسبين, شركات متخصصة, خدمات محلية, صيانة المنازل, البحث عن فنيين','arabic'),(70,42,'primo','Primo is your smart app for finding the best professionals and skilled workers quickly and easily. Whether you need a painter, plumber, electrician, tiling expert, or others, the app allows you to choose the right specialist based on ratings, work photos, and customer reviews. Key Features: ✅ Easily Find Skilled Workers &ndash; Browse profiles, work images, ratings, and customer feedback before making a selection. ✅ Quick Service Requests &ndash; Send a request to professionals in your area and receive direct offers with instant communication options. ✅ Locate Nearby Services &ndash; Access laundries, pharmacies, mechanics, auto parts stores, and more, with addresses, contact details, and map locations. ✅ Request Professional Services &ndash; Find experts such as lawyers, accountants, babysitters, and more effortlessly. ✅ Access Specialized Companies &ndash; Search for construction companies, surveillance systems, armored door providers, and other specialized services via the app. ???? With Primo, finding skilled workers and specialized services has never been easier or faster!\r\n','Discover Primo, the smart app that helps you find the best skilled workers, professionals, and specialized services near you, with ratings, work photos, and customer reviews.\r\n\r\n','Primo, Primo app, find professionals, hire skilled workers, home services, painter, plumber, electrician, tiling expert, lawyers, accountants, specialized companies, local services, home maintenance, find technicians','english'),(71,43,'365 deals للأندرويد','&nbsp; 365 Deals هو التطبيق الأول من نوعه في الوطن العربي، حيث يجمع جميع العروض والخدمات في مكان واحد، مما يتيح للتجار والبائعين في مصر والسعودية فرصة استثنائية لعرض منتجاتهم والوصول إلى جمهور واسع من المشترين المهتمين. مميزات التطبيق: ✅ منصة متكاملة للعروض والخدمات &ndash; اكتشف أحدث العروض الحصرية في مختلف الفئات. ✅ فرصة ذهبية للتجار &ndash; إذا كان لديك منتج أو خدمة، فإن التطبيق يمنحك فرصة الوصول إلى جمهور ضخم في مصر والسعودية. ✅ رفع المنتجات بسهولة &ndash; قم بتحميل التطبيق، وأضف منتجاتك أو خدماتك في خطوات بسيطة وسريعة. ✅ واجهة مستخدم سهلة وسلسة &ndash; تصميم عصري يضمن تجربة تصفح وشراء سلسة وآمنة. ✅ تجربة تسوق متكاملة &ndash; استعرض العروض، قارن الأسعار، وتواصل مباشرة مع البائعين بسهولة. ???? مع 365 Deals، انضم اليوم إلى قافلة الإبداع والتميز، واجعل منتجاتك في متناول الجميع!\r\n','اكتشف 365 Deals، التطبيق الأول من نوعه في الوطن العربي، حيث تجد كل العروض والخدمات في مكان واحد، وانضم كتاجر لعرض منتجاتك بسهولة والوصول إلى جمهور أوسع.\r\n\r\n','365 Deals, تطبيق العروض, بيع وشراء, تسوق أونلاين, متجر إلكتروني, التجارة الإلكترونية, عروض حصرية, خصومات, بيع المنتجات, سوق مصر, سوق السعودية, منتجات وخدمات','arabic'),(72,43,'365 deals for android','365 Deals is the first-of-its-kind app in the Arab world, bringing all deals and services under one roof. It offers merchants and sellers in Egypt and Saudi Arabia an exceptional opportunity to showcase their products and reach a large audience of interested buyers. Key Features: ✅ Comprehensive Platform for Deals &amp; Services &ndash; Discover the latest exclusive offers across various categories. ✅ Golden Opportunity for Merchants &ndash; If you have a product or service, this app gives you access to a vast audience in Egypt and Saudi Arabia. ✅ Easy Product Uploading &ndash; Download the app and list your products or services quickly and effortlessly. ✅ Smooth &amp; User-Friendly Interface &ndash; A modern design ensures a seamless and secure browsing and shopping experience. ✅ All-in-One Shopping Experience &ndash; Browse deals, compare prices, and connect directly with sellers. ???? With 365 Deals, join the movement of innovation and excellence today, and make your products accessible to everyone!\r\n','Discover 365 Deals, the first-of-its-kind app in the Arab world, where you can find all deals and services in one place. Join as a merchant to showcase your products easily and reach a wider audience.\r\n\r\n','365 Deals, deals app, buy and sell, online shopping, e-commerce platform, exclusive offers, discounts, product marketplace, Egypt market, Saudi Arabia market, business promotion, merchant sales','english'),(73,44,'365 deals للأيفون','<p>&nbsp; التطبيق الأول من نوعه في الوطن العربي.<br />\r\nكل العروض والخدمات تحت سقف واحد.</p>\r\n\r\n<p>عزيزتي التاجرة .. عزيزي التاجر في مصر والسعودية<br />\r\nعندك منتج ... عندنا جمهور<br />\r\nحمل التطبيق وارفع منتجاتك وانضم لقافلة الابداع والتميز</p>\r\n','','','arabic'),(74,44,'365 deals for Iphone','<p>&nbsp; the first application of its kind in the Arab world. All offers and services are under one roof. Dear trader .. Dear trader in Egypt and Saudi Arabia You have a product ... we have an audience Application</p>\r\n','','','english'),(75,45,'متاجر اكسبريس','Express Shop هو التطبيق المثالي لإنشاء متجرك الإلكتروني وعرض منتجاتك أمام عدد هائل من العملاء بطريقة سهلة واحترافية. يمكنك من خلال التطبيق إدارة متجرك، التفاعل مع العملاء، واستقبال الطلبات بكل سهولة، بالإضافة إلى ميزات متقدمة تضمن لك تجربة بيع ناجحة. مميزات التطبيق: ✅ إنشاء متجرك الإلكتروني بسهولة &ndash; أضف منتجاتك مع الصور والتفاصيل لجذب المزيد من العملاء. ✅ تواصل مباشر مع العملاء &ndash; نظام رسائل داخلي يتيح التواصل بين المتاجر والمستخدمين لزيادة التفاعل. ✅ إمكانية التسجيل كمندوب توصيل &ndash; فرصة للمستخدمين للتسجيل كمندوبي توصيل والاستفادة من الطلبات المتاحة. ✅ نظام إشعارات ذكي &ndash; احصل على إشعارات فورية حول الطلبات الجديدة، الرسائل، والعروض الحصرية. ✅ تجربة مستخدم سلسة وسهلة &ndash; تصميم احترافي يجعل إدارة المتجر والتفاعل مع العملاء أكثر كفاءة. ???? مع Express Shop، أصبح إنشاء متجرك وعرض منتجاتك أسهل وأسرع من أي وقت مضى\r\n','اكتشف Express Shop، التطبيق المثالي لإنشاء متجر إلكتروني، عرض المنتجات، التواصل مع العملاء، وإدارة الطلبات بسهولة، مع دعم لنظام الرسائل الداخلية والإشعارات الذكية.','Express Shop, كويك شوب, إنشاء متجر إلكتروني, بيع المنتجات أونلاين, متاجر إلكترونية, تسويق المنتجات, إدارة المتاجر, طلبات أونلاين, مندوب توصيل, نظام رسائل المتاجر, إشعارات الطلبات','arabic'),(76,45,'exepress shop','Express Shop is the ultimate app for creating your online store, allowing you to showcase your products to a vast audience in a simple and professional way. With Express Shop, you can manage your store, interact with customers, and receive orders seamlessly, along with advanced features that ensure a successful selling experience. Key Features: ✅ Easily Create Your Online Store &ndash; Add your products with images and descriptions to attract more customers. ✅ Direct Customer Interaction &ndash; A built-in messaging system enables smooth communication between stores and users. ✅ Register as a Delivery Agent &ndash; Users can sign up as delivery agents and take advantage of available orders. ✅ Smart Notification System &ndash; Receive instant alerts about new orders, messages, and exclusive offers. ✅ Seamless &amp; User-Friendly Experience &ndash; A professional design that makes store management and customer interaction more efficient. ???? With Express Shop, setting up your store and selling products has never been easier or faster!\r\n','Discover Express Shop, the ideal app for creating an online store, showcasing products, interacting with customers, and managing orders effortlessly, with built-in messaging and smart notifications.\r\n\r\n','Express Shop, Quick Shop, create an online store, sell products online, e-commerce app, product marketing, store management, online orders, delivery agent registration, store messaging system, order notifications','english'),(85,50,'حراج قطر للحلال أيفون','Haraj Qatar هو التطبيق الأمثل للإعلانات المبوبة في قطر، حيث يمكنك إضافة و تصفح الإعلانات في مختلف الفئات بكل سهولة. يتميز التطبيق بقسم خاص بمعارض السيارات، مما يجعله الخيار المثالي للبائعين والمشترين الباحثين عن أفضل العروض في السوق. مميزات التطبيق: ✅ إعلانات مبوبة متعددة الفئات &ndash; بيع وشراء السيارات، العقارات، الأجهزة، الأثاث، وغير ذلك الكثير. ✅ قسم مخصص لمعارض السيارات &ndash; اكتشف العروض الحصرية لأفضل المعارض والبائعين في قطر. ✅ يدعم عدة دول ولغات &ndash; استفد من تجربة استخدام متميزة تناسب جمهورًا واسعًا. ✅ بحث متقدم وسريع &ndash; استعرض آلاف الإعلانات وابحث بسهولة عن المنتج أو الخدمة التي تحتاجها. ✅ تواصل مباشر مع المعلنين &ndash; تفاوض مباشرة مع البائعين دون وسطاء. ✅ تجربة استخدام سلسة وسهلة &ndash; تصميم عصري يضمن سهولة التصفح والاستخدام. ???? مع Haraj Qatar، أصبح البيع والشراء أسهل من أي وقت مضى!\r\n','اكتشف Haraj Qatar، تطبيق الإعلانات المبوبة الأول في قطر، مع قسم خاص لمعارض السيارات ودعم متعدد للدول واللغات، لتجربة بيع وشراء سلسة وآمنة.\r\n\r\n','Haraj Qatar, تطبيق حراج قطر, إعلانات مبوبة قطر, بيع وشراء, معارض السيارات, سيارات مستعملة, بيع العقارات, سوق قطر, تطبيق تسوق, البحث عن المنتجات, إعلانات مجانية, حراج السيارات','arabic'),(86,50,'haraj qatar halal','Haraj Qatar is the ultimate classified ads app in Qatar, allowing you to post and browse ads across multiple categories with ease. The app also features a dedicated section for car dealerships, making it the perfect choice for buyers and sellers looking for the best deals in the market. Key Features: ✅ Multi-Category Classified Ads &ndash; Buy and sell cars, real estate, electronics, furniture, and more. ✅ Exclusive Car Dealership Section &ndash; Explore premium listings from top car dealerships in Qatar. ✅ Supports Multiple Countries &amp; Languages &ndash; Enjoy a seamless experience tailored to a diverse audience. ✅ Fast &amp; Advanced Search &ndash; Browse thousands of ads and find what you need instantly. ✅ Direct Communication with Advertisers &ndash; Negotiate directly with sellers, no middlemen involved. ✅ Smooth &amp; Easy-to-Use Interface &ndash; A modern design that ensures effortless navigation and usage. ???? With Haraj Qatar, buying and selling has never been easier!\r\n','Discover Haraj Qatar, the leading classified ads app in Qatar, featuring a dedicated section for car dealerships and support for multiple countries and languages for a seamless shopping experience.\r\n\r\n','Haraj Qatar, Qatar classifieds, buy and sell in Qatar, car dealerships, used cars, real estate sales, Qatar marketplace, shopping app, product search, free ads, car classifieds','english'),(87,51,'بوابة النقل (أندرويد)','<p style=\"text-align:right\"><span style=\"font-family:roboto,uilanguagefont,arial,sans-serif; font-size:14px\">تطبيق يربط الباحثات عن مواصلات نقل [ جامعي - مدرسي - مشاوير خاصة - رحلات - موظفات] بشركات النقل المسجلة في الخدمة</span><br />\r\n<span style=\"font-family:roboto,uilanguagefont,arial,sans-serif; font-size:14px\">مع إمكانية حجز مقعد مباشرة والإطلاع على بروفايلات الشركات وتقييم العملاء</span></p>\r\n','','','arabic'),(88,51,'Bawabt-Alnagel (android)','<p><span style=\"font-family:roboto,uilanguagefont,arial,sans-serif; font-size:14px\">The application connects researchers for public transport [university - teachers - especially Mashaweer - Trips - employees] transport companies registered in the service</span><br />\r\n<span style=\"font-family:roboto,uilanguagefont,arial,sans-serif; font-size:14px\">With the possibility of reserving a seat directly and access to corporate profiles and evaluate customers</span></p>\r\n','','','english'),(89,52,'واتس نييديد (أندرويد)','<p style=\"text-align:right\">اﻟﺘﻄﺒﻴﻖ اﻷﻣﺜﻞ ﻓﻲ ﻣﺼﺮ ﻟﻠﺒﺤﺚ ﻋﻦ ﻣﻘﺪﻣﻲ اﻟﺨﺪﻣﺎﺕ ﻋﻠﻲ ﺣﺴﺐ اﻟﻤﻨﻄﻘﺔ ﻭﻧﻮﻉ اﻟﺨﺪﻣﺔ<br />\r\nﺃﻛﻔﺄ ﻣﻘﺪﻣﻲ اﻟﺨﺪﻣﺎﺕ ﻓﻲ ﺟﻤﻴﻊ اﻟﻤﺠﺎﻻﺕ(ﺷﺮﻛﺔ , ﻣﻜﺘﺐ , ﻋﻴﺎﺩﺓ , ﺻﻴﺪﻟﻴﺔ , ﻭﺭﺷﺔ , ﻣﺤﻞ , ﻓﻨﻲ , ﻣﻬﻨﻲ , ﻣﺪﺭﺱ ﻣﻮﺳﻴﻘﻲ , ﻣﺪﺭﺏ ﺳﺒﺎﺣﺔ , ﺗﺠﻬﻴﺰ ﻣﺄﻛﻮﻻﺕ )ﺇﻟﺦ</p>\r\n','','','arabic'),(90,52,'Whats Needed (android)','<p>Optimal application in Egypt to search for service providers by region and type of service<br />\r\nThe most efficient service providers in all areas (company, office, clinic, pharmacy, shop, shop, technician, professional, music teacher, swimming coach, food processing etc.)</p>\r\n','','','english'),(91,53,'تطبيق رف (IOS)','<p style=\"text-align:right\">تطبيق رف التطبيق الاول فى السعودية للوصول الى اقرب المتاجر والموردين على حسب منطقتك<br />\r\nيمكنك من خلال تطبيق رف عرض اقرب المتاجر لك مع عرض جميع المنتجات لديهم بكافة التفاصيل عنها من وصف وصور وسعر<br />\r\n<br />\r\nيمكنك كمتجر من خلال تطبيق رف عرض الرفوف المتاحه لديك بتكلفة الايجار واتمام عملية تاجير الرفوف بالكامل من خلال التطبيق</p>\r\n','','','arabic'),(92,53,'Raff (IOS)','<p>Raff is&nbsp;the first application rack in Saudi Arabia to reach the nearest stores and suppliers according to your area<br />\r\nBy applying the shelf you can view the nearest stores for you with all the products they have all the details about them from description, pictures and price</p>\r\n\r\n<p>You can shop as a shelf by displaying the shelves available to you at the cost of rent and completing the rental of the shelves entirely through the application</p>\r\n','','','english'),(93,54,'بوابة النقل ( ios )','Bawabt Alnagel هو التطبيق الذكي الذي يربط الباحثات عن وسائل النقل بمقدمي خدمات النقل المسجلين، مما يوفر حلاً آمنًا وسهلًا لحجز المواصلات لمختلف الاحتياجات، سواء كان النقل الجامعي، المدرسي، المشاوير الخاصة، الرحلات، أو نقل الموظفات. مميزات التطبيق: ✅ ربط مباشر مع شركات النقل المسجلة &ndash; سهولة الوصول إلى مقدمي الخدمة المعتمدين. ✅ إمكانية حجز مقعد فورًا &ndash; احجزي مكانك بسرعة وأمان بضغطة زر. ✅ عرض بروفايلات الشركات &ndash; تعرفي على تفاصيل الشركة، خدماتها، وأسعارها. ✅ تقييمات العملاء &ndash; قراءة آراء المستخدمين السابقين قبل اختيار الشركة المناسبة. ✅ تجربة مستخدم سلسة وآمنة &ndash; تصميم احترافي يضمن الراحة والسهولة في الاستخدام. ???? مع Bawabt Alnagel، أصبح التنقل أكثر سهولة، أمانًا، وراحة!\r\n','اكتشف Bawabt Alnagel، التطبيق الذي يربط الباحثات عن المواصلات بشركات النقل المسجلة، مع إمكانية حجز مقعد، استعراض بروفايلات الشركات، وقراءة تقييمات العملاء بسهولة وأمان.\r\n\r\n','Bawabt Alnagel, تطبيق نقل, مواصلات جامعية, نقل مدرسي, نقل الموظفات, شركات النقل, حجز المواصلات, مشاوير خاصة, رحلات نقل, تطبيق مواصلات, تقييمات النقل','arabic'),(94,54,'Bawabt-Alnagel (ios)','Bawabt Alnagel is a smart transportation app that connects women seeking reliable transportation with registered transport service providers, offering a safe and convenient solution for booking rides for university students, school transportation, private trips, travel, and employees. Key Features: ✅ Direct Connection with Registered Transport Companies &ndash; Easily access verified service providers. ✅ Instant Seat Booking &ndash; Secure your spot quickly and safely with just one click. ✅ Company Profiles &ndash; View detailed information about transport companies, their services, and pricing. ✅ Customer Reviews &amp; Ratings &ndash; Read user feedback before selecting a transport provider. ✅ Seamless &amp; Secure User Experience &ndash; A professional and intuitive design for effortless booking. ???? With Bawabt Alnagel, transportation is now easier, safer, and more convenient than ever!\r\n','Discover Bawabt Alnagel, the app that connects women with registered transport providers. Book a seat, browse company profiles, and read customer reviews quickly and securely.\r\n\r\n','Bawabt Alnagel, transportation app, university transport, school transport, employee transport, transport companies, ride booking, private trips, travel transport, commuting app, transport reviews','english'),(95,55,'رف ( أندرويد)','Raff App هو التطبيق الأول في السعودية الذي يمكنك من الوصول بسهولة إلى أقرب المتاجر والموردين في منطقتك، مما يمنحك تجربة تسوق متكاملة وسريعة. مميزات التطبيق: ✅ الوصول السريع إلى أقرب المتاجر &ndash; اكتشف المتاجر القريبة منك واستعرض كافة منتجاتها بسهولة. ✅ تفاصيل دقيقة عن المنتجات &ndash; عرض شامل للمنتجات يشمل الوصف، الصور، الأسعار، والتفاصيل الأخرى. ✅ خدمة تأجير الرفوف للمتاجر &ndash; يمكن لأصحاب المتاجر عرض الرفوف المتاحة للإيجار وإتمام عملية التأجير مباشرة عبر التطبيق. ✅ تجربة مستخدم سلسة وذكية &ndash; تصميم متطور يتيح لك البحث عن المنتجات والمتاجر القريبة بسرعة وسهولة. ???? مع Raff App، أصبح العثور على المتاجر والموردين أقرب إليك من أي وقت مضى، سواء كنت متسوقًا أو صاحب متجر! &nbsp;\r\n','اكتشف Raff App، التطبيق الأول في السعودية للوصول إلى أقرب المتاجر والموردين حسب منطقتك، مع إمكانية عرض المنتجات وتأجير الرفوف بكل سهولة.\r\n\r\n','Raff App, تطبيق رف, البحث عن متاجر, متاجر السعودية, الموردين, عرض المنتجات, تأجير الرفوف, تجارة إلكترونية, رفوف المتاجر, تطبيق تسوق, البحث عن موردين','arabic'),(96,55,'Raff (Android)','Raff App is the leading app in Saudi Arabia that allows you to easily access the nearest stores and suppliers in your area, providing a seamless and efficient shopping experience. Key Features: ✅ Quick Access to Nearby Stores &ndash; Discover stores near you and browse their full product listings effortlessly. ✅ Detailed Product Information &ndash; View descriptions, images, prices, and additional details for every product. ✅ Shelf Rental Service for Stores &ndash; Store owners can list their available shelves for rent and complete the rental process directly through the app. ✅ Smart &amp; User-Friendly Experience &ndash; A modern design that makes it easy to search for products and nearby stores quickly. ???? With Raff App, finding stores and suppliers has never been easier&mdash;whether you&rsquo;re a shopper or a store owner!\r\n','Discover Raff App, the leading app in Saudi Arabia for finding nearby stores and suppliers. Browse products, view details, and rent store shelves effortlessly.\r\n\r\n','Raff App, Raff, store locator, Saudi Arabia stores, suppliers, product listings, shelf rental, e-commerce, retail solutions, shopping app, supplier search','english'),(97,56,'واتس نييديد ( IOS )','Whats Needed هو التطبيق الأمثل في مصر للبحث عن أفضل مقدمي الخدمات حسب الموقع الجغرافي ونوع الخدمة، مما يسهل عليك الوصول إلى المحترفين الأكثر كفاءة في مختلف المجالات. مميزات التطبيق: ✅ البحث السريع حسب المنطقة ونوع الخدمة &ndash; اعثر على أقرب مزودي الخدمات بسرعة ودقة. ✅ قائمة شاملة من مقدمي الخدمات المحترفين &ndash; يشمل الشركات، المكاتب، العيادات، الصيدليات، الورش، المحلات، الفنيين، المهنيين، المعلمين، المدربين، وخدمات تجهيز المأكولات والمزيد. ✅ معلومات تفصيلية لكل مقدم خدمة &ndash; احصل على العنوان، أرقام التواصل، والتقييمات قبل اتخاذ قرارك. ✅ تصميم سهل الاستخدام &ndash; تجربة مستخدم سلسة تتيح لك البحث والعثور على الخدمات المطلوبة خلال ثوانٍ. ???? مع Whats Needed، أصبح العثور على الخدمات التي تحتاجها أسهل وأسرع من أي وقت مضى!\r\n','اكتشف Whats Needed، التطبيق الأفضل في مصر للبحث عن مقدمي الخدمات حسب المنطقة ونوع الخدمة، من الشركات والمكاتب إلى الفنيين والمدربين والمحلات التجارية، بسهولة وسرعة.\r\n\r\n','Whats Needed, تطبيق خدمات, البحث عن مقدمي الخدمات, خدمات مصر, العثور على فني, البحث عن ورشة, البحث عن شركة, خدمات الصيانة, خدمات التوصيل, مقدمو الخدمات, أفضل فنيين, صيدليات, عيادات, محلات, مدربين, معلمين','arabic'),(98,56,'Whats Needed (ios)','Whats Needed is the ultimate app in Egypt for finding the best service providers based on location and service type, making it easier than ever to connect with top professionals across various industries. Key Features: ✅ Fast Search by Area &amp; Service Type &ndash; Quickly find the nearest service providers with precision. ✅ Comprehensive List of Professional Service Providers &ndash; Includes companies, offices, clinics, pharmacies, workshops, stores, technicians, skilled professionals, music teachers, swimming coaches, catering services, and more. ✅ Detailed Information for Each Provider &ndash; Access addresses, contact numbers, and ratings before making your choice. ✅ User-Friendly Design &ndash; A seamless experience allowing you to search and find services in seconds. ???? With Whats Needed, finding the right service has never been easier or faster!\r\n','Discover Whats Needed, Egypt’s top app for finding service providers by area and category. Easily connect with businesses, technicians, trainers, stores, clinics, and more, all in one place.\r\n\r\n','Whats Needed, service provider app, find services in Egypt, locate technicians, search for workshops, business directory, maintenance services, delivery services, professional services, best technicians, pharmacies, clinics, stores, trainers, teachers','english'),(105,60,'توصيل مع مسافر','Tawseel App هو تطبيق خدمي مبتكر يعتمد على السرعة والكفاءة في توصيل الطلبات، حيث يتيح للمستخدمين إرسال واستلام الطلبات في نفس اليوم أو خلال 24 ساعة، مع ضمان تأمين الأغراض وحماية حقوق المستخدمين. مميزات التطبيق: ✅ توصيل سريع وموثوق &ndash; استلم طلباتك في نفس اليوم أو خلال 24 ساعة. ✅ ضمان تأمين الأغراض &ndash; عند التأمين على الطلب، يضمن التطبيق استرداد المبلغ بالكامل في حالة حدوث أي تلف. ✅ نظام يعتمد على المسافرين &ndash; يمكن لأي شخص أن يكون مسافرًا ويستفيد من توصيل الطلبات أثناء السفر، مما يحول الرحلات إلى فرصة للربح. ✅ فرص ربح متعددة للمسافرين: كسب المال من توصيل الطلبات أثناء السفر. رسوم إضافية عند التوصيل إلى باب العميل. أرباح أعلى للطلبات ذات الوزن الثقيل. نسبة من رسوم التأمين عند اختيار العميل تأمين الطلب. حرية الاتفاق بين المسافر والعميل مضمونة عبر التطبيق المسجل رسميًا، مما يضمن الشفافية وحماية المصالح لجميع الأطراف. ???? مع Tawseel App، نوفر لك تجربة توصيل مرنة، سريعة، وآمنة، حيث يستفيد الجميع ويختصر الزمن بطريقة ذكية وعملية!\r\n','اكتشف Tawseel App، التطبيق الذي يعتمد على المسافرين لتوصيل الطلبات بسرعة وأمان. استلم طلباتك خلال 24 ساعة، واستفد من خيارات التأمين والربح من التوصيل أثناء السفر.\r\n\r\n','Tawseel App, تطبيق توصيل, التوصيل السريع, الربح من التوصيل, توصيل أثناء السفر, تأمين الطلبات, تطبيق خدمي, التوصيل في نفس اليوم, إرسال واستلام الطلبات, توصيل آمن, منصة التوصيل','arabic'),(106,60,'Tawseel app ','Tawseel App is an innovative delivery service app designed for fast and efficient order deliveries, allowing users to send and receive items on the same day or within 24 hours, with secure insurance options to protect their belongings. Key Features: ✅ Fast &amp; Reliable Delivery &ndash; Get your orders delivered on the same day or within 24 hours. ✅ Guaranteed Insurance Protection &ndash; If you insure your order, the app guarantees a full refund in case of any damage. ✅ Traveler-Based Delivery System &ndash; Anyone can become a traveler and earn money by delivering items while traveling, turning trips into a profitable opportunity. ✅ Multiple Earning Opportunities for Travelers: Earn money by delivering packages while traveling. Extra fees for doorstep delivery. Higher earnings for delivering heavy items. Commission from insurance fees when customers choose to insure their orders. Freedom of agreement between the traveler and the customer is ensured through the app, which is officially registered to protect all parties and guarantee transparency. ???? With Tawseel App, enjoy a flexible, fast, and secure delivery experience where everyone benefits, saving time in a smart and efficient way!\r\n','Discover Tawseel App, a traveler-based delivery service that ensures fast and secure order delivery within 24 hours. Earn money while traveling, insure your items, and enjoy seamless, transparent transactions.\r\n\r\n','Tawseel App, delivery app, fast delivery, earn money delivering, travel-based delivery, order insurance, service app, same-day delivery, send and receive packages, secure delivery, delivery platform','english'),(109,62,'تسوق في قطر ','Shopping in Qatar هو أفضل تطبيق مجاني للإعلانات المبوبة في قطر، حيث يمكنك بيع وشراء المنتجات والخدمات بسهولة وبدون أي عمولات! يوفر التطبيق سوقًا متكاملًا يشمل مجموعة واسعة من الفئات، بما في ذلك: ???? السيارات | ???? الموبايلات والإلكترونيات | ???? الأثاث المنزلي | ???? العقارات | والمزيد! مميزات التطبيق: ✅ إعلانات مجانية 100% &ndash; قم بنشر إعلاناتك بسهولة وابدأ البيع فورًا. ✅ بحث متقدم وسريع &ndash; استعرض آلاف الإعلانات وحدد المنتج أو الخدمة المناسبة لك بسرعة. ✅ تواصل مباشر مع البائعين &ndash; لا وسطاء، تحدث مع المعلنين مباشرة لإتمام صفقاتك بسهولة. ✅ واجهة مستخدم سهلة وسلسة &ndash; تصميم بسيط يجعل عملية البيع والشراء ممتعة وسهلة للجميع. ✅ بدون عمولات أو رسوم خفية &ndash; استمتع بتجربة تسوق مجانية تمامًا. ???? ابدأ الآن رحلتك في البيع والشراء مع Shopping in Qatar، حيث يمكنك بيع الأغراض التي لا تحتاجها والعثور على أفضل العروض بسهولة!\r\n','اكتشف Shopping in Qatar، التطبيق المجاني للإعلانات المبوبة في قطر، حيث يمكنك بيع وشراء السيارات، الموبايلات، الإلكترونيات، الأثاث، والمزيد بدون أي عمولات أو رسوم خفية!\r\n\r\n','Shopping in Qatar, سوق قطر, إعلانات مبوبة قطر, بيع وشراء قطر, سوق إلكتروني قطر, بيع السيارات, بيع الموبايلات, بيع الأثاث, سوق مجاني, إعلانات مجانية قطر, البحث عن عروض, بيع الأغراض, تسوق في قطر','arabic'),(110,62,'shopping in qatar','Shopping in Qatar is the best free classified ads app in Qatar, allowing you to buy and sell products and services easily with no commissions! The app offers a fully integrated marketplace covering a wide range of categories, including: ???? Cars | ???? Mobiles &amp; Electronics | ???? Home Furniture | ???? Real Estate | And much more! Key Features: ✅ 100% Free Listings &ndash; Post your ads easily and start selling instantly. ✅ Fast &amp; Advanced Search &ndash; Browse thousands of listings and find the perfect product or service quickly. ✅ Direct Communication with Sellers &ndash; No intermediaries, connect with advertisers directly for seamless transactions. ✅ User-Friendly Interface &ndash; A simple and intuitive design for a smooth buying and selling experience. ✅ No Commissions or Hidden Fees &ndash; Enjoy a completely free shopping experience. ???? Start your buying and selling journey now with Shopping in Qatar, where you can sell unused items and find the best deals effortlessly!\r\n','Discover Shopping in Qatar, the free classified ads app where you can buy and sell cars, mobiles, electronics, furniture, and more with no commissions or hidden fees!\r\n\r\n','Shopping in Qatar, Qatar classifieds, buy and sell Qatar, online marketplace Qatar, sell cars, sell mobiles, sell furniture, free market Qatar, free listings, find deals, sell items, Qatar shopping app','english'),(111,63,'تطبيق حمرة ','Houmra App هو تطبيق مبتكر يوفر لكِ طريقة سهلة وسريعة للعثور على أفضل الكوافيرات وخبيرات التجميل دون الحاجة إلى الذهاب إلى الصالونات أو الانتظار لساعات طويلة. مع حمرة، أصبح الجمال أقرب إليكِ! مميزات التطبيق: ✅ اختيار خبيرة التجميل المناسبة لكِ &ndash; استعرضي قائمة الخبيرات المحترفات اللاتي تم اختيارهن بعناية تحت إشراف فريق متخصص. ✅ حجز موعد بسهولة &ndash; احجزي خدمتك في أي وقت ومن أي مكان، دون الحاجة للانتظار في قوائم الصالونات. ✅ تجربة مريحة في منزلكِ &ndash; احصلي على خدمات التجميل دون مغادرة منزلكِ، واستمتعي بتجربة راقية وسهلة. ✅ تقييمات وآراء المستخدمين &ndash; استكشفي تجارب السيدات الأخريات مع الخبيرات قبل الحجز. ✅ تصميم بسيط وسلس &ndash; تجربة استخدام مريحة تتيح لكِ الوصول إلى خدمات التجميل بسرعة وكفاءة. ???? مع Houmra، أصبحت العناية بجمالكِ أسهل من أي وقت مضى!\r\n','اكتشفي Houmra App، التطبيق الذكي الذي يساعدكِ في العثور على أفضل خبيرات التجميل والكوافيرات، احجزي موعدكِ بسهولة واستمتعي بخدمات التجميل دون الحاجة للذهاب إلى الصالون!\r\n\r\n','Houmra App, حمرة, تطبيق تجميل, كوافيرات, خبيرات تجميل, خدمات التجميل, حجز كوافير, صالونات تجميل, العناية بالجمال, خدمات منزلية, تطبيق العناية بالبشرة, حجز مواعيد تجميل','arabic'),(112,63,'Houmra','Houmra App is an innovative beauty service app that allows you to find and book the best hairstylists and beauty experts without the hassle of going to salons or waiting for hours. With Houmra, beauty comes to you! Key Features: ✅ Choose Your Preferred Beauty Expert &ndash; Browse a curated list of highly skilled beauty professionals, carefully selected by a dedicated team. ✅ Easy Appointment Booking &ndash; Schedule your service anytime, anywhere, without the need for long salon wait times. ✅ Enjoy Beauty Services at Home &ndash; Get pampered in the comfort of your home with professional beauty treatments. ✅ Ratings &amp; Reviews &ndash; Check user reviews and ratings before booking to ensure the best experience. ✅ User-Friendly Design &ndash; A seamless and intuitive interface that makes booking beauty services quick and effortless. ???? With Houmra, self-care has never been easier\r\n','Discover Houmra App, the smart beauty service app that connects you with the best hairstylists and beauty experts. Book your appointment easily and enjoy professional beauty treatments at home!\r\n\r\n','Houmra App, Houmra beauty, beauty service app, hairstylists, beauty experts, beauty appointments, salon booking, home beauty services, self-care app, makeup artists, haircare, beauty professionals','english'),(117,66,'سوق الحراج ','Souq Haraj هو أفضل تطبيق مجاني للإعلانات المبوبة، حيث يمكنك بيع وشراء كل ما تحتاجه بسهولة وبدون أي عمولات! يوفر التطبيق سوقًا متكاملًا يشمل مجموعة واسعة من الفئات، بما في ذلك: ???? السيارات | ???? الموبايلات والإلكترونيات | ???? الأثاث المنزلي | ???? العقارات | والمزيد! مميزات التطبيق: ✅ إعلانات مجانية 100% &ndash; قم بنشر إعلاناتك بسهولة وابدأ البيع فورًا. ✅ بحث متقدم وسريع &ndash; استعرض آلاف الإعلانات وحدد المنتج أو الخدمة المناسبة لك بسرعة. ✅ تواصل مباشر مع البائعين &ndash; لا وسطاء، تحدث مع المعلنين مباشرة لإتمام صفقاتك بسهولة. ✅ واجهة مستخدم سهلة وسلسة &ndash; تصميم بسيط يجعل عملية البيع والشراء ممتعة وسهلة للجميع. ✅ بدون عمولات أو رسوم خفية &ndash; استمتع بتجربة تسوق مجانية تمامًا. ???? ابدأ الآن رحلتك في البيع والشراء مع Souq Haraj، حيث يمكنك التخلص من الأغراض التي لا تحتاجها والعثور على أفضل العروض بسهولة!\r\n','اكتشف Souq Haraj، التطبيق المجاني للإعلانات المبوبة، حيث يمكنك بيع وشراء السيارات، الموبايلات، الإلكترونيات، الأثاث، والمزيد بدون أي عمولات أو رسوم خفية!\r\n\r\n','Souq Haraj, سوق حراج, تطبيق إعلانات مبوبة, بيع وشراء, سوق إلكتروني, بيع السيارات, بيع الموبايلات, بيع الأثاث, سوق مجاني, إعلانات مجانية, البحث عن عروض, بيع الأغراض, بيع المنتجات','arabic'),(118,66,'souq haraj ','Souq Haraj is the best free classified ads app, allowing you to buy and sell anything easily with no commissions! The app provides a fully integrated marketplace covering a wide range of categories, including: ???? Cars | ???? Mobiles &amp; Electronics | ???? Home Furniture | ???? Real Estate | And much more! Key Features: ✅ 100% Free Listings &ndash; Post your ads easily and start selling instantly. ✅ Fast &amp; Advanced Search &ndash; Browse thousands of listings and find the perfect product or service quickly. ✅ Direct Communication with Sellers &ndash; No intermediaries, connect with advertisers directly for seamless transactions. ✅ User-Friendly Interface &ndash; A simple and intuitive design for a smooth buying and selling experience. ✅ No Commissions or Hidden Fees &ndash; Enjoy a completely free shopping experience. ???? Start your buying and selling journey now with Souq Haraj, where you can sell unused items and find the best deals effortlessly!\r\n','Discover Souq Haraj, the free classified ads app where you can buy and sell cars, mobiles, electronics, furniture, and more with no commissions or hidden fees!\r\n\r\n','Souq Haraj, Haraj market, classified ads app, buy and sell, online marketplace, sell cars, sell mobiles, sell furniture, free market, free listings, find deals, sell items, product sales','english'),(123,69,'تطبيق HandK للأندرويد','HandK هو أفضل تطبيق مجاني للإعلانات المبوبة في مجال العقارات، حيث يتيح لك بيع وشراء العقارات بسهولة وبدون عمولات! من خلال التطبيق، يمكنك استكشاف مجموعة واسعة من العقارات بمختلف أنواعها، بما في ذلك: ???? الفلل - العمارات - الأبراج - القصور - المحلات التجارية - الأراضي وأي عقار آخر تبحث عنه! مميزات التطبيق: ✅ إعلانات مجانية 100% &ndash; قم بنشر عقاراتك بسهولة وبدون أي عمولات. ✅ بحث متقدم وسريع &ndash; تصفح آلاف الإعلانات وحدد العقار المناسب لك بسرعة. ✅ تواصل مباشر مع المعلنين &ndash; تحدث مع أصحاب العقارات مباشرة دون وسطاء. ✅ واجهة مستخدم سهلة وسلسة &ndash; تصميم بسيط يجعل عملية البيع والشراء تجربة سلسة وممتعة. ابدأ الآن رحلتك في عالم العقارات مع HandK، التطبيق المثالي للعثور على عقارك المثالي أو بيع ممتلكاتك بسرعة وسهولة!\r\n','اكتشف HandK، أفضل تطبيق مجاني للإعلانات المبوبة في مجال العقارات، حيث يمكنك بيع وشراء الفلل، العمارات، الأبراج، الأراضي، والمزيد بدون أي عمولات!\r\n\r\n','HandK, تطبيق عقارات, إعلانات مبوبة, بيع عقارات, شراء عقارات, فلل, عمارات, أبراج, محلات, أراضي, عقارات مجانية, سوق عقاري, البحث عن عقار','arabic'),(124,69,'HandK for android','HandK is the best free classified ads app for real estate, allowing you to buy and sell properties easily with no commissions! Through the app, you can explore a wide range of properties, including: ???? Villas - Buildings - Towers - Palaces - Commercial Shops - Land and any other property you need! Key Features: ✅ 100% Free Listings &ndash; Post your property easily with no hidden fees or commissions. ✅ Fast &amp; Advanced Search &ndash; Browse thousands of listings and find the perfect property quickly. ✅ Direct Communication with Sellers &ndash; Connect with property owners instantly, without intermediaries. ✅ User-Friendly Interface &ndash; A simple and seamless design for an effortless buying and selling experience. Start your real estate journey now with HandK, the perfect app to find your dream property or sell your assets quickly and effortlessly!\r\n','Discover HandK, the best free classified ads app for real estate. Buy and sell villas, buildings, towers, land, and more with no commissions or hidden fees!\r\n\r\n','HandK, real estate app, classified ads, buy property, sell property, villas, buildings, towers, shops, land, free real estate listings, property marketplace, find a property','english'),(125,70,'تطبيق HandK للأيفون','<p style=\"text-align:right\">حمِّل الآن أفضل تطبيق مجاني للإعلانات المبوبة فى مجال العقارات، ولبدأ رحلة البيع والشراء من مختلف الأقسام، بما في ذلك: فلل عمارات ابراج قصور محلات اراضى ، وأي شيىء آخر قد يخطر على بالك ... وبدون أي عمولات. إبدأ الآن</p>\r\n','','','arabic'),(126,70,'HandK for iphone','<p>Download now the best free application for classified ads in real estate, and start the journey of sale and purchase from various sections, including: villas towers towers Palace land stores, and anything else may be notified to you ... without any commissions. start now</p>\r\n','','','english'),(129,72,'تطبيق فينوس للخدمات للأيفون','<p style=\"text-align: right;\"><span style=\"font-family:roboto,arial,sans-serif; font-size:14px\">يمكنك من خلال تطبيق فينوس للخدمات طلب فنى كهرباء من خلال التطبيق حيث عند اضافة طلب يصل اشعار لكل الفنيين فى منطقة الطلب ويقوم الفنين بتقديم عروض سعر على الطلب الخاص بك ويمكنك من مشاهدة البروفايل الشخصى لكل فنى الذى يحتوى على التقيم الخاص به واراء العملاء السابقين وصور لاعماله&nbsp;</span></p>\r\n','','','arabic'),(130,72,'Venus Services for IPhone','<p><span style=\"font-family:roboto,arial,sans-serif; font-size:14px\">You can apply for an electricity technician through the application. When you add a request, a notice will be sent to all technicians in the application area, and the technician will make a quotation on your request. You can view the personal profile of each technician, which includes his or her evaluation,</span></p>\n','','','english'),(131,81,'sadsad','<p>sadsadsad</p>\r\n','','','arabic'),(132,81,'sadsadsa','<p>sadsadsa</p>\r\n','','','english'),(133,82,'تطبيق ITOP  للأندرويد','','','','arabic'),(134,82,'ITOP app for android','','','','english'),(135,83,'تطبيق ITOP','ITOP App هو تطبيق مبتكر يجمع بين التواصل الاجتماعي والتجارة الإلكترونية والخدمات المحلية في منصة واحدة متكاملة. يوفر التطبيق تجربة فريدة تجمع بين مشاركة المنشورات، إنشاء سوق للبيع والشراء، واستكشاف الخدمات القريبة بطريقة سلسة وسهلة الاستخدام. مميزات التطبيق: ✅ شبكة تواصل اجتماعي متكاملة إنشاء صفحة شخصية وصفحة رئيسية لكل مستخدم. نشر ومشاركة المنشورات مع المتابعين والتفاعل معها عبر الإعجاب، عدم الإعجاب، التعليقات، والردود. متابعة المستخدمين لرؤية منشوراتهم والتفاعل معهم. ✅ سوق للبيع والشراء إمكانية نشر المنتجات والخدمات للبيع بسهولة. البحث عن سلع معروضة للبيع والاتصال بالبائعين مباشرة. ✅ أقسام متخصصة للخدمات قائمة شاملة بالخدمات مقسمة حسب التخصص. عرض أماكن مقدمي الخدمات على الخريطة مع إمكانية تصفح قائمة مرتبة حسب الأقرب. إمكانية إرسال طلبات للخدمات ليتمكن مقدمو الخدمة القريبون من التفاعل معها وتقديم عروض أسعار. ITOP App هو الحل الأمثل لكل من يريد التواصل، البيع، الشراء، واستكشاف الخدمات المحلية بسهولة وأمان، كل ذلك في تطبيق واحد شامل.\r\n','اكتشف ITOP App، تطبيق يجمع بين التواصل الاجتماعي، البيع والشراء، والخدمات المحلية. أنشئ صفحتك، تفاعل مع المنشورات، استعرض المنتجات والخدمات، واطلب العروض بسهولة.\r\n\r\n','ITOP App, تطبيق تواصل اجتماعي, سوق إلكتروني, بيع وشراء, خدمات محلية, نشر المنتجات, متابعة المستخدمين, التفاعل مع المنشورات, البحث عن الخدمات, طلب عروض أسعار, منصات التواصل, تطبيق خدمات','arabic'),(136,83,'ITOP app','ITOP App is an innovative platform that combines social networking, an online marketplace, and local services in a seamless, all-in-one experience. The app offers a unique way to connect, buy and sell, and explore nearby services with ease. Key Features: ✅ Integrated Social Network Create a personal profile and homepage for every user. Post and share updates with followers, engage through likes, dislikes, comments, and replies. Follow users to see their posts and interact with their content. ✅ Marketplace for Buying &amp; Selling Easily list products and services for sale. Search for items available for purchase and connect directly with sellers. ✅ Specialized Service Categories Browse an extensive list of services, categorized for easy navigation. View service providers on a map, with a sorted list based on proximity. Submit service requests, allowing nearby providers to respond with offers and pricing. ITOP App is the ultimate solution for anyone looking to connect, trade, and explore local services effortlessly and securely, all within a single, feature-rich application.\r\n','Discover ITOP App, a social networking, buying and selling, and local services platform. Create your profile, interact with posts, browse products and services, and request price quotes with ease.\r\n\r\n','ITOP App, social networking app, online marketplace, buy and sell, local services, product listings, follow users, post engagement, service search, request price quotes, social platforms, service providers','english'),(143,87,'تطبيق صون لتحويل الأموال','Soun App هو الحل المبتكر الذي يتيح لك تنفيذ حوالاتك البنكية بسهولة وبدون الحاجة إلى تفعيل المستفيد، لأول مرة! يتميز التطبيق بمرونة غير مسبوقة في إدارة الحوالات المالية، مما يمنحك تحكمًا كاملاً في عمليات التحويل سواء كانت فورية أو مؤجلة، مع إمكانية تحديد تاريخ الحوالة أو تأجيل التنفيذ حتى إتمام الاتفاق بين الطرفين. مميزات التطبيق: ✅ تحويل مباشر أو مؤجل: اختر بين الحوالة الفورية أو تحديد موعد مستقبلي لتنفيذ الحوالة. ✅ تنفيذ حوالاتك دون الحاجة إلى تفعيل المستفيد: أسرع طريقة لإنجاز عمليات التحويل البنكي. ✅ إشعار بالحجز قبل التحويل النهائي: يُرسل المحول إليه إشعارًا بحجز المبلغ، ولن يتم التحويل إلا بعد تأكيد الاتفاق. ✅ تميّز باسمك التجاري: عزّز احترافية معاملاتك المالية مع هوية تجارية مخصصة. Soun App هو التطبيق المثالي الذي يمنحك تحكّمًا كاملاً وأمانًا ماليًا في جميع عمليات التحويل، لتجربة مصرفية متطورة وسهلة الاستخدام.\r\n','اكتشف Soun App، التطبيق المبتكر لتنفيذ الحوالات البنكية دون الحاجة إلى تفعيل المستفيد، مع خيارات تحويل مباشرة أو مؤجلة وإشعارات بالحجز لضمان الأمان والمرونة في معاملاتك المالية.\r\n\r\n','Soun App, تطبيق حوالات بنكية, تحويل بدون تفعيل المستفيد, تحويل مباشر, تحويل مؤجل, خدمات مالية, تطبيق مصرفي, حوالات بنكية ذكية, إدارة التحويلات, إشعار حجز المبلغ, تحويل آمن','arabic'),(144,87,'Soun app','Soun App is an innovative solution that allows you to execute your bank transfers easily without the need to activate the beneficiary, for the first time! The app provides unprecedented flexibility in managing financial transactions, giving you full control over your transfers, whether instant or scheduled, with the ability to set a transfer date or delay execution until both parties confirm the agreement. Key Features: ✅ Instant or Scheduled Transfers: Choose between immediate transfers or setting a future date for execution. ✅ Execute Transfers Without Activating the Beneficiary: The fastest way to complete bank transactions. ✅ Pre-Transfer Reservation Notification: The recipient receives a notification about the reserved amount, and the transfer will only be executed after final agreement. ✅ Distinguish Your Business Name: Enhance the professionalism of your financial transactions with a personalized business identity. Soun App is the perfect solution that offers full control and financial security for all your transfers, delivering a seamless and advanced banking experience.\r\n','Discover Soun App, the innovative banking app that allows you to execute bank transfers without activating the beneficiary. Enjoy instant or scheduled transfers with reservation notifications for secure and flexible financial transactions.\r\n\r\n','Soun App, bank transfers, transfer without beneficiary activation, instant transfer, scheduled transfer, financial services, banking app, smart transactions, money transfer management, reservation notification, secure transfers','english'),(145,88,'Jaber Al Ahmad Hospital','تطبيق مستشفى الشيخ جابر الأحمد الصباح - Jaber Al Ahmad Hospital هو التطبيق الرسمي لمستشفى الشيخ جابر الأحمد الصباح، أكبر مستشفى حكومي في منطقة الشرق الأوسط، والذي يحتل المرتبة السادسة عالميًا من حيث المساحة والطاقة الاستيعابية، بمساحة إجمالية تبلغ 720,000 م&sup2; وارتفاع يصل إلى 65 مترًا. مميزات التطبيق: ✅ البحث السريع عن المواقع داخل المستشفى: يمكن للزوار البحث عن العيادات، غرف العمليات، المطاعم، والصيدليات بسهولة، مع عرض جميع التفاصيل المهمة مثل رقم الهاتف، الطابق، وأوقات العمل. ✅ التنقل الذكي عبر الخريطة التفاعلية: يوفر التطبيق خريطة متكاملة للمستشفى تتيح للمستخدمين تحديد موقعهم الحالي والتوجيه إلى الوجهة المطلوبة، مع عرض المسافة بالمتر والوقت المتوقع للوصول. ✅ واجهة سهلة الاستخدام: تصميم سلس يضمن تجربة مريحة وسريعة لجميع المستخدمين، سواء كانوا مرضى أو زوارًا أو موظفين بالمستشفى. يعد Jaber Al Ahmad Hospital App الحل الأمثل لمساعدة الزوار في التنقل داخل المستشفى بسلاسة والوصول إلى كافة المرافق بسهولة ودقة. .\r\n','اكتشف تطبيق مستشفى الشيخ جابر الأحمد الصباح، التطبيق الرسمي لأكبر مستشفى حكومي في الشرق الأوسط، والذي يوفر البحث عن العيادات وغرف العمليات والمرافق الأخرى مع خريطة ذكية للتنقل داخل المستشفى بسهولة.\r\n\r\n','Jaber Al Ahmad Hospital, مستشفى جابر الأحمد, مستشفى الكويت, مستشفى حكومي, تطبيق طبي, خريطة مستشفى, دليل المستشفى, العيادات, غرف العمليات, مستشفيات الشرق الأوسط, أكبر مستشفى, البحث عن المرافق, التنقل داخل المستشفى, تطبيق المستشفيات','arabic'),(146,88,'Jaber Al Ahmad Hospital','Jaber Al Ahmad Hospital App is the official application of Sheikh Jaber Al Ahmad Al Sabah Hospital, the largest government hospital in the Middle East and the sixth-largest hospital worldwide in terms of space and capacity. The hospital spans a total area of 720,000 m&sup2; and reaches a height of 65 meters. App Features: ✅ Quick Search for Locations Inside the Hospital: Visitors can easily search for clinics, operating rooms, restaurants, and pharmacies, with access to important details such as phone numbers, floor numbers, and working hours. ✅ Smart Navigation with an Interactive Map: The app provides a comprehensive hospital map, allowing users to pinpoint their current location and navigate to their desired destination, displaying the distance in meters and estimated arrival time. ✅ User-Friendly Interface: A simple and intuitive design ensures a seamless experience for patients, visitors, and hospital staff. Jaber Al Ahmad Hospital App is the ultimate solution to help visitors navigate the hospital effortlessly and access all facilities with precision and ease.\r\n','Discover the Jaber Al Ahmad Hospital App, the official application for the largest government hospital in the Middle East. Easily search for clinics, operating rooms, and facilities with a smart navigation map for seamless hospital navigation.\r\n\r\n','Jaber Al Ahmad Hospital, Sheikh Jaber Al Ahmad Al Sabah Hospital, Kuwait hospital, government hospital, medical app, hospital map, hospital guide, clinics, operating rooms, Middle East hospitals, largest hospital, facility search, hospital navigation, healthcare app','english'),(151,91,'كفاءات','كفاءات هو التطبيق الأمثل لربط الباحثين عن عمل بأصحاب الشركات، حيث يوفر منصة توظيف متكاملة تتيح للشركات استقطاب المواهب بسهولة، وتمكن الباحثين عن وظائف من عرض مهاراتهم بطريقة احترافية.\r\n\r\nمميزات التطبيق:\r\n\r\n✅ نظام عضوية مزدوج: تسجيل حسابات منفصلة لكل من الباحثين عن عمل وأصحاب العمل، مما يسهل إدارة التوظيف والتواصل الفعّال.\r\n✅ السيرة الذاتية الرقمية: إنشاء سيرة ذاتية احترافية مباشرة داخل التطبيق، مع إمكانية التعديل والتحديث بسهولة.\r\n✅ البحث المتقدم: إمكانية البحث عن الموظفين وفقًا لمعايير دقيقة مثل الموقع، الوظيفة، الخبرات، والتخصصات المختلفة.\r\n✅ عروض التوظيف المباشرة: يمكن لأصحاب العمل إرسال عروض توظيف مباشرة للمرشحين المناسبين، مع إمكانية قبول أو رفض العروض بسهولة.\r\n✅ الإشعارات الفورية: نظام تنبيهات متقدم يتيح لكل من الباحثين عن عمل وأصحاب الشركات تلقي إشعارات عند الموافقة على العروض أو رفضها، لضمان تجربة سلسة وفعالة.\r\n\r\nمع كفاءات، أصبح العثور على الوظيفة المناسبة أو استقطاب المواهب المتميزة أكثر سهولة من أي وقت مضى!\r\n','اكتشف كفاءات، التطبيق الذكي للتوظيف الذي يربط الباحثين عن عمل بأصحاب الشركات. أنشئ سيرتك الذاتية، ابحث عن الموظفين، واستقبل عروض التوظيف المباشرة مع إشعارات فورية.\r\n\r\n','كفاءات, تطبيق توظيف, البحث عن وظيفة, وظائف شاغرة, عروض التوظيف, منصة التوظيف, البحث عن موظفين, السيرة الذاتية الرقمية, إشعارات التوظيف, نظام التوظيف, فرص عمل, وظائف الشركات','arabic'),(152,91,'kafaat ','Kafaat is the ultimate app for connecting job seekers with employers, providing a comprehensive employment platform that enables companies to attract top talents while allowing job seekers to showcase their skills professionally.\r\n\r\nKey Features:\r\n\r\n✅ Dual Membership System: Separate accounts for job seekers and employers, making recruitment and communication more efficient.\r\n✅ Digital Resume: Create a professional CV directly within the app, with easy editing and updating options.\r\n✅ Advanced Search: Employers can search for candidates based on location, job role, experience, and specialization.\r\n✅ Direct Job Offers: Employers can send job offers directly to qualified candidates, who can accept or decline with ease.\r\n✅ Instant Notifications: A smart notification system that keeps both job seekers and employers updated on job offers, acceptances, and rejections for a seamless experience.\r\n\r\nWith Kafaat, finding the right job or attracting top talents has never been easier!\r\n','Discover Kafaat, the smart recruitment app that connects job seekers with employers. Create your digital resume, search for candidates, and receive direct job offers with instant notifications.\r\n\r\n','Kafaat, recruitment app, job search, job vacancies, employment offers, hiring platform, find employees, digital resume, job notifications, recruitment system, career opportunities, company jobs','english'),(153,92,'خبر ون','Khabar One هو موقع إخباري متطور يعتمد على أحدث تقنيات عرض الأخبار على الهواتف الذكية والأجهزة المكتبية، حيث يوفر تجربة فريدة تتيح لك متابعة الأخبار التي تهمك فقط، وليس ما يريد أصحاب المواقع عرضه عليك. يجمع الموقع الأخبار من أكثر من 5000 مصدر موثوق، بما في ذلك الجزيرة، سكاي نيوز، العربية، بي بي سي، فرانس 24، روسيا اليوم، نبض، سبق، المصري اليوم، اليوم السابع، الشرق الأوسط، الحياة، الفجر، وغيرها من المواقع والصحف المحلية والعالمية، مما يضمن لك تغطية إخبارية متكاملة ومتجددة على مدار الساعة. مميزات موقع Khabar One: ✅ أخبار مخصصة لاهتماماتك: حدد الكلمات المفتاحية التي تهمك ليصلك المحتوى الذي تبحث عنه دون الحاجة إلى البحث المستمر. ✅ أخبار متنوعة من مصادر عالمية: تابع الأخبار السياسية، الاقتصادية، الثقافية، الرياضية، الطبية، والمنوعة، بالإضافة إلى أخبار المرأة، السيارات، والتكنولوجيا. ✅ تغطية إخبارية شاملة للدول العربية والعالم: يشمل أخبار مصر، السعودية، الإمارات، العراق، الأردن، تونس، المغرب، الجزائر، فلسطين، قطر، الكويت، البحرين، سوريا، لبنان، اليمن، فرنسا، بريطانيا، تركيا، أمريكا، ألمانيا، والمزيد. ✅ عرض أفضل الفيديوهات من وسائل التواصل الاجتماعي: استمتع بمشاهدة أبرز الفيديوهات المتداولة على فيسبوك، تويتر، وإنستغرام. ✅ واجهة سلسة وسهلة الاستخدام: تصفح سريع وذكي يعرض لك الأخبار حسب اهتماماتك دون تكديس المحتوى العشوائي. مع Khabar One، ستقرأ ما يهمك بالفعل، دون إعلانات مزعجة أو أخبار غير مرغوبة. استمتع بتجربة إخبارية مخصصة ومباشرة بين يديك!\r\n','اكتشف Khabar One، الموقع الإخباري المتطور الذي يجمع الأخبار من أكثر من 5000 مصدر موثوق مثل الجزيرة، سكاي نيوز، العربية، بي بي سي، فرانس 24، نبض، والمزيد. تابع الأخبار التي تهمك فقط من مختلف الفئات والدول بسهولة وسرعة.\r\n\r\n','Khabar One, موقع خبر, موقع إخباري, الأخبار العاجلة, أخبار اليوم, مصادر إخبارية موثوقة, الجزيرة, سكاي نيوز, العربية, بي بي سي, فرانس 24, روسيا اليوم, أخبار سياسية, أخبار اقتصادية, أخبار رياضية, أخبار عربية, أخبار عالمية, أخبار التكنولوجيا, أخبار الصحة, أخبار السيارات, أخبار المرأة, متابعة الأخبار','arabic'),(154,92,'khabar one','&quot;Khabar&quot;, the latest news technology on smart phones,and web site provides you with a variety of news from 5000 sources, The web site shows you all the news, according to your interests, and saves you time searching for them by just selecting keywords. Simply put, with the application of &quot;news&quot; you will read what you want, not what website owners want. The web site shows the best videos on the social network (Facebook, Twitter, Instagram). You can choose sources from the following list: Political News Economic News Cultural News sports news World of Eve News, Women Auto World News Medical News Latest News Egypt News Algeria news Tunisia News Morocco News Saudi News News of Mauritania Libya News Yemen News Jordan News Palestine news Syria News UAE News Kuwait News Lebanon News Iraq news Qatar News Bahrain News Germany News France News UK News Turkey News news of America The web site depends on thousands of sources such as Al Jazeera, Sky News, Arabic, BBC, France 24, Russia Today, Pulse, Pulse Application, Previously, Al Khobar, Al Masry Al Youm, Day 7, Middle East, Life, Dawn, .. And other local and international websites and newspapers ...\r\n','','','english'),(155,93,'موطن الأخبار','موطن الأخبار هو مشروع برمجي متكامل لمنصة إخبارية حديثة، تم تصميمه وتطويره لتقديم تجربة مستخدم استثنائية تلبي احتياجات القراء وتواكب التطورات الرقمية في مجال الإعلام. مميزات الموقع: ✅ تصميم عصري ومتجاوب: واجهة مستخدم حديثة وسهلة الاستخدام تضمن تجربة تصفح سلسة عبر جميع الأجهزة. ✅ تغطية إخبارية شاملة: أقسام متعددة تغطي الأخبار المحلية والعالمية في مختلف المجالات، بما في ذلك السياسة، الاقتصاد، الرياضة، الثقافة، والتكنولوجيا. ✅ نظام تسجيل آمن: تسجيل دخول سلس وآمن يتيح للمستخدمين الوصول إلى المحتوى المخصص لهم بسهولة. ✅ تفاعل المستخدمين: إمكانية إضافة التعليقات والتفاعل مع الأخبار، بالإضافة إلى مشاركة المحتوى على مختلف منصات التواصل الاجتماعي. ✅ أداء فائق السرعة: تصميم تقني متطور لضمان تحميل سريع للأخبار واستجابة سلسة للمستخدمين. مع موطن الأخبار، يمكنك الاستمتاع بتجربة قراءة إخبارية متكاملة ومبتكرة، تجمع بين التقنية الحديثة والمحتوى الموثوق، مما يجعله الخيار الأمثل لمتابعة الأخبار لحظة بلحظة.\r\n','اكتشف موطن الأخبار، المنصة الإخبارية الحديثة التي توفر تجربة تصفح سلسة، تغطية إخبارية شاملة، نظام تسجيل آمن، وإمكانية التفاعل مع الأخبار ومشاركتها بسهولة.\r\n\r\n','موطن الأخبار, منصة إخبارية, أخبار اليوم, موقع أخبار, أحدث الأخبار, أخبار السياسة, أخبار الاقتصاد, أخبار الرياضة, تفاعل المستخدمين, مشاركة الأخبار, أخبار التكنولوجيا, أخبار عالمية','arabic'),(156,93,'mawten alakhbar','Mawten Alakhbar is a fully integrated software project for a modern news platform, designed and developed to deliver an exceptional user experience that meets the needs of readers while keeping pace with digital advancements in the media industry. Key Features: ✅ Modern &amp; Responsive Design &ndash; A sleek, user-friendly interface ensuring a seamless browsing experience across all devices. ✅ Comprehensive News Coverage &ndash; Multiple sections covering local and global news in various fields, including politics, economy, sports, culture, and technology. ✅ Secure Account Registration &ndash; A smooth and secure login system that allows users to access personalized content effortlessly. ✅ User Interaction &ndash; Users can add comments and engage with news articles, as well as share content across social media platforms. ✅ High-Speed Performance &ndash; Advanced technology ensuring fast-loading news articles and smooth user interactions. With Mawten Alakhbar, enjoy a complete and innovative news-reading experience that combines cutting-edge technology with trusted content, making it the perfect choice for staying updated in real time.\r\n','Discover Mawten Alakhbar, a modern news platform offering seamless browsing, comprehensive news coverage, secure account registration, and interactive features for an enhanced user experience.\r\n\r\n','Mawten Alakhbar, news platform, daily news, news website, latest news, political news, economic news, sports news, user interaction, share news, technology news, global news','english'),(159,95,'كلية الشمال للتمريض','Northern College of Nursing هو البوابة الإلكترونية الرسمية التي توفر لك كل ما تحتاجه عن كلية الشمال للتمريض في مكان واحد. يتيح لك الموقع استكشاف البرامج الأكاديمية والتخصصات المتاحة، متابعة أحدث الأخبار والأحداث، بالإضافة إلى معرض وسائط غني بالصور والفيديوهات التي تسلط الضوء على الحياة الأكاديمية داخل الكلية. مميزات الموقع: ✅ معلومات شاملة عن الكلية: استعرض نبذة تعريفية تفصيلية عن الكلية ورسالتها الأكاديمية. ✅ التخصصات الأكاديمية: اكتشف البرامج الدراسية المتاحة للطلاب في مجال التمريض. ✅ آخر الأخبار والفعاليات: تابع أحدث المستجدات حول الفعاليات والأنشطة داخل الكلية. ✅ معرض وسائط متكامل: تصفح الصور والفيديوهات للتعرف على بيئة الكلية وتجربة الطلاب. البوابة الإلكترونية لكلية الشمال للتمريض هي دليلك الشامل لكل ما يتعلق بالبرامج الأكاديمية والحياة الجامعية في الكلية، مما يجعلها منصة أساسية للطلاب الحاليين والمستقبليين.\r\n','اكتشف البوابة الإلكترونية لكلية الشمال للتمريض، حيث يمكنك استعراض التخصصات الأكاديمية، متابعة آخر الأخبار والفعاليات، والاطلاع على معرض وسائط غني بالصور والفيديوهات.\r\n\r\n','Northern College of Nursing, كلية الشمال للتمريض, دراسة التمريض, برامج التمريض, التخصصات الأكاديمية, بوابة تعليمية, أخبار الكلية, فعاليات أكاديمية, معرض صور الكلية, الحياة الجامعية','arabic'),(160,95,'Northern College of Nursing','Northern College of Nursing is the official online portal that provides everything you need to know about Northern College of Nursing in one place. The website allows you to explore academic programs and available specializations, stay updated with the latest news and events, and access a rich media gallery featuring photos and videos showcasing academic life at the college. Key Features: ✅ Comprehensive College Information: Get a detailed introduction to the college and its academic mission. ✅ Academic Specializations: Explore the nursing programs available to students. ✅ Latest News &amp; Events: Stay informed about the latest activities and events happening at the college. ✅ Extensive Media Gallery: Browse photos and videos to experience student life and the college environment. The Northern College of Nursing Online Portal is your go-to platform for everything related to academic programs and campus life, making it an essential resource for current and prospective students.\r\n','Discover the Northern College of Nursing Online Portal, where you can explore academic programs, stay updated on the latest news and events, and browse a rich media gallery of photos and videos.\r\n\r\n','Northern College of Nursing, nursing education, nursing programs, academic specializations, educational portal, college news, academic events, media gallery, student life, nursing studies','english'),(161,96,'fsd','','','','arabic'),(162,96,'dfsdf','','','','english'),(163,97,'سكربت متجر العرب','سكربت متجر العرب من خلاله بتقدر تزود دخلك عن طريق الوصول لعملاء جدد من خلال الانترنت من خلال الموقع بتقدر * تضيف عدد لانهائى من الاقسام بالاضافة الى امكانية التعديل والحذف فى اى وقت * تضيف عدد لانهائى من المنتجات بالاضافة الى امكانية التعديل والحذف فى اى وقت * الموقع متعدد اللغات * الموقع متعدد العملات * الموقع بيحتوى على امكانية اضافة خصومات على منتجات معينه * الموقع بيحتوى على قائمه بريدية تقدر من خلال ترسل لاعضاء الموقع رسائل ترويجية للمنتجات الخاصة بك فى اى وقت * مدمج فيه 20 طريقة دفع ويمكن تفعيلها او ايقافها * مدمج فيه 8 طرق للشحن ويمكن تفعيلها أو إيقافها * السماح للزوار بمشاهدة السعر بدون تسجيل بالموقع او مشاهدة السعر بعد التسجيل * حرية اختيار شكل التقرير المراد، بناءاً على أسس ضرورية لإيجاد المعلومات المتعلقة بالمبيعات، وإظهار المنتجات، والمنتجات المشتراة. * أدوات متعددة لعمل نسخة احتياطة واستعادة للبيانات. * تصميم خاص احترافى متاح اكثر من تصميم يمكنك الاختيار منهم القالب رقم 1 http://it-plus.co/ocplus/demo1 القالب رقم 2 http://it-plus.co/ocplus/demo2 القالب رقم 3 http://it-plus.co/ocplus/demo3 القالب رقم 4 http://it-plus.co/ocplus/demo4 القالب رقم 5 http://it-plus.co/ocplus/demo5\r\n','','','arabic'),(164,97,'Arab store script','Arab store script through which you can provide your income by reaching new customers through the internet It enables you to * Add an infinite number of sections in addition to the possibility of amendment and deletion at any time * Add an infinite number of products in addition to the ability to amend and delete at any time * The site is multilingual * Multi-currency site * The site has the ability to add discounts to specific products * The site contains a mailing list * Built in 20 payment methods that can be activated or deactivated * It has 8 charging modes, which can be activated or deactivated * Allowing visitors to view the price without registering on the site or viewing the price after registration * Freedom to choose the desired report format, based on necessary foundations for finding information related to sales, and showing products and products purchased. * Multiple tools to back up and restore data. * Professional and special design More than one design is available for you to choose from Template No. 1 http://it-plus.co/ocplus/demo1 Template No. 2 http://it-plus.co/ocplus/demo2 Template No. 3 http://it-plus.co/ocplus/demo3 Template No. 4 http://it-plus.co/ocplus/demo4 Template No. 5\r\n','','','english'),(165,98,'حساباتي','<p>برنامج حساباتى لإدارة حسابات عملك الخاص سواء شركة كبيرة أو متوسطة أو مكتب أو محل<br />\r\nيساعدك على الحصول على تقارير تفصيلية ونتائج دقيقة لمساعدتك على إتخاذ قرارات سليمة</p>\r\n\r\n<p>إمكانيات سكربت حساباتى لإدارة حسابات عملك الخاص<br />\r\n&nbsp;إضافة عدد لا نهائى من أقسام المبيعات مع إمكانية التعديل والحذف فى أى وقت<br />\r\n&nbsp;إضافة عدد لانهائى من العملاء مع بيانات كاملة عن كل عميل وإستخراج تقارير مفصلة عن كل عميل على حدة<br />\r\n&nbsp;إضافة عدد لانهائى من الموظفين مع نظام إداراة كامل للموظفين من إضافة مرتبات وحوافز وخصومات وتقارير مفصلة<br />\r\n&nbsp;إضافة عدد لا نهائى من الفروع الخاصه بعملك مع إمكانية استخراج تقارير مفصلة خاصه بكل فرع على حدة من فواتير ومرتبات ودخل وأرباح<br />\r\n&nbsp;نظام إنشاء فواتير دقيقة مع إمكانية طباعة الفواتير<br />\r\n&nbsp;نظام تقارير شامل لكل شئ حيث يمكنك إستخراج تقارير تفصيلة للدخل والمدفوعات والأرباح لفرع معين أو قسم مبيعات أو عميل لفترة محددة<br />\r\n&nbsp;نظام إدارة يمكنك من خلالة إضافة مشرفين لإضافة المحتوى مع إعطاء كل عضو صلاحيات خاصة به<br />\r\n&nbsp;تصميم متجاوب يعمل على جميع الشاشات الأجهزة المكتبية والجوالات والتابلت</p>\r\n','','','arabic'),(166,98,'hesabaty','<p>Hesabaty program to manage your own business accounts, whether large or medium company, office or shop<br />\r\nIt helps you get detailed reports and accurate results to help you make sound decisions</p>\r\n\r\n<p>The capabilities of Hesabaty script to manage your own business accounts<br />\r\n&nbsp;Add an infinite number of sales departments with the ability to amend and delete at any time<br />\r\n&nbsp;Add an infinite number of clients with complete data for each customer and extract detailed reports for each customer separately<br />\r\n&nbsp;Add an infinite number of employees with a complete management system for employees including adding salaries, incentives, discounts and detailed reports<br />\r\n&nbsp;Add an infinite number of branches for your business with the ability to extract detailed reports for each branch separately from bills, salaries, income and profits<br />\r\n&nbsp;Accurate billing system with invoice printing<br />\r\n&nbsp;A comprehensive reporting system for everything where you can extract detailed reports of income, payments and profits for a specific branch, sales department or customer for a specific period<br />\r\n&nbsp;A management system with which you can add moderators to add content while giving each member their own powers<br />\r\n&nbsp;Responsive design that works on all screens, desktop devices, mobile phones, and tablets</p>\r\n','','','english'),(185,108,'Travel Bag','Travel Bag هو تطبيق مبتكر يتيح لك تحويل رحلات السفر إلى فرصة لتحقيق أرباح من خلال توصيل الطلبات بين الدول. من خلال التطبيق، يمكنك استعراض كافة الشحنات المتاحة للتوصيل مع إمكانية تحديد مطار الاستلام، مطار الوصول، ووزن الشحنة. يتيح لك التطبيق تقديم طلب توصيل بسهولة، حيث يتم التواصل معك لتحديد تكلفة الخدمة وترتيب تفاصيل التوصيل. استفد من كل رحلة سفر لتجعل من تجربتك مصدر دخل إضافي بطريقة سلسة وفعالة.\r\n','اكتشف Travel Bag، التطبيق المبتكر لتوصيل الطلبات أثناء السفر بين الدول. استعرض الشحنات وحدد مطارات الاستلام والوصول ووزن الشحنة لتحقيق أرباح إضافية من رحلاتك.\r\n\r\n','Travel Bag, توصيل الطلبات, تطبيق توصيل, شحنات, توصيل بين الدول, الربح من السفر, مطار الاستلام, مطار الوصول, طلب توصيل, خدمة شحن','arabic'),(186,108,'Travel Bag','Travel Bag is an innovative app that turns your travel journeys into an opportunity to earn profits by delivering orders between countries. With the app, you can browse all available shipments for delivery, specifying the pickup airport, destination airport, and shipment weight. It enables you to easily submit a delivery request, after which you will be contacted to determine the service cost and arrange the delivery details. Make the most of every trip by turning your travel experience into an additional source of income in a smooth and efficient way.\r\n','Discover Travel Bag, the innovative app that transforms your travel journeys into profit-making opportunities by delivering orders between countries. Browse available shipments, set pickup and destination airports, and earn extra income effortlessly.\r\n\r\n','Travel Bag, delivery app, cross-border delivery, travel profits, earn money traveling, shipment delivery, airport pickup, international shipping, order delivery, extra income, efficient delivery service','english'),(187,109,'تميز العقارية','تمييز العقارية هو الموقع الرسمي لشركة تمييز العقارية، الكيان السعودي المرخص من وزارة التجارة والمتخصص في تسويق وإدارة الأصول العقارية المتنوعة. يشمل نشاط الشركة إدارة محطات الوقود، المراكز التجارية، مشاريع التطور السكني، وإدارة الأملاك، بالإضافة إلى تقديم خدمات إدارية متكاملة للمكاتب. يقدم الموقع واجهة شاملة تعرض كافة الخدمات والمشاريع مع تفاصيل دقيقة لكل منها، تشمل وصفاً مفصلاً، صوراً، وموقعاً جغرافياً على الخريطة. كما يوفر نظاماً مبتكراً لإدارة المحلات المتاحة للإيجار مع إمكانية الحجز الفوري، ونظام تسويق متطور يعزز ظهور الشركات وخدماتها. ويدعم الموقع اللغتين العربية والإنجليزية لتلبية احتياجات العملاء المحليين والدوليين.\r\n','اكتشف موقع تمييز العقارية، الكيان السعودي المرخص من وزارة التجارة المتخصص في تسويق وإدارة الأصول العقارية بمختلف أنواعها. استعرض خدماتنا ومشاريعنا التفصيلية مع نظام حجز المحلات والتسويق المتطور، متوفر باللغتين العربية والإنجليزية.\r\n\r\n\r\n','تمييز العقارية, إدارة الأصول العقارية, تسويق العقارات, محطات الوقود, مراكز تجارية, مشاريع التطور السكني, إدارة الأملاك, خدمات إدارية, حجز المحلات, نظام تسويق, عقارات السعودية, موقع عقاري, وزارة التجارة','arabic'),(188,109,'Tamiyoz','Tamyeez Real Estate is the official website for Tamyeez Real Estate, the Saudi entity licensed by the Ministry of Commerce, specializing in marketing and managing diverse real estate assets. The company&#39;s portfolio includes the management of fuel stations, commercial centers, residential development projects, and property management, in addition to providing integrated administrative services for offices. The website offers a comprehensive interface that showcases all services and projects with detailed information, including complete descriptions, images, and geographic locations on the map. It also features an innovative system for managing available rental shops with instant booking capabilities, as well as an advanced marketing platform that enhances the visibility of companies and their services. The website supports both Arabic and English to cater to the needs of local and international clients.\r\n','Discover Tamyeez Real Estate, the Saudi entity licensed by the Ministry of Commerce specializing in marketing and managing diverse real estate assets. Explore our detailed services and projects featuring a rental shop booking system and an advanced marketing platform, available in both Arabic and English.\r\n\r\n','Tamyeez Real Estate, real estate asset management, property marketing, fuel stations, commercial centers, residential development projects, property management, administrative services, rental shop booking, marketing system, Saudi real estate, real estate website, Ministry of Commerce','english'),(189,110,'zahra','ZahraEgypt هو أكبر تطبيق متخصص في منتجات العناية الشخصية والصحة والجمال في مصر، حيث يجمع لك أكثر من 1000 صنف من أشهر العلامات التجارية العالمية. يوفر التطبيق تجربة تسوق إلكترونية متكاملة بواجهة مستخدم جذابة وسهلة الاستخدام، مما يمكنك من استعراض واختيار أفضل منتجات العناية بالبشرة، والعناية بالشعر، والمكياج، والمنتجات الصحية بأسعار تنافسية، مع خدمة توصيل سريعة إلى باب منزلك. مع ZahraEgypt، تحصل على الحل الأمثل لتلبية كافة احتياجاتك الجمالية والصحية بكل ثقة وسهولة.\r\n','اكتشف ZahraEgypt، أكبر تطبيق متخصص في منتجات العناية الشخصية والصحة والجمال في مصر، واستعرض أكثر من 1000 صنف من العلامات التجارية العالمية مع تجربة تسوق سهلة وتوصيل سريع.\r\n\r\n','ZahraEgypt, تطبيق العناية الشخصية, منتجات الصحة والجمال, مصر, تسوق إلكتروني, العلامات التجارية العالمية, العناية بالبشرة, العناية بالشعر, المكياج, توصيل سريع, عروض تجميل, تطبيق تجميل','arabic'),(190,110,'zahra','ZahraEgypt is the largest app in Egypt specializing in personal care, health, and beauty products, offering over 1,000 items from the world&rsquo;s most renowned brands. The app provides a comprehensive online shopping experience with an attractive, user-friendly interface, allowing you to browse and select the best skincare, haircare, makeup, and health products at competitive prices, with fast delivery straight to your doorstep. With ZahraEgypt, you have the ideal solution to meet all your beauty and health needs with confidence and ease.\r\n','Discover ZahraEgypt, the largest app in Egypt specializing in personal care, health, and beauty products. Browse over 1,000 top global brands with a seamless shopping experience and fast doorstep delivery.\r\n\r\n','ZahraEgypt, personal care app, health and beauty, Egypt, online shopping, global brands, skincare, haircare, makeup, cosmetic products, fast delivery, beauty app','english'),(191,111,'تربو','Turbo هو أكبر تطبيق متخصص في بيع المنتجات الغذائية في مصر، ويوفر تجربة تسوق متكاملة تلبي جميع احتياجاتك الغذائية بسرعة وسهولة. يقدم التطبيق مجموعة واسعة من السلع والمنتجات الغذائية عالية الجودة مع خيارات توصيل سريعة ومضمونة إلى باب منزلك. سواء كنت تبحث عن مشتريات يومية أو عروض مميزة، يضمن لك Turbo الحصول على أفضل المنتجات بأسعار تنافسية وتجربة شراء سلسة ومريحة عبر الإنترنت.\r\n','اكتشف Turbo، أكبر تطبيق متخصص في بيع المنتجات الغذائية في مصر. تسوق مجموعة واسعة من السلع الغذائية عالية الجودة مع توصيل سريع ومضمون إلى باب منزلك.\r\n\r\n','Turbo, تطبيق تسوق غذائي, منتجات غذائية, توصيل سريع, مصر, تسوق إلكتروني, عروض الغذاء, تطبيق مبيعات غذائية, تجربة تسوق, سلع غذائية','arabic'),(192,111,'turbo','Turbo is the largest specialized app for selling food products in Egypt, offering an integrated shopping experience that meets all your food needs quickly and easily. The app features a wide range of high-quality food items with fast and reliable delivery options straight to your doorstep. Whether you&#39;re looking for daily essentials or special deals, Turbo guarantees you the best products at competitive prices along with a smooth and convenient online shopping experience.\r\n','Turbo is the largest specialized app for selling food products in Egypt, offering a comprehensive shopping experience with a wide range of high-quality items and fast, reliable delivery to your doorstep. Shop daily essentials and special deals at competitive prices with ease.\r\n\r\n\r\n','Turbo, food products app, online food shopping, Egypt, grocery delivery, fast delivery, high-quality food, online shopping, competitive prices, food deals, Egyptian groceries','english'),(193,112,'عراق أوبزيرڤر','عراق أوبزيرڤر هو التطبيق الإخباري المميز لوكالة أخبار عراقية مستقلة، حيث يجمع كل ما يتعلق بالأخبار في مكان واحد. يقدم التطبيق عرضاً متكاملاً لأخبار الوكالة مع صفحات تُظهر كافة التصنيفات المتنوعة، مما يتيح للمستخدمين تصفح الأخبار بسهولة. يتميز التطبيق بخصائص عملية مثل: حفظ ومشاركة الأخبار: إمكانية إضافة الأخبار إلى المفضلة ومشاركتها على الشبكات الاجتماعية. إشعارات فورية: استقبال إشعارات لكل خبر جديد مع تحكم كامل في إعدادات الاستلام. البحث المتقدم: القدرة على البحث داخل الأخبار بسهولة. تجربة مستخدم متكاملة: دعم للوضع الليلي والنهاري (Dark Mode &amp; Light Mode) وإمكانية تقييم التطبيق على المتاجر. معلومات إضافية: عرض صفحات تعريفية عن التطبيق وسياسة الاستخدام وروابط للشبكات الاجتماعية. تعدد اللغات: إمكانية تغيير لغة التطبيق بين العربية والإنجليزية. عراق أوبزيرڤر هو الحل الأمثل للبقاء على اطلاع دائم بكل ما هو جديد في عالم الأخبار العراقية.\r\n','تطبيق \"عراق أوبزيرڤر\" هو التطبيق الإخباري لوكالة أخبار عراقية مستقلة، يقدم أحدث الأخبار مع تصنيفات متكاملة، إشعارات فورية، إمكانية الحفظ والمشاركة، ودعم لتغيير اللغة والوضع الليلي والنهاري.\r\n\r\n','عراق أوبزيرڤر, تطبيق أخبار, وكالة أخبار عراقية, أخبار العراق, إشعارات فورية, الوضع الليلي, الوضع النهاري, تغيير اللغة, حفظ الأخبار, مشاركة الأخبار, تصنيفات الأخبار, بحث أخبار, تقييم التطبيق','arabic'),(194,112,'Observer Iraq','Iraq Observer is the distinguished news app for an independent Iraqi news agency, gathering everything related to news in one place. The app offers a comprehensive display of the agency&#39;s news with pages featuring all diverse categories, making it easy for users to browse the news. It boasts practical features such as: Save and Share News: Ability to add news to your favorites and share them on social networks. Instant Notifications: Receive notifications for every new update with full control over notification settings. Advanced Search: Easily search within the news. Integrated User Experience: Supports both Dark Mode and Light Mode, with the option to rate the app on app stores. Additional Information: Provides pages about the app, its usage policy, and links to its social media profiles. Multilingual Support: Ability to switch the app&#39;s language between Arabic and English. Iraq Observer is the perfect solution for staying continuously updated with the latest in Iraqi news.\r\n','Discover Iraq Observer, the news app of an independent Iraqi news agency. Stay updated with the latest news featuring integrated categories, instant notifications, the ability to save and share articles, and support for language switching as well as dark and light modes.\r\n\r\n','Iraq Observer, news app, Iraqi news agency, Iraq news, instant notifications, dark mode, light mode, language switching, save news, share news, news categories, news search, app rating','english'),(195,113,'تطبيق تيستات','تستات هو الموقع والتطبيق التعليمي الشامل الذي يمثل العصا السحرية للمدرس، والصديق الوفي للطالب، والعين الساهرة لولي الأمر. إنه منصة تفاعلية مبتكرة تعد بديلاً متقدماً للأنظمة التقليدية في المذاكرة، والمراجعة، والتدريبات، والاختبارات التراكمية والامتحانات الشاملة. يستخدم تستات أحدث التقنيات الذكية العالمية جنباً إلى جنب مع حلول مطورة خصيصاً لتتوافق مع المحتوى التعليمي في مصر والعالم العربي. يهدف التطبيق إلى توفير بيئة تعليمية آمنة، عالية الجودة، تساعد في تقليل النفقات وتوفير الوقت، مما يعزز النجاح والتفوق والحصول على أعلى الدرجات. يغطي الإصدار الحالي من التطبيق مناهج التعليم المصري بدءًا من الصف الأول الابتدائي وحتى الصف الثالث الثانوي، مع خطط لإضافة المزيد من المحتوى لمجموعة من البلدان العربية قريباً. المميزات الرئيسية: تقنيات عالمية وحلول محلية: دمج أحدث التقنيات مع حلول تعليمية متخصصة تناسب المحتوى العربي. تغطية شاملة للمناهج: دعم كافة المراحل التعليمية مع مواد مثل: المرحلة الابتدائية: اللغة العربية، اللغة الإنجليزية، الرياضيات، العلوم، الدراسات الاجتماعية. المرحلة الإعدادية: اللغة العربية، اللغة الإنجليزية، الرياضيات، العلوم، الدراسات الاجتماعية. المرحلة الثانوية: اللغة العربية، اللغة الإنجليزية، اللغة الفرنسية، الجبر، الهندسة، التفاضل، حساب المثلثات، الهندسة الفراغية، التكامل، الديناميكا، الاستاتيكا، الأحياء، الكيمياء، الفيزياء، الجولوجيا وعلوم البيئة، التاريخ، الجغرافيا، الفلسفة والمنطق، علم النفس والاجتماع. لمعلمين: تصميم جذاب وسهل الاستخدام مع سرعة تحميل عالية. دعم كامل لجميع الأجهزة (كمبيوتر، لابتوب، تابلت، موبايل). مكتبة ضخمة من التدريبات، الاختبارات التراكمية، والامتحانات الإلكترونية والورقية مع إجابات نموذجية. خاصية التصحيح التلقائي لتوفير الوقت والجهد. أدوات متقدمة لإنشاء اختبارات مخصصة، تحديد أوقات الاختبارات، جدولة الإرسال، وإعداد تقارير أداء مفصلة لكل طالب. إمكانية التواصل السهل مع الطلاب ومشاركة الملفات. للطلبة: تجربة استخدام سلسة تتيح الوصول لمئات التدريبات والاختبارات الشاملة. تصحيح تلقائي وإظهار النتائج فوراً. إجابات نموذجية وتفصيلية مع شروحات خطوة بخطوة للمواد العلمية. إمكانية التواصل مع المعلمين وحضور حصص الشرح والمحاضرات أونلاين. تقارير مفصلة عن الأخطاء ونقاط الضعف لتحسين الأداء. تستات هو الخيار الأمثل لمن يسعى لخلق بيئة تعليمية متكاملة تجمع بين الابتكار والتقنية الحديثة لتحقيق التفوق والنجاح.\r\n','اكتشف \"تستات\" – الموقع والتطبيق التعليمي الشامل الذي يقدم بيئة تعليمية مبتكرة وآمنة بديلاً متقدماً للأنظمة التقليدية، مع تقنيات ذكية ومناهج شاملة وأدوات متطورة للمدرسين والطلاب.\r\n\r\n','تستات, تطبيق تعليمي, منصة تعليمية, نظام دراسي مبتكر, اختبارات تراكمية, امتحانات شاملة, تقنيات تعليمية, مناهج مصرية, تعليم إلكتروني, تقارير أداء, تواصل تعليمي, تدريب تعليمي, مراجعات دراسية, تعليم متكامل, حلول تعليمية','arabic'),(196,113,'Testat App','Testat is the comprehensive educational website and app that serves as the teacher&rsquo;s magic wand, the student&rsquo;s loyal friend, and the parent&rsquo;s watchful eye. It is an innovative, interactive platform offering an advanced alternative to traditional methods of studying, reviewing, practicing, cumulative assessments, and comprehensive examinations. Testat leverages the latest global smart technologies alongside solutions specifically developed to align with the educational content in Egypt and the Arab world. The app is designed to provide a safe, high-quality learning environment that reduces costs and saves time, thereby enhancing success, excellence, and achieving the highest grades. The current version of the app covers the Egyptian educational curriculum from the first grade of primary school through the third grade of secondary school, with plans to add more content for several Arab countries soon. Key Features: Global Technologies and Local Solutions: Integration of cutting-edge global technologies with specialized educational solutions tailored to Arabic content. Comprehensive Curriculum Coverage: Support for all educational levels with subjects including: Primary Stage: Arabic, English, Mathematics, Science, Social Studies. Preparatory Stage: Arabic, English, Mathematics, Science, Social Studies. Secondary Stage: Arabic, English, French, Algebra, Geometry, Calculus (Differentiation), Trigonometry, Solid Geometry, Integration, Dynamics, Statics, Biology, Chemistry, Physics, Geology and Environmental Sciences, History, Geography, Philosophy and Logic, Psychology, and Sociology. For Teachers: Attractive, user-friendly design with fast loading speeds. Full support for all devices (desktop, laptop, tablet, mobile). A vast library of exercises, cumulative assessments, and both electronic and paper-based comprehensive exams with model answers. Automatic grading to save time and effort. Advanced tools to create custom tests, set exam durations, schedule test deliveries, and generate detailed performance reports for each student. Easy communication with students and file-sharing capabilities. For Students: A seamless user experience providing access to hundreds of exercises and comprehensive tests. Automatic grading with immediate results. Detailed model answers and step-by-step explanations for scientific subjects. Easy communication with teachers and access to online tutoring sessions and lectures. Detailed error reports and feedback to identify weaknesses and improve performance. Testat is the ideal choice for creating an integrated educational environment that combines innovation and modern technology to achieve excellence and success.\r\n','Discover Testat – the comprehensive educational website and app that serves as the teacher’s magic wand, the student’s loyal friend, and the parent’s watchful eye. Experience innovative, interactive learning with advanced tools, comprehensive curriculum coverage, and detailed performance reports.\r\n\r\n','Testat, educational app, interactive learning, comprehensive education, online tutoring, exam practice, curriculum, Egyptian education, Arab education, teacher resources, student success, performance reports, innovative platform, cumulative assessments, digital learning','english'),(197,114,'موقع التركماني','Turkmany Website هو منصة إلكترونية شاملة مخصصة للشيخ التركماني، توفر مكتبة متكاملة تضم مقالاته، كتبه، وتسجيلاته الصوتية والمرئية. يتيح الموقع للمتابعين التفاعل مع المحتوى من خلال التعليقات، بالإضافة إلى متابعة أحدث الإصدارات والمستجدات الصادرة عن الشيخ. تم تصميم المنصة لتكون مرجعًا غنيًا للمهتمين بفكر وأعمال الشيخ، مع تجربة تصفح سهلة وسريعة تضمن الوصول إلى المحتوى بكل سهولة.\r\n','اكتشف Turkmany Website، المنصة الإلكترونية الشاملة للشيخ التركماني، والتي تضم مكتبته الكاملة من المقالات، الكتب، والتسجيلات الصوتية والمرئية، مع إمكانية التفاعل والمتابعة المستمرة.\r\n\r\n','Turkmany Website, الشيخ التركماني, منصة إلكترونية, مقالات الشيخ التركماني, كتب الشيخ التركماني, تسجيلات صوتية, تسجيلات مرئية, مكتبة إسلامية, محتوى ديني, متابعة الشيخ التركماني','arabic'),(198,114,'Turkmany website','Turkmany Website is a comprehensive digital platform dedicated to Sheikh Turkmany, offering a rich library of his articles, books, audio, and video recordings. The website allows followers to engage with the content through comments and stay updated with the latest releases and insights from the Sheikh. Designed as a valuable reference, the platform provides a seamless browsing experience, ensuring easy access to all available content.\r\n','Discover Turkmany Website, the comprehensive digital platform dedicated to Sheikh Turkmany, featuring a complete library of his articles, books, audio, and video recordings, with interactive engagement and continuous updates.\r\n\r\n','Turkmany Website, Sheikh Turkmany, digital platform, Sheikh Turkmany articles, Sheikh Turkmany books, audio recordings, video recordings, Islamic library, religious content, follow Sheikh Turkmany','english'),(199,115,' موقع فاينكس','فاينكس هو الموقع التعريفي لنظام فاينكس ERP الذي يقدم مجموعة متكاملة من البرامج الإدارية والمالية المصممة لتلبية احتياجات الشركات من مختلف الأحجام والقطاعات. يوفر الموقع تفاصيل شاملة عن كل برنامج وحلول متقدمة تلبي متطلبات عملك، مع إمكانية حجز البرنامج الأنسب بسهولة. كما يعرض الموقع تقييمات وآراء العملاء وشهادات المستخدمين، بالإضافة إلى قائمة بشركاء النظام مما يعكس جودته وموثوقيته. وبدعم اللغتين العربية والإنجليزية، يتيح الموقع للمستخدمين من مختلف البلدان التعرف على نظام فاينكس ERP والاستفادة من حلول الإدارة والمالية المتكاملة.\r\n','اكتشف موقع فاينكس التعريفي لنظام فاينكس ERP، الذي يقدم حلولاً إدارية ومالية متكاملة للشركات. استعرض البرامج، احجز الحل الأنسب واستفد من تقييمات العملاء.\r\n\r\n','فاينكس, نظام ERP, برامج إدارية, برامج مالية, حلول الشركات, حجز البرامج, تقييمات العملاء, موقع فاينكس, ERP, حلول إدارية, حلول مالية','arabic'),(200,115,' faainex ERP','Fenix is the informational website for the Fenix ERP system, which offers a comprehensive suite of administrative and financial software designed to meet the needs of companies across various sizes and sectors. The website provides detailed information on each program and advanced solutions that cater to your business requirements, with the option to easily book the most suitable software. It also features customer reviews, testimonials, and a list of system partners, reflecting its quality and reliability. With support in both Arabic and English, the website enables users from different countries to explore the Fenix ERP system and benefit from integrated administrative and financial solutions.\r\n','Discover Fenix, the informational website for the Fenix ERP system, offering a comprehensive suite of administrative and financial software tailored for businesses of all sizes. Explore detailed program information, advanced solutions, and customer testimonials in both Arabic and English.\r\n\r\n','Fenix, Fenix ERP, ERP system, administrative software, financial software, business solutions, customer reviews, software booking, integrated management solutions, bilingual ERP website','english'),(203,126,'اطلب ','otlop app هو تطبيق شامل يجمع كل ما تشتهيه من مطاعمك المفضلة في مكان واحد. يتيح لك التطبيق البحث بسهولة عن المطاعم القريبة أو في مناطق محددة، مع تصفح مجموعة واسعة من أنواع المأكولات مثل: المطبخ الشرقي واللبناني المطبخ الإيطالي والصيني المطبخ الهندي والوجبات السريعة الحلويات والعديد من الخيارات الأخرى يمكنك مقارنة الأسعار والعروض للحصول على أفضل الصفقات والاستفادة من الخصومات المتوفرة، مع متابعة طلبك من لحظة الشراء وحتى وصوله إلى باب منزلك. كما يوفر التطبيق إمكانية إنشاء حساب شخصي لحفظ عناوينك المفضلة واستعراض طلباتك السابقة، وتلقي إشعارات دورية حول العروض والخصومات الجديدة. otlop app هو التطبيق السهل والسريع الذي يلبي جميع احتياجاتك للاستمتاع بتجربة طعام مميزة.\r\n','اكتشف otlop app – تطبيق شامل يجمع مطاعمك المفضلة في مكان واحد. ابحث، قارن الأسعار، وتابع طلبك بسهولة مع عروض وخصومات حصرية.\r\n\r\n','otlop app, طلب وجبات, مطاعم, تطبيق مطاعم, مقارنة الأسعار, تقييمات المطاعم, عروض وخصومات, وجبات سريعة, مأكولات, حساب شخصي, إشعارات العروض','arabic'),(204,126,'otlop','otlop app is a comprehensive application that brings together everything you crave from your favorite restaurants in one place. The app allows you to easily search for nearby restaurants or those in specific areas, while browsing a wide variety of cuisines such as: Middle Eastern and Lebanese cuisine Italian and Chinese cuisine Indian cuisine and fast food Desserts and many other options You can compare prices and offers to secure the best deals and take advantage of available discounts, all while tracking your order from the moment of purchase until it arrives at your doorstep. Additionally, the app offers the ability to create a personal account to save your favorite addresses, review your previous orders, and receive regular notifications about new offers and discounts. otlop app is the fast and easy solution that meets all your needs for enjoying a unique dining experience. o\r\n','Discover otlop app – a comprehensive app that brings your favorite restaurants together in one place. Search, compare prices, and track your order easily with exclusive offers and discounts.\r\n\r\n','otlop app, food ordering, restaurants, restaurant app, price comparison, restaurant reviews, exclusive offers, discounts, fast food, cuisines, personal account, offer notifications','english'),(207,128,'جو جت','GO GET APP هو الحل الأمثل لتحويل تجربتك التجارية إلى مستوى جديد من الكفاءة والابتكار. بشعار &quot;وقت أقل، مجهود أقل، توفير أكثر، قيمة أكبر، موثوقية أعلى&quot;، يتيح التطبيق لك طلب منتجات متجرك &ndash; سواء كنت تدير تجارة إلكترونية، صيدلية، أو محل &ndash; من مكان واحد خلال دقائق، مع شحن بتكلفة موحدة. يتميز التطبيق بواجهة سهلة الاستخدام ووظائف متقدمة مثل: مشاركة المنتجات: شارك صور ووصف المنتجات مباشرة على صفحات السوشيال ميديا أو الجروبات بضغطة زر. مجموعة متكاملة: الوصول إلى مئات العلامات التجارية والآلاف من المنتجات الجديدة في مكان واحد. تتبع الطلب: تتبع كامل لطلبك عبر إشعارات فورية مع إمكانية تعديل الطلب قبل الشحن. محرك بحث ذكي: بحث متقدم باستخدام اسم المنتج (بالعربية أو الإنجليزية)، الباركود، أو العلامة التجارية. تنبيه التوفر: تفعيل تنبيه عند نفاد المنتج ليصلك إشعار فورياً عند إعادة توفره. فلترة المنتجات: نظام فلترة متقدم لتصنيف المنتجات بطريقة رائعة. عروض وكوبونات: عروض وكوبونات خصم حصرية متوفرة في صفحة الكوبونات. توصيل سريع: خدمة توصيل سريع لجميع محافظات مصر مع إمكانية الدفع عند الاستلام. استمتع بتجربة تسوق وإدارة طلبات متكاملة تعزز نمو مشروعك التجاري بكفاءة وفعالية.\r\n','اكتشف تطبيق GO GET APP – الحل الأمثل لطلب منتجات متجرك بوقت أقل ومجهود أقل مع شحن موحد وعروض حصرية. جربه الآن واستمتع بتجربة متكاملة!\r\n\r\n\r\n\r\n\r\n\r\n\r\n','GO GET APP, طلب منتجات, توفير وقت, توفير مجهود, شحن موحد, عروض حصرية, كوبونات خصم, محرك بحث ذكي, تنبيه التوفر, إدارة الطلبات, تجربة تسوق, تطبيق تجاري, تسوق الكتروني, علامات تجارية','arabic'),(208,128,'GOGET','GO GET APP is the ultimate solution to transform your business experience into a new level of efficiency and innovation. With the slogan &quot;Less Time, Less Effort, More Savings, Greater Value, Higher Reliability,&quot; the app allows you to order your store&rsquo;s products&mdash;whether you run an online business, a pharmacy, or a shop&mdash;from one centralized platform in just minutes, with a single shipping cost. The app features a user-friendly interface and advanced functionalities such as: Product Sharing: Share product images and descriptions directly to your social media pages or groups with a single click. Comprehensive Collection: Access hundreds of brands and thousands of new products all in one place. Order Tracking: Fully track your order through instant notifications, with the option to modify your order before shipping. Intelligent Search Engine: Perform advanced searches using the product name (in Arabic or English), barcode, or brand. Stock Alert: Activate an alert when a product runs out, so you receive an immediate notification when it&rsquo;s available again. Product Filtering: Enjoy an advanced filtering system that categorizes products in an impressive way. Offers and Coupons: Exclusive offers and discount coupons are available on the coupons page. Fast Delivery: Benefit from fast delivery to all governorates in Egypt with the option of cash on delivery. Experience an integrated shopping and order management system that boosts your business growth efficiently and effectively.\r\n','Discover GO GET APP – the ultimate solution for ordering your store’s products in less time and with less effort, featuring unified shipping and exclusive offers. Try it now and enjoy an integrated experience!\r\n\r\n\r\n\r\n\r\n\r\n','GO GET APP, product ordering, time-saving, effort-saving, unified shipping, exclusive offers, discount coupons, smart search engine, stock alerts, order management, shopping experience, business app, e-commerce, brands','english'),(209,129,'فينوس للخدمات','تطبيق فينوس للخدمات هو الحل الأمثل لطلب فني كهرباء بسرعة وسهولة. يتيح لك التطبيق تقديم طلب خدمة كهرباء، حيث يتم إرسال إشعار تلقائي لجميع الفنيين المتاحين في منطقتك لتقديم عروض الأسعار الخاصة بهم. يمكنك مراجعة الملف الشخصي لكل فني يحتوي على تقييماته، وآراء العملاء السابقين، وصور لأعماله المنجزة، مما يساعدك على اختيار الأنسب لك. بالإضافة إلى ذلك، يمكنك استعراض معارض الكهرباء القريبة ومعرفة تقييماتها وآراء المستخدمين لضمان الحصول على خدمة موثوقة وفعالة. يجمع التطبيق بين التكنولوجيا المتقدمة والشفافية لتقديم تجربة فريدة تلبي احتياجاتك الفنية بأعلى مستويات الجودة والسرعة.\r\n','اكتشف تطبيق فينوس للخدمات لطلب فني كهرباء بسرعة وسهولة مع عروض أسعار، تقييمات فنية وآراء العملاء، واستعراض معارض الكهرباء القريبة لخدمة موثوقة وفعالة.\r\n\r\n','فينوس للخدمات, طلب فني كهرباء, عروض أسعار, تقييمات فنية, آراء العملاء, معارض الكهرباء, خدمات فنية, تطبيق خدمات, فني كهرباء, طلب خدمة','arabic'),(210,129,'VENUS FOR SERVICES','Venus for Service is the perfect solution for quickly and easily requesting an electrician. The app allows you to submit an electrical service request, and an automatic notification is sent to all available technicians in your area to submit their price quotes. You can review each technician&rsquo;s profile&mdash;which includes their ratings, previous customer reviews, and images of their completed work&mdash;to help you choose the best match for your needs. Additionally, you can browse nearby electrical outlets, check their ratings, and read user feedback to ensure you receive reliable and effective service. By combining advanced technology with transparency, the app delivers a unique experience that meets your technical needs with the highest levels of quality and speed.\r\n','Discover Venus for Service, the ultimate app for quickly and easily requesting an electrician. Receive instant quotes from local technicians, review detailed profiles, and explore nearby electrical outlets for reliable and efficient service.\r\n\r\n\r\n\r\n\r\n\r\n','Venus for Service, electrician app, electrical service request, technician quotes, electrician profiles, service reviews, reliable electrical service, quick electrician, technical service app, electrician booking','english'),(211,130,'تمور عالية المدينة','تمور المدينة هو التطبيق الأمثل لعشاق التمور وعجوة العالية، حيث يجمع بين الجودة الفائقة والتراث النبوي في كل قضمة. يوفر التطبيق وسيلة سهلة وآمنة لشراء التمور الطازجة مباشرة من مزارع الصدقات النبوية، التي تُعد رمزًا للشفاء والغذاء والبركة. يتميز التطبيق بواجهة مستخدم أنيقة وبسيطة، تتيح لك تصفح تشكيلة واسعة من التمور المختارة بعناية وشراء ما يناسب ذوقك بكل سهولة. كما يوفر خيارات دفع آمنة تشمل الدفع الإلكتروني وبطاقات الائتمان، بالإضافة إلى خدمة توصيل سريعة وموثوقة مع إمكانية تتبع الشحنة حتى باب منزلك. سواء كنت تبحث عن استهلاك شخصي أو هدية مميزة، يُقدم &quot;تمور المدينة&quot; تجربة فريدة تجمع بين الأصالة والحداثة.\r\n','اكتشف \"تمور المدينة\"، التطبيق الرائد لشراء أفضل التمور وعجوة العالية من مزارع الصدقات النبوية. تجربة شراء آمنة مع دفع إلكتروني وتوصيل سريع.\r\n\r\n\r\n\r\n\r\n\r\n','تمور المدينة, تمور, عجوة, مزارع الصدقات النبوية, تمور عالية الجودة, تطبيق تمور, شراء تمور, توصيل تمور, تمور سعودية, بركة التمور','arabic'),(212,130,'TOMOR ','Tamour Al-Madina is the ideal app for date and Ajwah enthusiasts, combining superior quality with Prophetic heritage in every bite. The app offers an easy and secure way to purchase fresh dates directly from the charitable farms of the Prophetic tradition, renowned as symbols of healing, nourishment, and blessing. Featuring an elegant and simple user interface, it allows you to browse a wide selection of carefully curated dates and effortlessly purchase those that suit your taste. Additionally, it provides secure payment options including electronic payments and credit cards, along with fast and reliable delivery service with shipment tracking right to your doorstep. Whether you&#39;re seeking personal indulgence or a unique gift, Tamour Al-Madina delivers a distinctive experience that blends authenticity with modernity.\r\n','Discover \"Tamour Al-Madina,\" the leading app for purchasing the finest dates and Ajwah from the Prophetic charitable farms. Enjoy a secure shopping experience with electronic payment and fast delivery.\r\n\r\n\r\n\r\n\r\n\r\n\r\n','Tamour Al-Madina, dates, Ajwah, Prophetic charitable farms, high-quality dates, dates app, buy dates, dates delivery, Saudi dates, date blessings','english'),(213,131,'CLM','CLM هو منصة تعليمية شاملة تم تصميمها لتسهيل تجربة البحث والتسجيل في الكورسات التعليمية. يتميز الموقع بواجهة مستخدم أنيقة وسهلة الاستخدام، تُمكن الطلاب من استعراض مجموعة واسعة من الكورسات المتنوعة واختيار الكورس الأمثل وفقاً لاهتماماتهم ومستوى معرفتهم. بعد اختيار الكورس، تتيح عملية الاشتراك البسيطة والسريعة مع خيارات دفع مرنة (مثل فودافون كاش، إنستا باي، وبطاقات الفيزا والماستر كارد) تجربة سلسة ومريحة. بالإضافة إلى ذلك، يوفر الموقع صفحة مخصصة للطلاب لإدارة الكورسات التي اشتركوا فيها، مع روابط زووم مخصصة تُمكنهم من حضور الجلسات التعليمية بسهولة. كما يتمتع المعلمون بعضوية خاصة تُتيح لهم إدارة الجروبات التعليمية وروابط زووم التي تُنشأ تلقائيًا لكل محاضرة، مما يسهم في تنظيم العملية التعليمية وتوفير الوقت والجهد. CLM يجمع بين التقنيات الحديثة والخدمات التعليمية المتكاملة لتقديم تجربة تعليمية متميزة تلبي احتياجات الطلاب والمعلمين على حد سواء. &nbsp; &nbsp; &nbsp;\r\n','اكتشف منصة CLM التعليمية الشاملة، حيث يمكنك تصفح الكورسات، الاشتراك السريع والدفع بمرونة، وإدارة طلباتك مع روابط زووم مخصصة لتجربة تعليمية متكاملة.\r\n\r\n\r\n','CLM, منصة تعليمية, تصفح الكورسات, اشتراك سريع, دفع مرن, روابط زووم, إدارة الطلبات, تعليم إلكتروني, كورسات, تجربة تعليمية','arabic'),(214,131,'CLM','CLM is a comprehensive educational platform designed to simplify the experience of searching for and enrolling in educational courses. The website features an elegant, user-friendly interface that enables students to browse a wide range of diverse courses and select the one that best fits their interests and knowledge level. Once a course is chosen, the simple and quick registration process, along with flexible payment options (such as Vodafone Cash, InstaPay, and Visa/Mastercard), ensures a smooth and convenient experience. In addition, the platform provides a dedicated page for students to manage the courses they have enrolled in, complete with custom Zoom links that facilitate easy access to educational sessions. Teachers also enjoy a special membership that allows them to efficiently manage their educational groups and automatically generate Zoom links for each lecture, thereby streamlining the teaching process and saving time and effort. CLM seamlessly blends modern technology with integrated educational services to deliver an outstanding learning experience that meets the needs of both students and teachers.\r\n','Discover the comprehensive CLM educational platform, where you can browse courses, quickly enroll with flexible payment options, and manage your enrollments with dedicated Zoom links for a complete learning experience.\r\n\r\n\r\n\r\n\r\n\r\n\r\n\r\n\r\n','CLM, educational platform, browse courses, quick enrollment, flexible payment, Zoom links, enrollment management, e-learning, courses, learning experience','english'),(219,134,'EPM','EPM هو وجهتك المثالية في عالم استيراد آلات صناعة وصيانة البلاستيك، حيث يجمع بين تجربة استخدام متكاملة وسهلة التصفح لتلبية احتياجات العملاء بأعلى مستوى من الجودة والاحترافية. يتميز الموقع بواجهة رئيسية أنيقة تُبرز خدمات الشركة وأقسامها المتنوعة، ويضم كتالوجًا مفصلًا يعرض صورًا ومواصفات دقيقة لآلات البلاستيك المستوردة. كما يحتوي على قسم مخصص للخدمات يشمل الصيانة والاستشارات الفنية، وصفحة تعريفية تسلط الضوء على رؤية الشركة ورسالتها وإنجازاتها. بالإضافة إلى ذلك، يقدم الموقع قسمًا محدثًا باستمرار لعرض أحدث الأخبار والتقنيات في مجال البلاستيك، إلى جانب عروض حصرية ومعارض تفاعلية. ولتسهيل عملية التواصل، يوفر الموقع صفحة &quot;اتصل بنا&quot; تضم كافة وسائل الاتصال ونموذجًا للتواصل المباشر، مع ميزة طلب عرض أسعار مخصص بكل سهولة. إن EPM يمثل الخيار الأمثل لكل من يبحث عن الجودة والابتكار في مجال الصناعات البلاستيكية.\r\n','اكتشف EPM، وجهتك المثالية لاستيراد آلات صناعة وصيانة البلاستيك، مع كتالوج مفصل، خدمات متكاملة، أحدث الأخبار والتقنيات، وتواصل سريع وفعّال.\r\n\r\n','EPM, استيراد آلات, صناعة البلاستيك, صيانة البلاستيك, كتالوج آلات, خدمات الصيانة, استشارات فنية, أخبار البلاستيك, تقنيات البلاستيك, عروض حصرية, تواصل سريع','arabic'),(220,134,'EPM','EPM is your ideal destination in the world of importing plastic manufacturing and maintenance machinery. It combines a complete and user-friendly experience to meet customers&#39; needs with the highest level of quality and professionalism. The website features an elegant main interface that showcases the company&#39;s services and diverse departments, and it includes a detailed catalog displaying photos and precise specifications of imported plastic machinery. It also offers a dedicated services section covering maintenance and technical consultations, along with an about page that highlights the company&#39;s vision, mission, and achievements. Additionally, the site provides a continuously updated section featuring the latest news and technologies in the plastics industry, alongside exclusive offers and interactive exhibitions. To facilitate communication, the website includes a &quot;Contact Us&quot; page with all available contact methods and a direct communication form, plus an interactive feature for requesting a customized quotation with ease. EPM is the ultimate choice for anyone seeking quality and innovation in the plastics industry.\r\n','Discover EPM, your ultimate destination for importing plastic manufacturing and maintenance machinery. Enjoy a detailed catalog, integrated services, the latest news and technologies, and fast, efficient communication.\r\n\r\n','EPM, machinery import, plastic manufacturing, plastic maintenance, machinery catalog, maintenance services, technical consultations, plastic news, plastic technologies, exclusive offers, fast communication','english'),(221,135,'انستا السوق ','انستا&nbsp;السوق هو التطبيق الأمثل الذي يسعى لتبسيط حياتك اليومية من خلال توفير منصة شاملة تجمع بين جميع الخدمات والمنتجات التجارية التي تحتاجها. يقدم التطبيق دليلًا تجاريًا متكاملًا يضم آلاف المتاجر والخدمات في مختلف المجالات مثل المطاعم، والمحلات التجارية، والخدمات الطبية والتعليمية. كما يتيح لك فرصة إضافة منشأتك التجارية بسهولة، سواء كنت تدير متجرًا، أو مطعمًا، أو صيدلية، مما يعزز من ظهورك ويساعدك في الوصول إلى قاعدة أكبر من العملاء. وبفضل ميزة البحث الذكي والمتقدم، يمكنك العثور على أي منتج أو خدمة بسرعة ودقة عبر الكلمات المفتاحية أو الفئات المحددة. دليل السوق هو حيث تلتقي التقنية مع البساطة لتلبية كافة احتياجاتك بكفاءة وسرعة.\r\n','انستا السوق هو تطبيق شامل يوفر منصة موحدة للوصول السهل والسريع إلى آلاف المتاجر والخدمات. اكتشف دليلًا تجاريًا متكامل وبحثًا ذكيًا يلبي احتياجاتك اليومية.\r\n\r\n','انستا السوق, تطبيق دليل السوق, دليل تجاري, متاجر, خدمات, بحث ذكي, إضافة منشآت تجارية, تطبيق شامل, تسهيل الحياة, منصة موحدة','arabic'),(222,135,'insta elsoq','Market Directory is the ideal app designed to simplify your daily life by providing a comprehensive platform that brings together all the commercial services and products you need. The app offers an integrated business directory featuring thousands of stores and services across various sectors such as restaurants, retail shops, and medical and educational services. It also gives you the opportunity to easily add your business&mdash;whether you run a store, restaurant, or pharmacy&mdash;thereby enhancing your visibility and helping you reach a larger customer base. Thanks to its smart and advanced search feature, you can quickly and accurately find any product or service using keywords or designated categories. Market Directory is where technology meets simplicity to efficiently and swiftly meet all your needs.\r\n','Market Directory is a comprehensive app that offers a unified platform for quick and easy access to thousands of stores and services. Discover an integrated business directory and smart search that cater to your daily needs.\r\n\r\n','Market Directory, Market Directory App, Business Directory, Stores, Services, Smart Search, Business Listings, Comprehensive App, Simplify Life, Unified Platform','english'),(223,136,'ابيس ','تطبيق أبيس - ABIS هو بوابتك الرقمية المثالية لتجربة تسوق إلكترونية متكاملة في عالم المواد الغذائية. صُمم التطبيق ليجمع بين السهولة والسرعة في تلبية احتياجاتك اليومية، حيث يقدم واجهة مستخدم أنيقة وبسيطة تسهل عملية التسجيل والتصفح والشراء. يتميز التطبيق بتصميم مبتكر يضمن الوصول السريع إلى مجموعة واسعة من المنتجات الغذائية عالية الجودة، مع خيارات دفع مرنة وخدمة توصيل موثوقة وآمنة. سواء كنت تبحث عن منتجاتك المفضلة أو ترغب في استكشاف خيارات جديدة، يوفر لك تطبيق أبيس تجربة تسوق متميزة تجمع بين الراحة والابتكار لتلبية كافة متطلباتك بسهولة ويسر.\r\n','تطبيق أبيس - ABIS يوفر تجربة تسوق إلكترونية متكاملة للمواد الغذائية بسهولة وسرعة، مع واجهة مستخدم بسيطة وخيارات دفع وتوصيل مرنة وآمنة.\r\n\r\n\r\n','أبيس, ABIS, تطبيق تسوق, تطبيق مواد غذائية, تسوق إلكتروني, تجربة تسوق, واجهة مستخدم, تسجيل سريع, دفع مرن, توصيل آمن, متجر إلكتروني','arabic'),(224,136,'ABIS APP','ABIS App is your perfect digital gateway to a complete online grocery shopping experience. The app is designed to combine ease and speed in meeting your daily needs, featuring a sleek and simple user interface that streamlines registration, browsing, and purchasing. It boasts an innovative design that ensures quick access to a wide range of high-quality grocery products, with flexible payment options and a reliable, secure delivery service. Whether you&#39;re looking for your favorite items or eager to explore new options, the ABIS App provides you with an exceptional shopping experience that blends comfort and innovation to effortlessly meet all your requirements\r\n','ABIS App provides a comprehensive online grocery shopping experience with ease and speed, featuring a user-friendly interface and flexible, secure payment and delivery options.\r\n\r\n','ABIS, ABIS App, shopping app, grocery app, online shopping, shopping experience, user interface, quick registration, flexible payment, secure delivery, online store','english');

--
